{"id":25,"date":"2020-02-13T13:17:50","date_gmt":"2020-02-13T18:17:50","guid":{"rendered":"https:\/\/gpsites.co\/read\/?page_id=25"},"modified":"2022-05-23T07:43:34","modified_gmt":"2022-05-23T05:43:34","slug":"home","status":"publish","type":"page","link":"https:\/\/ccoo.app\/volkswagen-navarra\/","title":{"rendered":"Inicio"},"content":{"rendered":"\n<div class=\"wp-block-cover alignfull is-light\" style=\"min-height:400px;aspect-ratio:unset;\"><span aria-hidden=\"true\" class=\"has-background-dim-0 wp-block-cover__gradient-background has-background-dim\"><\/span><img loading=\"lazy\" decoding=\"async\" width=\"1440\" height=\"400\" class=\"wp-block-cover__image-background wp-image-2637\" alt=\"\" src=\"http:\/\/ccoo.app\/plantilla\/wp-content\/blogs.dir\/6\/files\/sites\/8\/2021\/02\/fond-cabecera-ccoo-1-1.jpg\" data-object-fit=\"cover\" srcset=\"https:\/\/ccoo.app\/volkswagen-navarra\/wp-content\/blogs.dir\/6\/files\/sites\/175\/2021\/02\/fond-cabecera-ccoo-1-1.jpg 1440w, https:\/\/ccoo.app\/volkswagen-navarra\/wp-content\/blogs.dir\/6\/files\/sites\/175\/2021\/02\/fond-cabecera-ccoo-1-1-300x83.jpg 300w, https:\/\/ccoo.app\/volkswagen-navarra\/wp-content\/blogs.dir\/6\/files\/sites\/175\/2021\/02\/fond-cabecera-ccoo-1-1-1024x284.jpg 1024w, https:\/\/ccoo.app\/volkswagen-navarra\/wp-content\/blogs.dir\/6\/files\/sites\/175\/2021\/02\/fond-cabecera-ccoo-1-1-768x213.jpg 768w\" sizes=\"auto, (max-width: 1440px) 100vw, 1440px\" \/><div class=\"wp-block-cover__inner-container is-layout-flow wp-block-cover-is-layout-flow\">\n<div class=\"wp-block-cover\" style=\"min-height:300px;aspect-ratio:unset;\"><span aria-hidden=\"true\" class=\"has-background-dim-0 wp-block-cover__gradient-background has-background-dim\"><\/span><img decoding=\"async\" class=\"wp-block-cover__image-background wp-image-2343\" alt=\"\" src=\"http:\/\/ccoo.app\/wp-content\/blogs.dir\/6\/files\/2021\/01\/Elementos-CCOO-cabecera.png\" data-object-fit=\"cover\"\/><div class=\"wp-block-cover__inner-container is-layout-flow wp-block-cover-is-layout-flow\">\n<div class=\"wp-block-group\"><div class=\"wp-block-group__inner-container is-layout-flow wp-block-group-is-layout-flow\">\n<h1 class=\"has-text-align-center has-black-color has-text-color wp-block-heading\" id=\"seccion-sindical\" style=\"font-size:44px\">Secci\u00f3n Sindical <a href=\"http:\/\/ccoo.app\/volkswagen-navarra\" class=\"ek-link\">Volkswagen Navarra<\/a><\/h1>\n\n\n\n<div class=\"wp-block-columns is-layout-flex wp-container-core-columns-is-layout-9d6595d7 wp-block-columns-is-layout-flex\">\n<div class=\"wp-block-column is-layout-flow wp-block-column-is-layout-flow\" style=\"flex-basis:15%\"><\/div>\n\n\n\n<div class=\"wp-block-column is-layout-flow wp-block-column-is-layout-flow\" style=\"flex-basis:70%\">\n<p><mark style=\"background-color:rgba(0, 0, 0, 0)\" class=\"has-inline-color has-black-color\">Trabajadores y trabajadoras, y especialmente Afiliados y Afiliadas a CCOO, os damos la bienvenida a nuestra web, con informaci\u00f3n de vuestro inter\u00e9s y de la forma m\u00e1s \u00fatil, de acuerdo con vuestro perfil y que os permitir\u00e1 participar.<br>Nuevos tiempos, nuevas necesidades, nuevas v\u00edas y las CCOO de siempre, ahora en tu bolsillo.<\/mark><\/p>\n<\/div>\n\n\n\n<div class=\"wp-block-column is-layout-flow wp-block-column-is-layout-flow\" style=\"flex-basis:15%\"><\/div>\n<\/div>\n<\/div><\/div>\n<\/div><\/div>\n<\/div><\/div>\n\n\n\n<div style=\"height:42px\" aria-hidden=\"true\" class=\"wp-block-spacer\"><\/div>\n\n\n\n<div class=\"wp-block-columns is-layout-flex wp-container-core-columns-is-layout-9d6595d7 wp-block-columns-is-layout-flex\">\n<div class=\"wp-block-column is-layout-flow wp-block-column-is-layout-flow\">\n<div class=\"wp-block-image\"><figure class=\"aligncenter size-large\"><img decoding=\"async\" src=\"https:\/\/ccoo.app\/wp-content\/blogs.dir\/6\/files\/2021\/01\/ACUERDOS-Y-CONVENIOS.svg\" alt=\"\" class=\"wp-image-2351\"\/><\/figure><\/div>\n\n\n\n<h2 class=\"has-text-align-center wp-block-heading\" id=\"acuerdos-y-convenios\">Convenio<\/h2>\n\n\n\n<p><\/p>\n<\/div>\n\n\n\n<div class=\"wp-block-column is-layout-flow wp-block-column-is-layout-flow\">\n<div class=\"wp-block-image\"><figure class=\"aligncenter size-large\"><img decoding=\"async\" src=\"https:\/\/ccoo.app\/wp-content\/blogs.dir\/6\/files\/2021\/01\/PERMISOS.svg\" alt=\"\" class=\"wp-image-2352\"\/><\/figure><\/div>\n\n\n\n<h2 class=\"has-text-align-center wp-block-heading\" id=\"permisos\">Permisos<\/h2>\n\n\n\n<p><\/p>\n<\/div>\n\n\n\n<div class=\"wp-block-column is-layout-flow wp-block-column-is-layout-flow\">\n<div class=\"wp-block-image\"><figure class=\"aligncenter size-large\"><img decoding=\"async\" src=\"https:\/\/ccoo.app\/wp-content\/blogs.dir\/6\/files\/2021\/01\/AYUDAS-SOCIALES.svg\" alt=\"\" class=\"wp-image-2353\"\/><\/figure><\/div>\n\n\n\n<h2 class=\"has-text-align-center wp-block-heading\" id=\"ayudas-sociales\">Ayudas Sociales<\/h2>\n\n\n\n<p><\/p>\n<\/div>\n<\/div>\n\n\n\n<div class=\"wp-block-cover alignfull is-light\" style=\"min-height:380px;aspect-ratio:unset;\"><span aria-hidden=\"true\" class=\"has-background-dim-0 wp-block-cover__gradient-background has-background-dim\"><\/span><img decoding=\"async\" class=\"wp-block-cover__image-background wp-image-2356\" alt=\"\" src=\"https:\/\/ccoo.app\/wp-content\/blogs.dir\/6\/files\/2021\/01\/fond-hero.svg\" data-object-fit=\"cover\"\/><div class=\"wp-block-cover__inner-container is-layout-flow wp-block-cover-is-layout-flow\">\n<div class=\"wp-block-group\"><div class=\"wp-block-group__inner-container is-layout-flow wp-block-group-is-layout-flow\">\n<div class=\"wp-block-columns is-layout-flex wp-container-core-columns-is-layout-9d6595d7 wp-block-columns-is-layout-flex\">\n<div class=\"wp-block-column is-layout-flow wp-block-column-is-layout-flow\">\n<div class=\"wp-block-image\"><figure class=\"aligncenter size-large is-resized\"><img loading=\"lazy\" decoding=\"async\" src=\"https:\/\/ccoo.app\/wp-content\/blogs.dir\/6\/files\/2021\/01\/noticias-ccoo.jpg\" alt=\"\" class=\"wp-image-2358\" width=\"397\" height=\"313\"\/><\/figure><\/div>\n<\/div>\n\n\n\n<div class=\"wp-block-column is-layout-flow wp-block-column-is-layout-flow\">\n<h2 class=\"titulo-noticias has-black-color has-text-color wp-block-heading\" id=\"descubre-nuestrasultimas-noticias\">Descubre nuestras<br>\u00faltimas noticias<\/h2>\n\n\n\n<figure class=\"wp-block-image size-large is-resized barra-decoracion\"><img loading=\"lazy\" decoding=\"async\" src=\"https:\/\/ccoo.app\/wp-content\/blogs.dir\/6\/files\/2021\/01\/Rectangle-126.svg\" alt=\"\" class=\"wp-image-2357\" width=\"281\" height=\"6\"\/><\/figure>\n\n\n\n<p class=\"has-black-color has-text-color\">Sample text. Lorem ipsum dolor sit amet, consectetur adipiscing elit nullam nunc justo sagittis suscipit ultrices.<\/p>\n\n\n\n<div class=\"wp-block-buttons is-layout-flex wp-block-buttons-is-layout-flex\">\n<div class=\"wp-block-button\"><a class=\"wp-block-button__link has-white-color has-black-background-color has-text-color has-background no-border-radius\" href=\"http:\/\/ccoo.app\/volkswagen-navarra\/category\/noticias\/\">ACTUALIDAD<\/a><\/div>\n<\/div>\n\n\n\n<p class=\"has-black-color has-text-color\"><br><\/p>\n<\/div>\n<\/div>\n<\/div><\/div>\n<\/div><\/div>\n\n\n\n<div style=\"height:40px\" aria-hidden=\"true\" class=\"wp-block-spacer\"><\/div>\n\n\n<ul class=\"wp-block-latest-posts__list is-grid columns-3 has-dates wp-block-latest-posts\"><li><div class=\"wp-block-latest-posts__featured-image aligncenter\"><img loading=\"lazy\" decoding=\"async\" width=\"300\" height=\"225\" src=\"https:\/\/ccoo.app\/volkswagen-navarra\/wp-content\/blogs.dir\/6\/files\/sites\/175\/2016\/09\/anar-al-metge-300x225.jpg\" class=\"attachment-medium size-medium wp-post-image\" alt=\"Anar Al Metge\" style=\"\" srcset=\"https:\/\/ccoo.app\/volkswagen-navarra\/wp-content\/blogs.dir\/6\/files\/sites\/175\/2016\/09\/anar-al-metge-300x225.jpg 300w, https:\/\/ccoo.app\/volkswagen-navarra\/wp-content\/blogs.dir\/6\/files\/sites\/175\/2016\/09\/anar-al-metge.jpg 308w\" sizes=\"auto, (max-width: 300px) 100vw, 300px\" \/><\/div><a class=\"wp-block-latest-posts__post-title\" href=\"https:\/\/ccoo.app\/volkswagen-navarra\/cuantos-dias-me-corresponden-en-caso-de-accidente-o-enfermedad-de-un-familiar\/\">\u00bfCu\u00e1ntos d\u00edas me corresponden en caso de accidente o enfermedad de un familiar?<\/a><time datetime=\"2022-09-01T17:03:12+02:00\" class=\"wp-block-latest-posts__post-date\">1 de septiembre de 2022<\/time><\/li>\n<li><div class=\"wp-block-latest-posts__featured-image aligncenter\"><img loading=\"lazy\" decoding=\"async\" width=\"300\" height=\"293\" src=\"https:\/\/ccoo.app\/volkswagen-navarra\/wp-content\/blogs.dir\/6\/files\/sites\/175\/2016\/09\/mudanza-300x293.png\" class=\"attachment-medium size-medium wp-post-image\" alt=\"Mudanza\" style=\"\" srcset=\"https:\/\/ccoo.app\/volkswagen-navarra\/wp-content\/blogs.dir\/6\/files\/sites\/175\/2016\/09\/mudanza-300x293.png 300w, https:\/\/ccoo.app\/volkswagen-navarra\/wp-content\/blogs.dir\/6\/files\/sites\/175\/2016\/09\/mudanza.png 367w\" sizes=\"auto, (max-width: 300px) 100vw, 300px\" \/><\/div><a class=\"wp-block-latest-posts__post-title\" href=\"https:\/\/ccoo.app\/volkswagen-navarra\/me-mudo-tengo-algun-dia-si-me-traslado-de-domicilio\/\">Me mudo, \u00bftengo alg\u00fan d\u00eda si me traslado de domicilio?<\/a><time datetime=\"2022-09-01T17:00:53+02:00\" class=\"wp-block-latest-posts__post-date\">1 de septiembre de 2022<\/time><\/li>\n<li><div class=\"wp-block-latest-posts__featured-image aligncenter\"><img loading=\"lazy\" decoding=\"async\" width=\"300\" height=\"198\" src=\"https:\/\/ccoo.app\/volkswagen-navarra\/wp-content\/blogs.dir\/6\/files\/sites\/175\/2016\/09\/bebe-naixement-1-300x198.jpg\" class=\"attachment-medium size-medium wp-post-image\" alt=\"Bebe Naixement 1\" style=\"\" srcset=\"https:\/\/ccoo.app\/volkswagen-navarra\/wp-content\/blogs.dir\/6\/files\/sites\/175\/2016\/09\/bebe-naixement-1-300x198.jpg 300w, https:\/\/ccoo.app\/volkswagen-navarra\/wp-content\/blogs.dir\/6\/files\/sites\/175\/2016\/09\/bebe-naixement-1-1024x676.jpg 1024w, https:\/\/ccoo.app\/volkswagen-navarra\/wp-content\/blogs.dir\/6\/files\/sites\/175\/2016\/09\/bebe-naixement-1-768x507.jpg 768w, https:\/\/ccoo.app\/volkswagen-navarra\/wp-content\/blogs.dir\/6\/files\/sites\/175\/2016\/09\/bebe-naixement-1-1536x1014.jpg 1536w, https:\/\/ccoo.app\/volkswagen-navarra\/wp-content\/blogs.dir\/6\/files\/sites\/175\/2016\/09\/bebe-naixement-1-2048x1353.jpg 2048w\" sizes=\"auto, (max-width: 300px) 100vw, 300px\" \/><\/div><a class=\"wp-block-latest-posts__post-title\" href=\"https:\/\/ccoo.app\/volkswagen-navarra\/cuantos-dias-habiles-me-corresponden-por-nacimiento-de-hijo-a\/\">\u00bfCu\u00e1ntos d\u00edas h\u00e1biles me corresponden por nacimiento de hijo\/a?<\/a><time datetime=\"2022-09-01T17:00:04+02:00\" class=\"wp-block-latest-posts__post-date\">1 de septiembre de 2022<\/time><\/li>\n<\/ul>","protected":false},"excerpt":{"rendered":"<p>Convenio Permisos Ayudas Sociales<\/p>\n","protected":false},"author":6,"featured_media":0,"parent":0,"menu_order":0,"comment_status":"closed","ping_status":"closed","template":"","meta":{"footnotes":""},"class_list":["post-25","page","type-page","status-publish"],"_links":{"self":[{"href":"https:\/\/ccoo.app\/volkswagen-navarra\/wp-json\/wp\/v2\/pages\/25","targetHints":{"allow":["GET"]}}],"collection":[{"href":"https:\/\/ccoo.app\/volkswagen-navarra\/wp-json\/wp\/v2\/pages"}],"about":[{"href":"https:\/\/ccoo.app\/volkswagen-navarra\/wp-json\/wp\/v2\/types\/page"}],"author":[{"embeddable":true,"href":"https:\/\/ccoo.app\/volkswagen-navarra\/wp-json\/wp\/v2\/users\/6"}],"replies":[{"embeddable":true,"href":"https:\/\/ccoo.app\/volkswagen-navarra\/wp-json\/wp\/v2\/comments?post=25"}],"version-history":[{"count":4,"href":"https:\/\/ccoo.app\/volkswagen-navarra\/wp-json\/wp\/v2\/pages\/25\/revisions"}],"predecessor-version":[{"id":2793,"href":"https:\/\/ccoo.app\/volkswagen-navarra\/wp-json\/wp\/v2\/pages\/25\/revisions\/2793"}],"wp:attachment":[{"href":"https:\/\/ccoo.app\/volkswagen-navarra\/wp-json\/wp\/v2\/media?parent=25"}],"curies":[{"name":"wp","href":"https:\/\/api.w.org\/{rel}","templated":true}]}}