{"id":25,"date":"2020-02-13T13:17:50","date_gmt":"2020-02-13T12:17:50","guid":{"rendered":"https:\/\/gpsites.co\/read\/?page_id=25"},"modified":"2023-06-01T08:33:05","modified_gmt":"2023-06-01T06:33:05","slug":"home","status":"publish","type":"page","link":"https:\/\/ccoo.app\/towa-pharmaceutical-europe\/","title":{"rendered":"Inicio"},"content":{"rendered":"\n<div class=\"wp-block-group alignfull\"><div class=\"wp-block-group__inner-container is-layout-flow wp-block-group-is-layout-flow\">\n<div class=\"wp-block-cover alignfull is-light\" style=\"min-height:400px;aspect-ratio:unset;\"><span aria-hidden=\"true\" class=\"wp-block-cover__background has-background-dim-0 has-background-dim\"><\/span><img loading=\"lazy\" decoding=\"async\" width=\"1440\" height=\"400\" class=\"wp-block-cover__image-background wp-image-2637\" alt=\"\" src=\"http:\/\/ccoo.app\/migrar\/wp-content\/blogs.dir\/6\/files\/sites\/14\/2021\/02\/fond-cabecera-ccoo-1-1.jpg\" data-object-fit=\"cover\" srcset=\"https:\/\/ccoo.app\/towa-pharmaceutical-europe\/wp-content\/blogs.dir\/6\/files\/sites\/76\/2021\/02\/fond-cabecera-ccoo-1-1.jpg 1440w, https:\/\/ccoo.app\/towa-pharmaceutical-europe\/wp-content\/blogs.dir\/6\/files\/sites\/76\/2021\/02\/fond-cabecera-ccoo-1-1-300x83.jpg 300w, https:\/\/ccoo.app\/towa-pharmaceutical-europe\/wp-content\/blogs.dir\/6\/files\/sites\/76\/2021\/02\/fond-cabecera-ccoo-1-1-1024x284.jpg 1024w, https:\/\/ccoo.app\/towa-pharmaceutical-europe\/wp-content\/blogs.dir\/6\/files\/sites\/76\/2021\/02\/fond-cabecera-ccoo-1-1-768x213.jpg 768w\" sizes=\"auto, (max-width: 1440px) 100vw, 1440px\" \/><div class=\"wp-block-cover__inner-container is-layout-flow wp-block-cover-is-layout-flow\">\n<div class=\"wp-block-cover\" style=\"min-height:300px;aspect-ratio:unset;\"><span aria-hidden=\"true\" class=\"wp-block-cover__background has-background-dim-0 has-background-dim\"><\/span><img decoding=\"async\" class=\"wp-block-cover__image-background wp-image-2343\" alt=\"\" src=\"http:\/\/ccoo.app\/wp-content\/blogs.dir\/6\/files\/2021\/01\/Elementos-CCOO-cabecera.png\" data-object-fit=\"cover\" \/><div class=\"wp-block-cover__inner-container is-layout-flow wp-block-cover-is-layout-flow\">\n<div class=\"wp-block-group alignwide\"><div class=\"wp-block-group__inner-container is-layout-flow wp-block-group-is-layout-flow\">\n<h1 class=\"wp-block-heading has-text-align-center has-black-color has-text-color\" style=\"font-size:60px\">Secci\u00f3n Sindical CCOO<\/h1>\n\n\n\n<p class=\"has-text-align-justify\" style=\"font-size:22px\"><mark class=\"has-inline-color has-black-color\">Trabajadores y trabajadoras, y especialmente Afiliados y Afiliadas a CCOO, os damos la bienvenida a nuestra web, con informaci\u00f3n de vuestro inter\u00e9s y de la forma m\u00e1s \u00fatil, de acuerdo con vuestro perfil y que os permitir\u00e1 participar.<br><\/mark><\/p>\n\n\n<div class=\"gb-grid-wrapper gb-grid-wrapper-e781be42\">\n<div class=\"gb-grid-column gb-grid-column-1a55c91a\"><div class=\"gb-container gb-container-1a55c91a\"><div class=\"gb-inside-container\">\n\n<figure class=\"wp-block-image size-large is-resized\"><a href=\"https:\/\/t.me\/ccotowa\"><img loading=\"lazy\" decoding=\"async\" src=\"https:\/\/ccoo.app\/towa-pharmaceutical-europe\/wp-content\/blogs.dir\/6\/files\/sites\/76\/2021\/03\/teleg-e1617971598636.png\" alt=\"Teleg\" class=\"wp-image-3056\" width=\"64\" height=\"64\" srcset=\"https:\/\/ccoo.app\/towa-pharmaceutical-europe\/wp-content\/blogs.dir\/6\/files\/sites\/76\/2021\/03\/teleg-e1617971598636.png 567w, https:\/\/ccoo.app\/towa-pharmaceutical-europe\/wp-content\/blogs.dir\/6\/files\/sites\/76\/2021\/03\/teleg-e1617971598636-300x300.png 300w, https:\/\/ccoo.app\/towa-pharmaceutical-europe\/wp-content\/blogs.dir\/6\/files\/sites\/76\/2021\/03\/teleg-e1617971598636-150x150.png 150w\" sizes=\"auto, (max-width: 64px) 100vw, 64px\" \/><\/a><\/figure>\n\n<\/div><\/div><\/div>\n\n<div class=\"gb-grid-column gb-grid-column-8eacd3af\"><div class=\"gb-container gb-container-8eacd3af\"><div class=\"gb-inside-container\">\n\n<figure class=\"wp-block-image size-large is-resized\"><a href=\"https:\/\/api.whatsapp.com\/send?phone=34677416083\"><img loading=\"lazy\" decoding=\"async\" src=\"https:\/\/ccoo.app\/towa-pharmaceutical-europe\/wp-content\/blogs.dir\/6\/files\/sites\/76\/2021\/04\/descarga.jpg\" alt=\"Descarga\" class=\"wp-image-3505\" width=\"72\" height=\"72\" srcset=\"https:\/\/ccoo.app\/towa-pharmaceutical-europe\/wp-content\/blogs.dir\/6\/files\/sites\/76\/2021\/04\/descarga.jpg 224w, https:\/\/ccoo.app\/towa-pharmaceutical-europe\/wp-content\/blogs.dir\/6\/files\/sites\/76\/2021\/04\/descarga-150x150.jpg 150w\" sizes=\"auto, (max-width: 72px) 100vw, 72px\" \/><\/a><\/figure>\n\n<\/div><\/div><\/div>\n\n<div class=\"gb-grid-column gb-grid-column-fb059b4c\"><div class=\"gb-container gb-container-fb059b4c\"><div class=\"gb-inside-container\">\n\n<figure class=\"wp-block-image size-large is-resized\"><a href=\"https:\/\/www.instagram.com\/ccoo_towa\/\"><img loading=\"lazy\" decoding=\"async\" src=\"https:\/\/ccoo.app\/towa-pharmaceutical-europe\/wp-content\/blogs.dir\/6\/files\/sites\/76\/2021\/03\/insta-1.png\" alt=\"Insta 1\" class=\"wp-image-3055\" width=\"72\" height=\"72\" srcset=\"https:\/\/ccoo.app\/towa-pharmaceutical-europe\/wp-content\/blogs.dir\/6\/files\/sites\/76\/2021\/03\/insta-1.png 567w, https:\/\/ccoo.app\/towa-pharmaceutical-europe\/wp-content\/blogs.dir\/6\/files\/sites\/76\/2021\/03\/insta-1-300x300.png 300w, https:\/\/ccoo.app\/towa-pharmaceutical-europe\/wp-content\/blogs.dir\/6\/files\/sites\/76\/2021\/03\/insta-1-150x150.png 150w\" sizes=\"auto, (max-width: 72px) 100vw, 72px\" \/><\/a><\/figure>\n\n<\/div><\/div><\/div>\n\n<div class=\"gb-grid-column gb-grid-column-b4150f07\"><div class=\"gb-container gb-container-b4150f07\"><div class=\"gb-inside-container\">\n\n<figure class=\"wp-block-image size-large is-resized\"><a href=\"https:\/\/www.facebook.com\/ccootowa\"><img loading=\"lazy\" decoding=\"async\" src=\"https:\/\/ccoo.app\/towa-pharmaceutical-europe\/wp-content\/blogs.dir\/6\/files\/sites\/76\/2021\/03\/depositphotos_77705004-stock-illustration-original-square-with-round-corners.jpg\" alt=\"Depositphotos 77705004 Stock Illustration Original Square With Round Corners\" class=\"wp-image-3050\" width=\"69\" height=\"69\" srcset=\"https:\/\/ccoo.app\/towa-pharmaceutical-europe\/wp-content\/blogs.dir\/6\/files\/sites\/76\/2021\/03\/depositphotos_77705004-stock-illustration-original-square-with-round-corners.jpg 600w, https:\/\/ccoo.app\/towa-pharmaceutical-europe\/wp-content\/blogs.dir\/6\/files\/sites\/76\/2021\/03\/depositphotos_77705004-stock-illustration-original-square-with-round-corners-300x300.jpg 300w, https:\/\/ccoo.app\/towa-pharmaceutical-europe\/wp-content\/blogs.dir\/6\/files\/sites\/76\/2021\/03\/depositphotos_77705004-stock-illustration-original-square-with-round-corners-150x150.jpg 150w\" sizes=\"auto, (max-width: 69px) 100vw, 69px\" \/><\/a><\/figure>\n\n<\/div><\/div><\/div>\n\n<div class=\"gb-grid-column gb-grid-column-2f74e7e5\"><div class=\"gb-container gb-container-2f74e7e5\"><div class=\"gb-inside-container\">\n\n<figure class=\"wp-block-image size-large is-resized\"><a href=\"mailto:towa@ccoo.cat\"><img loading=\"lazy\" decoding=\"async\" src=\"https:\/\/ccoo.app\/towa-pharmaceutical-europe\/wp-content\/blogs.dir\/6\/files\/sites\/76\/2021\/03\/gmail-logo-2-1-1024x768.png\" alt=\"Gmail Logo 2 1\" class=\"wp-image-3052\" width=\"93\" height=\"69\" srcset=\"https:\/\/ccoo.app\/towa-pharmaceutical-europe\/wp-content\/blogs.dir\/6\/files\/sites\/76\/2021\/03\/gmail-logo-2-1-1024x768.png 1024w, https:\/\/ccoo.app\/towa-pharmaceutical-europe\/wp-content\/blogs.dir\/6\/files\/sites\/76\/2021\/03\/gmail-logo-2-1-300x225.png 300w, https:\/\/ccoo.app\/towa-pharmaceutical-europe\/wp-content\/blogs.dir\/6\/files\/sites\/76\/2021\/03\/gmail-logo-2-1-768x576.png 768w, https:\/\/ccoo.app\/towa-pharmaceutical-europe\/wp-content\/blogs.dir\/6\/files\/sites\/76\/2021\/03\/gmail-logo-2-1.png 1440w\" sizes=\"auto, (max-width: 93px) 100vw, 93px\" \/><\/a><\/figure>\n\n<\/div><\/div><\/div>\n<\/div>\n\n\n<p><\/p>\n\n\n\n<p class=\"has-text-align-justify has-black-color has-text-color\" style=\"font-size:22px\"><mark class=\"has-inline-color has-black-color\"><strong><span class=\"uppercase\">Nuevos tiempos, nuevas necesidades, nuevas v\u00edas y las CCOO de siempre, ahora en tu bolsillo<\/span><\/strong><\/mark>.<\/p>\n<\/div><\/div>\n<\/div><\/div>\n<\/div><\/div>\n<\/div><\/div>\n\n\n\n<div style=\"height:42px\" aria-hidden=\"true\" class=\"wp-block-spacer\"><\/div>\n\n\n\n<div class=\"wp-block-columns is-layout-flex wp-container-core-columns-is-layout-9d6595d7 wp-block-columns-is-layout-flex\">\n<div class=\"wp-block-column is-layout-flow wp-block-column-is-layout-flow\"><div class=\"wp-block-image\">\n<figure class=\"aligncenter size-large\"><img decoding=\"async\" src=\"https:\/\/ccoo.app\/wp-content\/blogs.dir\/6\/files\/2021\/01\/ACUERDOS-Y-CONVENIOS.svg\" alt=\"\" class=\"wp-image-2351\" \/><\/figure>\n<\/div>\n\n\n<h2 class=\"wp-block-heading has-text-align-center\">Acuerdos y Convenios<\/h2>\n\n\n\n<p>Tu convenio, acuerdos y pactos firmados.<\/p>\n<\/div>\n\n\n\n<div class=\"wp-block-column is-layout-flow wp-block-column-is-layout-flow\"><div class=\"wp-block-image\">\n<figure class=\"aligncenter size-large\"><img decoding=\"async\" src=\"https:\/\/ccoo.app\/wp-content\/blogs.dir\/6\/files\/2021\/01\/PERMISOS.svg\" alt=\"\" class=\"wp-image-2352\" \/><\/figure>\n<\/div>\n\n\n<h2 class=\"wp-block-heading has-text-align-center\">Permisos<\/h2>\n\n\n\n<p>Licencias, grado de consanguinidad, permisos retribu\u00eddos, ayudas, conciliaci\u00f3n familiar.<\/p>\n<\/div>\n\n\n\n<div class=\"wp-block-column is-layout-flow wp-block-column-is-layout-flow\"><div class=\"wp-block-image\">\n<figure class=\"aligncenter size-large\"><img decoding=\"async\" src=\"https:\/\/ccoo.app\/wp-content\/blogs.dir\/6\/files\/2021\/01\/AYUDAS-SOCIALES.svg\" alt=\"\" class=\"wp-image-2353\" \/><\/figure>\n<\/div>\n\n\n<h2 class=\"wp-block-heading has-text-align-center\">Ayudas Sociales<\/h2>\n\n\n\n<p>Ventajas y beneficios sociales, descuentos<\/p>\n<\/div>\n<\/div>\n\n\n\n<div class=\"wp-block-cover alignfull is-light\" style=\"min-height:380px;aspect-ratio:unset;\"><span aria-hidden=\"true\" class=\"wp-block-cover__background has-background-dim-0 has-background-dim\"><\/span><img decoding=\"async\" class=\"wp-block-cover__image-background wp-image-2356\" alt=\"\" src=\"https:\/\/ccoo.app\/wp-content\/blogs.dir\/6\/files\/2021\/01\/fond-hero.svg\" data-object-fit=\"cover\" \/><div class=\"wp-block-cover__inner-container is-layout-flow wp-block-cover-is-layout-flow\">\n<div class=\"wp-block-group\"><div class=\"wp-block-group__inner-container is-layout-flow wp-block-group-is-layout-flow\">\n<div class=\"wp-block-columns is-layout-flex wp-container-core-columns-is-layout-9d6595d7 wp-block-columns-is-layout-flex\">\n<div class=\"wp-block-column is-layout-flow wp-block-column-is-layout-flow\"><div class=\"wp-block-image\">\n<figure class=\"aligncenter size-large is-resized\"><img loading=\"lazy\" decoding=\"async\" src=\"https:\/\/ccoo.app\/wp-content\/blogs.dir\/6\/files\/2021\/01\/noticias-ccoo.jpg\" alt=\"\" class=\"wp-image-2358\" width=\"397\" height=\"313\" \/><\/figure>\n<\/div><\/div>\n\n\n\n<div class=\"wp-block-column is-layout-flow wp-block-column-is-layout-flow\">\n<h2 class=\"wp-block-heading titulo-noticias has-black-color has-text-color\">Descubre nuestras<br>\u00faltimas noticias<\/h2>\n\n\n\n<figure class=\"wp-block-image size-large is-resized barra-decoracion\"><img loading=\"lazy\" decoding=\"async\" src=\"https:\/\/ccoo.app\/wp-content\/blogs.dir\/6\/files\/2021\/01\/Rectangle-126.svg\" alt=\"\" class=\"wp-image-2357\" width=\"281\" height=\"6\" \/><\/figure>\n\n\n\n<p class=\"has-black-color has-text-color\">Estar\u00e1s informado de lo m\u00e1s relevante del sector, del grupo y de tu centro de trabajo.<\/p>\n\n\n\n<div class=\"wp-block-buttons is-horizontal is-content-justification-left is-layout-flex wp-container-core-buttons-is-layout-7e5fce0a wp-block-buttons-is-layout-flex\">\n<div class=\"wp-block-button\"><a class=\"wp-block-button__link has-white-color has-black-background-color has-text-color has-background no-border-radius wp-element-button\" href=\"https:\/\/ccoo.app\/plantilla\/category\/noticias\/\">ACTUALIDAD<\/a><\/div>\n<\/div>\n\n\n\n<p class=\"has-black-color has-text-color\"><br><\/p>\n<\/div>\n<\/div>\n<\/div><\/div>\n<\/div><\/div>\n\n\n\n<div style=\"height:40px\" aria-hidden=\"true\" class=\"wp-block-spacer\"><\/div>\n\n\n<ul class=\"wp-block-latest-posts__list is-grid columns-3 has-dates wp-block-latest-posts\"><li><div class=\"wp-block-latest-posts__featured-image aligncenter\"><img loading=\"lazy\" decoding=\"async\" width=\"157\" height=\"164\" src=\"https:\/\/ccoo.app\/towa-pharmaceutical-europe\/wp-content\/blogs.dir\/6\/files\/sites\/76\/2022\/06\/megafccoo.jpg\" class=\"attachment-medium size-medium wp-post-image\" alt=\"Megafccoo\" style=\"\" \/><\/div><a class=\"wp-block-latest-posts__post-title\" href=\"https:\/\/ccoo.app\/towa-pharmaceutical-europe\/reunion-trimestral-tpe-2\/\">Reuni\u00f3n trimestral TPE<\/a><time datetime=\"2026-04-23T11:51:02+02:00\" class=\"wp-block-latest-posts__post-date\">23 de abril de 2026<\/time><\/li>\n<li><div class=\"wp-block-latest-posts__featured-image aligncenter\"><img loading=\"lazy\" decoding=\"async\" width=\"157\" height=\"164\" src=\"https:\/\/ccoo.app\/towa-pharmaceutical-europe\/wp-content\/blogs.dir\/6\/files\/sites\/76\/2022\/06\/megafccoo.jpg\" class=\"attachment-medium size-medium wp-post-image\" alt=\"Megafccoo\" style=\"\" \/><\/div><a class=\"wp-block-latest-posts__post-title\" href=\"https:\/\/ccoo.app\/towa-pharmaceutical-europe\/informacion-ccoo-3\/\">Informaci\u00f3n CCOO<\/a><time datetime=\"2026-04-21T08:05:09+02:00\" class=\"wp-block-latest-posts__post-date\">21 de abril de 2026<\/time><\/li>\n<li><div class=\"wp-block-latest-posts__featured-image aligncenter\"><img loading=\"lazy\" decoding=\"async\" width=\"300\" height=\"141\" src=\"https:\/\/ccoo.app\/towa-pharmaceutical-europe\/wp-content\/blogs.dir\/6\/files\/sites\/76\/2026\/03\/e6e42eb8-4ea5-4251-908e-6a26951d765f-S-300x141.jpeg\" class=\"attachment-medium size-medium wp-post-image\" alt=\"\" style=\"\" srcset=\"https:\/\/ccoo.app\/towa-pharmaceutical-europe\/wp-content\/blogs.dir\/6\/files\/sites\/76\/2026\/03\/e6e42eb8-4ea5-4251-908e-6a26951d765f-S-300x141.jpeg 300w, https:\/\/ccoo.app\/towa-pharmaceutical-europe\/wp-content\/blogs.dir\/6\/files\/sites\/76\/2026\/03\/e6e42eb8-4ea5-4251-908e-6a26951d765f-S-190x90.jpeg 190w, https:\/\/ccoo.app\/towa-pharmaceutical-europe\/wp-content\/blogs.dir\/6\/files\/sites\/76\/2026\/03\/e6e42eb8-4ea5-4251-908e-6a26951d765f-S.jpeg 500w\" sizes=\"auto, (max-width: 300px) 100vw, 300px\" \/><\/div><a class=\"wp-block-latest-posts__post-title\" href=\"https:\/\/ccoo.app\/towa-pharmaceutical-europe\/reclamacion-grupos-fabrica-2\/\">Reclamaci\u00f3n grupos f\u00e1brica<\/a><time datetime=\"2026-03-11T21:33:17+01:00\" class=\"wp-block-latest-posts__post-date\">11 de marzo de 2026<\/time><\/li>\n<\/ul>","protected":false},"excerpt":{"rendered":"<p>Acuerdos y Convenios Tu convenio, acuerdos y pactos firmados. Permisos Licencias, grado de consanguinidad, permisos retribu\u00eddos, ayudas, conciliaci\u00f3n familiar. Ayudas Sociales Ventajas y beneficios sociales, descuentos<\/p>\n","protected":false},"author":10,"featured_media":0,"parent":0,"menu_order":0,"comment_status":"closed","ping_status":"closed","template":"","meta":{"footnotes":""},"class_list":["post-25","page","type-page","status-publish"],"_links":{"self":[{"href":"https:\/\/ccoo.app\/towa-pharmaceutical-europe\/wp-json\/wp\/v2\/pages\/25","targetHints":{"allow":["GET"]}}],"collection":[{"href":"https:\/\/ccoo.app\/towa-pharmaceutical-europe\/wp-json\/wp\/v2\/pages"}],"about":[{"href":"https:\/\/ccoo.app\/towa-pharmaceutical-europe\/wp-json\/wp\/v2\/types\/page"}],"author":[{"embeddable":true,"href":"https:\/\/ccoo.app\/towa-pharmaceutical-europe\/wp-json\/wp\/v2\/users\/10"}],"replies":[{"embeddable":true,"href":"https:\/\/ccoo.app\/towa-pharmaceutical-europe\/wp-json\/wp\/v2\/comments?post=25"}],"version-history":[{"count":5,"href":"https:\/\/ccoo.app\/towa-pharmaceutical-europe\/wp-json\/wp\/v2\/pages\/25\/revisions"}],"predecessor-version":[{"id":6299,"href":"https:\/\/ccoo.app\/towa-pharmaceutical-europe\/wp-json\/wp\/v2\/pages\/25\/revisions\/6299"}],"wp:attachment":[{"href":"https:\/\/ccoo.app\/towa-pharmaceutical-europe\/wp-json\/wp\/v2\/media?parent=25"}],"curies":[{"name":"wp","href":"https:\/\/api.w.org\/{rel}","templated":true}]}}