{"id":5114,"date":"2018-06-24T14:14:30","date_gmt":"2018-06-24T12:14:30","guid":{"rendered":"https:\/\/metro.ccoo.cat\/?page_id=5114"},"modified":"2018-06-24T14:14:30","modified_gmt":"2018-06-24T12:14:30","slug":"app","status":"publish","type":"page","link":"https:\/\/ccoo.app\/metro-barcelona\/app\/","title":{"rendered":"Nova aplicaci\u00f3 m\u00f2bil CCOO Metro"},"content":{"rendered":"<div id=\"pl-5114\" class=\"panel-layout\">\n<div id=\"pg-5114-0\" class=\"panel-grid panel-has-style\" data-style=\"{&quot;id&quot;:&quot;services&quot;,&quot;padding&quot;:&quot;10% 0% 10% 0%&quot;,&quot;mobile_padding&quot;:&quot;45px 0px 45px 0px&quot;,&quot;background_image_attachment&quot;:false,&quot;background_display&quot;:&quot;tile&quot;,&quot;bottom_margin&quot;:&quot;0px&quot;,&quot;cell_alignment&quot;:&quot;flex-start&quot;}\" data-color-label=\"2\" data-label=\"What We Do\">\n<div id=\"services\" class=\"panel-row-style panel-row-style-for-5114-0\">\n<div id=\"pgc-5114-0-0\" class=\"panel-grid-cell\" data-weight=\"1\">\n<div id=\"panel-5114-0-0-0\" class=\"so-panel widget widget_sow-editor panel-first-child\" data-index=\"0\" data-style=\"{&quot;background_image_attachment&quot;:false,&quot;background_display&quot;:&quot;tile&quot;}\">\n<div class=\"so-widget-sow-editor so-widget-sow-editor-base\">\n<div class=\"siteorigin-widget-tinymce textwidget\">\n<p>Hem elaborat la informaci\u00f3 per a una millor visualitzaci\u00f3 i un m\u00e9s r\u00e0pid acc\u00e9s.<br \/>\nUna aplicaci\u00f3 prepara per evolucionar i ser un canal interactiu entre el teu i el nostre sindicat. Que et proporcionar\u00e0 informaci\u00f3 del teu inter\u00e8s, d&#8217;acord amb el teu perfil i et permetr\u00e0 participar.<\/p>\n<p style=\"text-align: center\">Instal\u00b7lar a:<\/p>\n<table style=\"border-collapse: collapse;width: 100%\" border=\"0\">\n<tbody>\n<tr>\n<td style=\"width: 50%\"><a href=\"https:\/\/itunes.apple.com\/us\/app\/carnet-ccoo.cat\/id987915336?l=es&amp;ls=1&amp;mt=8\"><img loading=\"lazy\" decoding=\"async\" class=\"aligncenter wp-image-5134\" src=\"http:\/\/ccoo.app\/metro-barcelona\/wp-content\/blogs.dir\/6\/files\/sites\/198\/2018\/06\/apple-300x89-1-300x89.png\" alt=\"\" width=\"150\" height=\"45\" \/><\/a><\/td>\n<td style=\"width: 50%\"><a href=\"https:\/\/play.google.com\/store\/apps\/details?id=cat.ccoo.mobile.carnet\"><img loading=\"lazy\" decoding=\"async\" class=\"aligncenter wp-image-5135\" src=\"http:\/\/ccoo.app\/metro-barcelona\/wp-content\/blogs.dir\/6\/files\/sites\/198\/2018\/06\/google-300x97-1.jpg\" alt=\"\" width=\"139\" height=\"45\" \/><\/a><\/td>\n<\/tr>\n<\/tbody>\n<\/table>\n<p><img loading=\"lazy\" decoding=\"async\" class=\"aligncenter wp-image-5119 size-large\" src=\"http:\/\/ccoo.app\/metro-barcelona\/wp-content\/blogs.dir\/6\/files\/sites\/198\/2018\/06\/metro-app-464x800.jpg\" alt=\"\" width=\"464\" height=\"800\" \/><\/p>\n<\/div>\n<\/div>\n<\/div>\n<div id=\"panel-5114-0-0-1\" class=\"so-panel widget widget_sow-headline panel-last-child\" data-index=\"1\" data-style=\"{&quot;background_image_attachment&quot;:false,&quot;background_display&quot;:&quot;tile&quot;}\">[siteorigin_widget class=\u00bbSiteOrigin_Widget_Headline_Widget\u00bb][\/siteorigin_widget]<\/div>\n<\/div>\n<\/div>\n<\/div>\n<\/div>\n","protected":false},"excerpt":{"rendered":"<p>Hem elaborat la informaci\u00f3 per a una millor visualitzaci\u00f3 i un m\u00e9s r\u00e0pid acc\u00e9s. Una aplicaci\u00f3 prepara per evolucionar i ser un canal interactiu entre el teu i el nostre &#8230; <a title=\"Nova aplicaci\u00f3 m\u00f2bil CCOO Metro\" class=\"read-more\" href=\"https:\/\/ccoo.app\/metro-barcelona\/app\/\" aria-label=\"Leer m\u00e1s sobre Nova aplicaci\u00f3 m\u00f2bil CCOO Metro\">Leer m\u00e1s<\/a><\/p>\n","protected":false},"author":4519,"featured_media":0,"parent":0,"menu_order":0,"comment_status":"closed","ping_status":"closed","template":"template-full.php","meta":{"footnotes":""},"class_list":["post-5114","page","type-page","status-publish"],"_links":{"self":[{"href":"https:\/\/ccoo.app\/metro-barcelona\/wp-json\/wp\/v2\/pages\/5114","targetHints":{"allow":["GET"]}}],"collection":[{"href":"https:\/\/ccoo.app\/metro-barcelona\/wp-json\/wp\/v2\/pages"}],"about":[{"href":"https:\/\/ccoo.app\/metro-barcelona\/wp-json\/wp\/v2\/types\/page"}],"author":[{"embeddable":true,"href":"https:\/\/ccoo.app\/metro-barcelona\/wp-json\/wp\/v2\/users\/4519"}],"replies":[{"embeddable":true,"href":"https:\/\/ccoo.app\/metro-barcelona\/wp-json\/wp\/v2\/comments?post=5114"}],"version-history":[{"count":0,"href":"https:\/\/ccoo.app\/metro-barcelona\/wp-json\/wp\/v2\/pages\/5114\/revisions"}],"wp:attachment":[{"href":"https:\/\/ccoo.app\/metro-barcelona\/wp-json\/wp\/v2\/media?parent=5114"}],"curies":[{"name":"wp","href":"https:\/\/api.w.org\/{rel}","templated":true}]}}