{"id":722,"date":"2018-03-18T19:19:12","date_gmt":"2018-03-18T18:19:12","guid":{"rendered":"https:\/\/ccoo.app\/kellogg\/?page_id=722"},"modified":"2018-03-18T19:19:12","modified_gmt":"2018-03-18T18:19:12","slug":"afiliads","status":"publish","type":"page","link":"https:\/\/ccoo.app\/kellogg\/afiliads\/","title":{"rendered":"afiliad@s"},"content":{"rendered":"<div id=\"pl-722\" class=\"panel-layout\">\n<div id=\"pg-722-0\" class=\"panel-grid panel-no-style\">\n<div id=\"pgc-722-0-0\" class=\"panel-grid-cell\">\n<div id=\"panel-722-0-0-0\" class=\"so-panel widget widget_sow-editor panel-first-child panel-last-child\">\n<div class=\"so-widget-sow-editor so-widget-sow-editor-base\">\n<div class=\"siteorigin-widget-tinymce textwidget\">\n<hr \/>\n<\/div>\n<\/div>\n<\/div>\n<\/div>\n<\/div>\n<div id=\"pg-722-1\" class=\"panel-grid panel-no-style\">\n<div id=\"pgc-722-1-1\" class=\"panel-grid-cell\">\n<div id=\"panel-722-1-1-1\" class=\"so-panel widget widget_sow-button panel-last-child\"><\/div>\n<\/div>\n<\/div>\n<div id=\"pg-722-2\" class=\"panel-grid panel-no-style\">\n<div id=\"pgc-722-2-0\" class=\"panel-grid-cell\">\n<div id=\"panel-722-2-0-0\" class=\"so-panel widget widget_text panel-first-child\">\n<div class=\"textwidget\">\n<p><span style=\"font-size: 12pt\">Si necesitas contactar con la asesor\u00eda o el gabinete jur\u00eddico de CC.OO aqu\u00ed tienes los datos de contacto:<\/span><\/p>\n<p><strong>Tarragona<\/strong><br \/>\nAugust, 48, 1r<br \/>\n43003 Tarragona<br \/>\nLunes y jueves\u00a0de 16.00 a 19.00 h. Viernes\u00a0de 9.30 a 13.00 h<\/p>\n<p><img decoding=\"async\" id=\"ctl00_ContentPlaceHolder1_Territoris_gtj1_DataList1_ctl00_Image2\" src=\"http:\/\/www.ccoo.cat\/imatges\/iconos\/telefon.gif\" \/>\u00a0977 22 83 96 \/ 977 243 001-GTJ<br \/>\nFax: 977 23 18 09<\/p>\n<p><strong>Reus<\/strong><br \/>\nPla\u00e7a Villarroel, 2, baixos<br \/>\n43204 Reus<br \/>\nMartes y jueves\u00a0de 16.00 a 19.00 h.<\/p>\n<p><img decoding=\"async\" id=\"ctl00_ContentPlaceHolder1_Territoris_gtj1_DataList1_ctl01_Image2\" src=\"http:\/\/www.ccoo.cat\/imatges\/iconos\/telefon.gif\" \/>\u00a0977 75 51 69 \/ 977 243 001-GTJ<br \/>\nFax: 977 75 48 12<\/p>\n<\/div>\n<\/div>\n<div id=\"panel-722-2-0-1\" class=\"so-panel widget widget_text panel-last-child\">\n<div class=\"textwidget\">\n<p><a href=\"https:\/\/assegurat.ccoo.cat\/AfiliacioWeb\/full_afiliacio_banc.pdf\">Ficha de afiliaci\u00f3n en PDF.<\/a><\/p>\n<\/div>\n<\/div>\n<\/div>\n<h1 class=\"subtitol mb-auto\">Quotes d&#8217;afiliaci\u00f3 a CCOO de Catalunya<\/h1>\n<h2>Any 2020<\/h2>\n<\/div>\n<div id=\"pg-722-3\" class=\"panel-grid panel-no-style\">\n<div id=\"pgc-722-3-0\" class=\"panel-grid-cell\">\n<div id=\"panel-722-3-0-0\" class=\"so-panel widget widget_text panel-first-child panel-last-child\">\n<div class=\"textwidget\">\n<div class=\"container\">\n<div class=\"row\">\n<div class=\"col-xl-9 mx-auto text-center\">\n<table class=\"table table-bordered table-hover table-condensed table-striped\">\n<tbody>\n<tr class=\"d-flex\">\n<td class=\"col-6 text-left\">\n<h3>General ordin\u00e0ria<\/h3>\n<\/td>\n<td class=\"col-3\">\n<h3>13,50 \u20ac mensuals<\/h3>\n<\/td>\n<td class=\"col-3\">\n<h3>40,50 \u20ac trimestrals<\/h3>\n<\/td>\n<\/tr>\n<tr>\n<td class=\"text-left\" colspan=\"3\">Aplicable a totes les persones afiliades que tinguin retribucions o prestacions\u00a0<strong>superiors a 24.000 \u20ac bruts\/any.<\/strong><\/td>\n<\/tr>\n<\/tbody>\n<\/table>\n<h1 class=\"subtitol mb-auto\"><\/h1>\n<table class=\"table table-bordered table-hover table-condensed table-striped\">\n<tbody>\n<tr class=\"d-flex\">\n<td class=\"col-6 text-left\">\n<h3>General redu\u00efda<\/h3>\n<\/td>\n<td class=\"col-3\">\n<h3>12,10 \u20ac mensuals<\/h3>\n<\/td>\n<td class=\"col-3\">\n<h3>36,30 \u20ac trimestrals<\/h3>\n<\/td>\n<\/tr>\n<tr>\n<td class=\"text-left\" colspan=\"3\">Aplicable a totes les persones afiliades que tinguin retribucions o prestacions\u00a0<strong>entre 14.000,01 \u20ac i 24.000 \u20ac bruts\/any.<\/strong><\/td>\n<\/tr>\n<\/tbody>\n<\/table>\n<h1 class=\"subtitol mb-auto\"><\/h1>\n<table class=\"table table-bordered table-hover table-condensed table-striped\">\n<tbody>\n<tr class=\"d-flex\">\n<td class=\"col-6 text-left\">\n<h3>Quota pensionistes i jubilats<\/h3>\n<\/td>\n<td class=\"col-3\">\n<h3>10,20 \u20ac mensuals<\/h3>\n<\/td>\n<td class=\"col-3\">\n<h3>30,60 \u20ac trimestrals<\/h3>\n<\/td>\n<\/tr>\n<tr>\n<td class=\"text-left\" colspan=\"3\">Aplicable a totes les persones afiliades, pensionistes o jubilades, que tinguin retribucions o prestacions\u00a0<strong>superiors a 14.000 \u20ac bruts\/any.<\/strong><\/td>\n<\/tr>\n<\/tbody>\n<\/table>\n<h1 class=\"subtitol mb-auto\"><\/h1>\n<table class=\"table table-bordered table-hover table-condensed table-striped\">\n<tbody>\n<tr class=\"d-flex\">\n<td class=\"col-6 text-left\">\n<h3>Quota especial<\/h3>\n<\/td>\n<td class=\"col-3\">\n<h3>7,15 \u20ac mensuals<\/h3>\n<\/td>\n<td class=\"col-3\">\n<h3>21,45 \u20ac trimestrals<\/h3>\n<\/td>\n<\/tr>\n<tr>\n<td class=\"text-left\" colspan=\"3\">Aplicable a totes les persones afiliades, incloses les persones que tinguin la quota pensionistes i jubilats, que tinguin retribucions o prestacions\u00a0<strong>entre 7.000,01 \u20ac i 14.000 \u20ac bruts\/any.<\/strong><\/td>\n<\/tr>\n<\/tbody>\n<\/table>\n<h1 class=\"subtitol mb-auto\"><\/h1>\n<table class=\"table table-bordered table-hover table-condensed table-striped\">\n<tbody>\n<tr class=\"d-flex\">\n<td class=\"col-6 text-left\">\n<h3>Superredu\u00efda<\/h3>\n<\/td>\n<td class=\"col-3\">\n<h3>3 \u20ac mensuals<\/h3>\n<\/td>\n<td class=\"col-3\">\n<h3>9 \u20ac trimestrals<\/h3>\n<\/td>\n<\/tr>\n<tr>\n<td class=\"text-left\" colspan=\"3\">Aplicable a totes les persones afiliades, incloses les persones que tinguin la quota pensionistes i jubilats, que no tinguin retribucions o que tinguin retribucions o prestacions\u00a0<strong>iguals o inferiors a 7.000 \u20ac bruts\/any<\/strong>, i joves, menors de trenta anys, a la recerca de la primera ocupaci\u00f3. Caldr\u00e0 una renovaci\u00f3 anual del justificant d\u2019ingressos per conservar aquesta quota.<\/td>\n<\/tr>\n<\/tbody>\n<\/table>\n<h1 class=\"subtitol mb-auto\"><\/h1>\n<table class=\"table table-bordered table-hover table-condensed table-striped\">\n<tbody>\n<tr class=\"d-flex\">\n<td class=\"col-6 text-left\">\n<h3>Quota assessorament individual laboral immediat:<\/h3>\n<\/td>\n<td class=\"col-6\">\n<h3>40,50 \u20ac<\/h3>\n<\/td>\n<\/tr>\n<tr>\n<td class=\"text-left\" colspan=\"2\">L\u2019assessorament laboral individual requereix una\u00a0<strong>car\u00e8ncia de tres mesos d\u2019afiliaci\u00f3 en la quota general ordin\u00e0ria. Es t\u00e9 el dret a un descompte del 50% en la primera visita en el servei d\u2019assessorament jur\u00eddic.<\/strong>\u00a0Una vegada passats els tres mesos, podreu sol\u00b7licitar el canvi de tipus de quota a redu\u00efda, presentant els justificants d\u2019ingressos pertinents.<\/td>\n<\/tr>\n<\/tbody>\n<\/table>\n<h1 class=\"subtitol mb-auto\"><\/h1>\n<table class=\"table table-bordered table-hover table-condensed table-striped\">\n<tbody>\n<tr class=\"d-flex\">\n<td class=\"col-6 text-left\">\n<h3>Quota formaci\u00f3 immediata:<\/h3>\n<\/td>\n<td class=\"col-6\">\n<h3>40,50 \u20ac<\/h3>\n<\/td>\n<\/tr>\n<tr>\n<td class=\"text-left\" colspan=\"3\">Per accedir a descomptes en els cursos no subvencionats de formaci\u00f3 es requereix una\u00a0<strong>car\u00e8ncia de tres mesos d\u2019afiliaci\u00f3 en la quota general ordin\u00e0ria.<\/strong>\u00a0Una vegada passats els tres mesos, podreu sol\u00b7licitar el canvi de tipus de quota a redu\u00efda, presentant els justificants d\u2019ingressos pertinents.<\/td>\n<\/tr>\n<\/tbody>\n<\/table>\n<h1 class=\"subtitol mb-auto\"><\/h1>\n<table class=\"table table-bordered table-hover table-condensed table-striped\">\n<tbody>\n<tr class=\"d-flex\">\n<td class=\"col-6 text-left\">\n<h3>Quota militant<\/h3>\n<\/td>\n<td class=\"col-3\">\n<h3>16,90 \u20ac mensuals<\/h3>\n<\/td>\n<td class=\"col-3\">\n<h3>50,70 \u20ac trimestrals<\/h3>\n<\/td>\n<\/tr>\n<tr>\n<td class=\"text-left\" colspan=\"3\">Per a afiliats i afiliades que vulguin col\u00b7laborar refor\u00e7ant econ\u00f2micament el sindicat afegint una petita aportaci\u00f3 volunt\u00e0ria de 3,70 \u20ac mensuals a la quota general ordin\u00e0ria i de 4,90 \u20ac a la quota general redu\u00efda.<\/td>\n<\/tr>\n<\/tbody>\n<\/table>\n<\/div>\n<\/div>\n<\/div>\n<section class=\"text-center\"><\/section>\n<\/div>\n<\/div>\n<\/div>\n<\/div>\n<\/div>\n","protected":false},"excerpt":{"rendered":"<p>Si necesitas contactar con la asesor\u00eda o el gabinete jur\u00eddico de CC.OO aqu\u00ed tienes los datos de contacto: Tarragona August, 48, 1r 43003 Tarragona Lunes y jueves\u00a0de 16.00 a 19.00 &#8230; <a title=\"afiliad@s\" class=\"read-more\" href=\"https:\/\/ccoo.app\/kellogg\/afiliads\/\" aria-label=\"M\u00e9s informaci\u00f3 sobre afiliad@s\">Read more<\/a><\/p>\n","protected":false},"author":2656,"featured_media":0,"parent":0,"menu_order":0,"comment_status":"closed","ping_status":"closed","template":"","meta":{"footnotes":""},"class_list":["post-722","page","type-page","status-publish"],"_links":{"self":[{"href":"https:\/\/ccoo.app\/kellogg\/wp-json\/wp\/v2\/pages\/722","targetHints":{"allow":["GET"]}}],"collection":[{"href":"https:\/\/ccoo.app\/kellogg\/wp-json\/wp\/v2\/pages"}],"about":[{"href":"https:\/\/ccoo.app\/kellogg\/wp-json\/wp\/v2\/types\/page"}],"author":[{"embeddable":true,"href":"https:\/\/ccoo.app\/kellogg\/wp-json\/wp\/v2\/users\/2656"}],"replies":[{"embeddable":true,"href":"https:\/\/ccoo.app\/kellogg\/wp-json\/wp\/v2\/comments?post=722"}],"version-history":[{"count":0,"href":"https:\/\/ccoo.app\/kellogg\/wp-json\/wp\/v2\/pages\/722\/revisions"}],"wp:attachment":[{"href":"https:\/\/ccoo.app\/kellogg\/wp-json\/wp\/v2\/media?parent=722"}],"curies":[{"name":"wp","href":"https:\/\/api.w.org\/{rel}","templated":true}]}}