{"id":31681,"date":"2023-03-01T16:36:31","date_gmt":"2023-03-01T15:36:31","guid":{"rendered":"https:\/\/ccoo.app\/ics\/?page_id=31681"},"modified":"2023-03-01T16:36:31","modified_gmt":"2023-03-01T15:36:31","slug":"qui-som","status":"publish","type":"page","link":"https:\/\/ccoo.app\/ics\/qui-som\/","title":{"rendered":"Qui som"},"content":{"rendered":"\n<h2 class=\"wp-block-heading\">CCOO de l&#8217;ICS, com a sindicat de classe, vetllem pel compliment dels drets col\u00b7lectius de tots els treballadors\/res.<\/h2>\n\n\n\n<p>\u00a0Volem que aquest espai sigui\u00a0com una finestra oberta que us ofereixi la possibilitat d&#8217;accedir a un m\u00f3n d&#8217;informaci\u00f3,\u00a0reflectint\u00a0la realitat de la nostra tasca sindical: negociaci\u00f3 col\u00b7lectiva, eleccions sindicals entre d&#8217;altres, posicionament amb la Federaci\u00f3 de Sanitat, en mat\u00e8ria de pol\u00edtiques sanit\u00e0ries en la l\u00ednia de defensa de la sanitat p\u00fablica.\u00a0<br><br>Tamb\u00e9 volem tenir contacte i coneixement mutu, la vostra participaci\u00f3 ens permetr\u00e0 millorar aquesta eina de comunicaci\u00f3, que, tot plegat, ens ajudar\u00e0 a refor\u00e7ar el nostre paper en la societat.<\/p>\n\n\n\n<div class=\"wp-block-group has-base-background-color has-background\"><div class=\"wp-block-group__inner-container is-layout-constrained wp-block-group-is-layout-constrained\">\n<h2 class=\"wp-block-heading\"><strong>Contacteu amb nosaltres<\/strong><\/h2>\n\n\n\n<p><em><u><strong>Secci\u00f3 Sindical d&#8217;Osona<\/strong><\/u><\/em><br><a rel=\"noreferrer noopener\" href=\"mailto:icsosona@ccoo.cat\" target=\"_blank\">icsosona@ccoo.cat<\/a><br><em><a href=\"mailto:rmaruenda@ccoo.cat\">rmaruenda@ccoo.cat<\/a><\/em><\/p>\n\n\n\n<p><em><u><strong>Secci\u00f3 Sindical Bages \/ Bergued\u00e0 \/ Anoia<\/strong><\/u><\/em><br><a href=\"mailto:pilar.soler@ccoo.cat\">pilar.soler@ccoo,cat<\/a><\/p>\n\n\n\n<h3 class=\"wp-block-heading\"><strong>Totes les vostres consultes i dades seran tractades amb total\u00a0confidencialitat.<\/strong>\u00a0\u00a0 \u00a0 \u00a0 \u00a0 <br>No ho dubteu, per qualsevol problema.<\/h3>\n<\/div><\/div>\n","protected":false},"excerpt":{"rendered":"<p>CCOO de l&#8217;ICS, com a sindicat de classe, vetllem pel compliment dels drets col\u00b7lectius de tots els treballadors\/res. \u00a0Volem que aquest espai sigui\u00a0com una finestra oberta que us ofereixi la &#8230; <a title=\"Qui som\" class=\"read-more\" href=\"https:\/\/ccoo.app\/ics\/qui-som\/\" aria-label=\"M\u00e9s informaci\u00f3 sobre Qui som\">Read more<\/a><\/p>\n","protected":false},"author":7,"featured_media":0,"parent":0,"menu_order":0,"comment_status":"closed","ping_status":"closed","template":"","meta":{"footnotes":""},"class_list":["post-31681","page","type-page","status-publish"],"_links":{"self":[{"href":"https:\/\/ccoo.app\/ics\/wp-json\/wp\/v2\/pages\/31681","targetHints":{"allow":["GET"]}}],"collection":[{"href":"https:\/\/ccoo.app\/ics\/wp-json\/wp\/v2\/pages"}],"about":[{"href":"https:\/\/ccoo.app\/ics\/wp-json\/wp\/v2\/types\/page"}],"author":[{"embeddable":true,"href":"https:\/\/ccoo.app\/ics\/wp-json\/wp\/v2\/users\/7"}],"replies":[{"embeddable":true,"href":"https:\/\/ccoo.app\/ics\/wp-json\/wp\/v2\/comments?post=31681"}],"version-history":[{"count":1,"href":"https:\/\/ccoo.app\/ics\/wp-json\/wp\/v2\/pages\/31681\/revisions"}],"predecessor-version":[{"id":31682,"href":"https:\/\/ccoo.app\/ics\/wp-json\/wp\/v2\/pages\/31681\/revisions\/31682"}],"wp:attachment":[{"href":"https:\/\/ccoo.app\/ics\/wp-json\/wp\/v2\/media?parent=31681"}],"curies":[{"name":"wp","href":"https:\/\/api.w.org\/{rel}","templated":true}]}}

<h2 class="wp-block-heading">CCOO de l&#8217;ICS, com a sindicat de classe, vetllem pel compliment dels drets col·lectius de tots els treballadors/res.</h2>



<p> Volem que aquest espai sigui com una finestra oberta que us ofereixi la possibilitat d&#8217;accedir a un món d&#8217;informació, reflectint la realitat de la nostra tasca sindical: negociació col·lectiva, eleccions sindicals entre d&#8217;altres, posicionament amb la Federació de Sanitat, en matèria de polítiques sanitàries en la línia de defensa de la sanitat pública. <br><br>També volem tenir contacte i coneixement mutu, la vostra participació ens permetrà millorar aquesta eina de comunicació, que, tot plegat, ens ajudarà a reforçar el nostre paper en la societat.</p>



<div class="wp-block-group has-base-background-color has-background"><div class="wp-block-group__inner-container is-layout-constrained wp-block-group-is-layout-constrained">
<h2 class="wp-block-heading"><strong>Contacteu amb nosaltres</strong></h2>



<p><em><u><strong>Secció Sindical d&#8217;Osona</strong></u></em><br><a rel="noreferrer noopener" href="mailto:icsosona@ccoo.cat" target="_blank">icsosona@ccoo.cat</a><br><em><a href="mailto:rmaruenda@ccoo.cat">rmaruenda@ccoo.cat</a></em></p>



<p><em><u><strong>Secció Sindical Bages / Berguedà / Anoia</strong></u></em><br><a href="mailto:pilar.soler@ccoo.cat">pilar.soler@ccoo,cat</a></p>



<h3 class="wp-block-heading"><strong>Totes les vostres consultes i dades seran tractades amb total confidencialitat.</strong>         <br>No ho dubteu, per qualsevol problema.</h3>
</div></div>

<p>CCOO de l&#8217;ICS, com a sindicat de classe, vetllem pel compliment dels drets col·lectius de tots els treballadors/res.  Volem que aquest espai sigui com una finestra oberta que us ofereixi la &#8230; <a title="Qui som" class="read-more" href="https://ccoo.app/ics/qui-som/" aria-label="Més informació sobre Qui som">Read more</a></p>
