{"id":472,"date":"2018-06-14T12:35:20","date_gmt":"2018-06-14T10:35:20","guid":{"rendered":"http:\/\/fsc-local.ccoo.cat\/?page_id=472"},"modified":"2018-06-14T12:35:20","modified_gmt":"2018-06-14T10:35:20","slug":"salut-laboral-2","status":"publish","type":"page","link":"https:\/\/ccoo.app\/fsc-administracio-local\/salut-laboral-2\/","title":{"rendered":"Salut laboral"},"content":{"rendered":"<div id=\"pl-472\" class=\"panel-layout\">\n<div id=\"pg-472-0\" class=\"panel-grid panel-no-style\">\n<div id=\"pgc-472-0-0\" class=\"panel-grid-cell\" data-weight=\"1\">\n<div id=\"panel-472-0-0-0\" class=\"so-panel widget widget_sow-editor panel-first-child panel-last-child\" data-index=\"0\" data-style=\"{&quot;background_image_attachment&quot;:false,&quot;background_display&quot;:&quot;tile&quot;}\">\n<div class=\"so-widget-sow-editor so-widget-sow-editor-base\">\n<div class=\"siteorigin-widget-tinymce textwidget\">\n<p>Quan parlem de la salut laboral ens estem referint a la salut de les persones en relaci\u00f3 amb la seva ocupaci\u00f3 professional. Hem de tenir present que les condicions de treball poden influir perjudicialment sobre la salut quan la feina es desenvolupa en condicions que poden causar accidents o malalties i tamb\u00e9 quan produeix fatiga i insatisfacci\u00f3, i trenca l\u2019equilibri mental i social de les persones. Per\u00f2 tamb\u00e9 hem de tenir en compte que quan les condicions de treball son \u00f2ptimes la feina pot actuar sobre la salut de les persones en sentit contrari, \u00e9s a dir, llocs de treball saludables a empreses generadores de salut.<\/p>\n<p>L\u2019<a class=\"FW_sLinkEWebEditPro FW_lFormat\" title=\"This link will be opened in a new window.\" href=\"http:\/\/www.ilo.org\/global\/lang--es\/index.htm#a2\" rel=\"external;800;600\">Organitzaci\u00f3 Internacional dels Treballadors<\/a>\u00a0i l\u2019<a class=\"FW_sLinkEWebEditPro FW_lFormat\" title=\"This link will be opened in a new window.\" href=\"http:\/\/www.who.int\/es\/\" rel=\"external;800;600\">Organitzaci\u00f3 Mundial de la Salut<\/a>\u00a0han definit la salut laboral com \u00abla promoci\u00f3 i el manteniment del m\u00e9s alt grau de desenvolupament f\u00edsic i mental, i del benestar social dels treballadors en totes les ocupacions, la prevenci\u00f3 entre els treballadors de les desviacions de la salut causades per les seves condicions de treball, la protecci\u00f3 dels treballadors a la seva feina contra els riscos resultants de factors adversos a la salut, la col\u00b7locaci\u00f3 i el manteniment del treballador en un entorn de treball adaptat a les seves capacitats fisiol\u00f2giques i psicol\u00f2giques, i, per resumir, l&#8217;adaptaci\u00f3 de la feina a la persona i de cada persona a la seva feina\u00bb.<\/p>\n<p>Us enllacem la <a href=\"https:\/\/drive.google.com\/file\/d\/1B72UGtPxX4j6avlzR6fFYNmg3B_QcZkP\/view\" target=\"_blank\" rel=\"noopener\">Resoluci\u00f3<\/a> de la Federaci\u00f3 de Serveis a la Ciutadania de Catalunya sobre la inhibici\u00f3 de la inspecci\u00f3 de Treball de Catalunya (ITC) en cassos d&#8217;assetjament laboral, conflicte o viol\u00e8ncia que pateixi el personal funcionari i estatutari.<\/p>\n<\/div>\n<\/div>\n<\/div>\n<\/div>\n<\/div>\n<div id=\"pg-472-1\" class=\"panel-grid panel-no-style\" data-style=\"{&quot;background_image_attachment&quot;:false,&quot;background_display&quot;:&quot;tile&quot;,&quot;cell_alignment&quot;:&quot;flex-start&quot;}\" data-ratio=\"0.33333333\" data-ratio-direction=\"left\">\n<div id=\"pgc-472-1-0\" class=\"panel-grid-cell\" data-weight=\"1\">\n<div id=\"panel-472-1-0-0\" class=\"so-panel widget widget_text panel-first-child panel-last-child\" data-index=\"1\" data-style=\"{&quot;background_image_attachment&quot;:false,&quot;background_display&quot;:&quot;tile&quot;}\">\n<div class=\"textwidget\">\n<p>&nbsp;<\/p>\n<p>&nbsp;<\/p>\n<\/div><\/div>\n<\/div>\n<\/div>\n<div id=\"pg-472-2\" class=\"panel-grid panel-no-style\" data-style=\"{&quot;background_image_attachment&quot;:false,&quot;background_display&quot;:&quot;tile&quot;,&quot;cell_alignment&quot;:&quot;flex-start&quot;}\" data-ratio=\"0.33333333\" data-ratio-direction=\"left\">\n<div id=\"pgc-472-2-0\" class=\"panel-grid-cell\" data-weight=\"1\">\n<div id=\"panel-472-2-0-0\" class=\"so-panel widget widget_sow-editor panel-first-child panel-last-child\" data-index=\"2\" data-style=\"{&quot;background_image_attachment&quot;:false,&quot;background_display&quot;:&quot;tile&quot;}\">\n<div class=\"so-widget-sow-editor so-widget-sow-editor-base\">\n<h3 class=\"widget-title\">Guia Incapacitat Temporal<\/h3>\n<div class=\"siteorigin-widget-tinymce textwidget\">\n<hr \/>\n<h2><img loading=\"lazy\" decoding=\"async\" class=\" wp-image-577 alignleft\" src=\"https:\/\/fsc-local.ccoo.cat\/wp-content\/uploads\/sites\/110\/2018\/09\/IT-mutuas-107x300.jpg\" alt=\"\" width=\"77\" height=\"216\" srcset=\"https:\/\/ccoo.app\/fsc-administracio-local\/wp-content\/blogs.dir\/6\/files\/sites\/219\/2018\/09\/IT-mutuas-107x300.jpg 107w, https:\/\/ccoo.app\/fsc-administracio-local\/wp-content\/blogs.dir\/6\/files\/sites\/219\/2018\/09\/IT-mutuas.jpg 155w\" sizes=\"auto, (max-width: 77px) 100vw, 77px\" \/><\/h2>\n<h2>GUIA Incapacitat temporal i M\u00fatues: qu\u00e8 cal saber<\/h2>\n<p>Us deixem una <a href=\"https:\/\/docs.google.com\/a\/ccoo.cat\/viewer?a=v&amp;pid=sites&amp;srcid=Y2Nvby5jYXR8ZnNjX3NlY3Rvcl9sb2NhbHxneDo2MmM4NTEyODBhMTNiOGIx\" target=\"_blank\" rel=\"noopener\">guia<\/a>, en castell\u00e0, on s&#8217;explica com funcionen les m\u00fatues i tot el que cal saber quan en trobem en una situaci\u00f3 de baixa per Incapacitat Temporal.<\/p>\n<p>\u00abLa salut no ho \u00e9s tot, per\u00f2 sense aquesta la resta no \u00e9s res\u00bb.<\/p><\/div>\n<\/div>\n<\/div>\n<\/div>\n<\/div>\n<div id=\"pg-472-3\" class=\"panel-grid panel-no-style\" data-style=\"{&quot;background_image_attachment&quot;:false,&quot;background_display&quot;:&quot;tile&quot;,&quot;cell_alignment&quot;:&quot;flex-start&quot;}\" data-ratio=\"1\" data-ratio-direction=\"right\">\n<div id=\"pgc-472-3-0\" class=\"panel-grid-cell panel-grid-cell-mobile-last\" data-weight=\"0.5\">\n<div id=\"panel-472-3-0-0\" class=\"so-panel widget widget_sow-google-map panel-first-child panel-last-child\" data-index=\"3\" data-style=\"{&quot;background_image_attachment&quot;:false,&quot;background_display&quot;:&quot;tile&quot;}\">[siteorigin_widget class=\u00bbSiteOrigin_Widget_GoogleMap_Widget\u00bb][\/siteorigin_widget]<\/div>\n<\/div>\n<div id=\"pgc-472-3-1\" class=\"panel-grid-cell panel-grid-cell-empty\" data-weight=\"0.5\"><\/div>\n<\/div>\n<\/div>\n","protected":false},"excerpt":{"rendered":"<p>Quan parlem de la salut laboral ens estem referint a la salut de les persones en relaci\u00f3 amb la seva ocupaci\u00f3 professional. Hem de tenir present que les condicions de &#8230; <a title=\"Salut laboral\" class=\"read-more\" href=\"https:\/\/ccoo.app\/fsc-administracio-local\/salut-laboral-2\/\" aria-label=\"Leer m\u00e1s sobre Salut laboral\">Leer m\u00e1s<\/a><\/p>\n","protected":false},"author":4519,"featured_media":0,"parent":0,"menu_order":0,"comment_status":"closed","ping_status":"closed","template":"","meta":{"footnotes":""},"class_list":["post-472","page","type-page","status-publish"],"_links":{"self":[{"href":"https:\/\/ccoo.app\/fsc-administracio-local\/wp-json\/wp\/v2\/pages\/472","targetHints":{"allow":["GET"]}}],"collection":[{"href":"https:\/\/ccoo.app\/fsc-administracio-local\/wp-json\/wp\/v2\/pages"}],"about":[{"href":"https:\/\/ccoo.app\/fsc-administracio-local\/wp-json\/wp\/v2\/types\/page"}],"author":[{"embeddable":true,"href":"https:\/\/ccoo.app\/fsc-administracio-local\/wp-json\/wp\/v2\/users\/4519"}],"replies":[{"embeddable":true,"href":"https:\/\/ccoo.app\/fsc-administracio-local\/wp-json\/wp\/v2\/comments?post=472"}],"version-history":[{"count":0,"href":"https:\/\/ccoo.app\/fsc-administracio-local\/wp-json\/wp\/v2\/pages\/472\/revisions"}],"wp:attachment":[{"href":"https:\/\/ccoo.app\/fsc-administracio-local\/wp-json\/wp\/v2\/media?parent=472"}],"curies":[{"name":"wp","href":"https:\/\/api.w.org\/{rel}","templated":true}]}}

<div id="pl-472" class="panel-layout">
<div id="pg-472-0" class="panel-grid panel-no-style">
<div id="pgc-472-0-0" class="panel-grid-cell" data-weight="1">
<div id="panel-472-0-0-0" class="so-panel widget widget_sow-editor panel-first-child panel-last-child" data-index="0" data-style="{&quot;background_image_attachment&quot;:false,&quot;background_display&quot;:&quot;tile&quot;}">
<div class="so-widget-sow-editor so-widget-sow-editor-base">
<div class="siteorigin-widget-tinymce textwidget">
<p>Quan parlem de la salut laboral ens estem referint a la salut de les persones en relació amb la seva ocupació professional. Hem de tenir present que les condicions de treball poden influir perjudicialment sobre la salut quan la feina es desenvolupa en condicions que poden causar accidents o malalties i també quan produeix fatiga i insatisfacció, i trenca l’equilibri mental i social de les persones. Però també hem de tenir en compte que quan les condicions de treball son òptimes la feina pot actuar sobre la salut de les persones en sentit contrari, és a dir, llocs de treball saludables a empreses generadores de salut.</p>
<p>L’<a class="FW_sLinkEWebEditPro FW_lFormat" title="This link will be opened in a new window." href="http://www.ilo.org/global/lang--es/index.htm#a2" rel="external;800;600">Organització Internacional dels Treballadors</a> i l’<a class="FW_sLinkEWebEditPro FW_lFormat" title="This link will be opened in a new window." href="http://www.who.int/es/" rel="external;800;600">Organització Mundial de la Salut</a> han definit la salut laboral com «la promoció i el manteniment del més alt grau de desenvolupament físic i mental, i del benestar social dels treballadors en totes les ocupacions, la prevenció entre els treballadors de les desviacions de la salut causades per les seves condicions de treball, la protecció dels treballadors a la seva feina contra els riscos resultants de factors adversos a la salut, la col·locació i el manteniment del treballador en un entorn de treball adaptat a les seves capacitats fisiològiques i psicològiques, i, per resumir, l&#8217;adaptació de la feina a la persona i de cada persona a la seva feina».</p>
<p>Us enllacem la <a href="https://drive.google.com/file/d/1B72UGtPxX4j6avlzR6fFYNmg3B_QcZkP/view" target="_blank" rel="noopener">Resolució</a> de la Federació de Serveis a la Ciutadania de Catalunya sobre la inhibició de la inspecció de Treball de Catalunya (ITC) en cassos d&#8217;assetjament laboral, conflicte o violència que pateixi el personal funcionari i estatutari.</p>
</div>
</div>
</div>
</div>
</div>
<div id="pg-472-1" class="panel-grid panel-no-style" data-style="{&quot;background_image_attachment&quot;:false,&quot;background_display&quot;:&quot;tile&quot;,&quot;cell_alignment&quot;:&quot;flex-start&quot;}" data-ratio="0.33333333" data-ratio-direction="left">
<div id="pgc-472-1-0" class="panel-grid-cell" data-weight="1">
<div id="panel-472-1-0-0" class="so-panel widget widget_text panel-first-child panel-last-child" data-index="1" data-style="{&quot;background_image_attachment&quot;:false,&quot;background_display&quot;:&quot;tile&quot;}">
<div class="textwidget">
<p>&nbsp;</p>
<p>&nbsp;</p>
</div></div>
</div>
</div>
<div id="pg-472-2" class="panel-grid panel-no-style" data-style="{&quot;background_image_attachment&quot;:false,&quot;background_display&quot;:&quot;tile&quot;,&quot;cell_alignment&quot;:&quot;flex-start&quot;}" data-ratio="0.33333333" data-ratio-direction="left">
<div id="pgc-472-2-0" class="panel-grid-cell" data-weight="1">
<div id="panel-472-2-0-0" class="so-panel widget widget_sow-editor panel-first-child panel-last-child" data-index="2" data-style="{&quot;background_image_attachment&quot;:false,&quot;background_display&quot;:&quot;tile&quot;}">
<div class="so-widget-sow-editor so-widget-sow-editor-base">
<h3 class="widget-title">Guia Incapacitat Temporal</h3>
<div class="siteorigin-widget-tinymce textwidget">
<hr />
<h2><img loading="lazy" decoding="async" class=" wp-image-577 alignleft" src="https://fsc-local.ccoo.cat/wp-content/uploads/sites/110/2018/09/IT-mutuas-107x300.jpg" alt="" width="77" height="216" srcset="https://ccoo.app/fsc-administracio-local/wp-content/blogs.dir/6/files/sites/219/2018/09/IT-mutuas-107x300.jpg 107w, https://ccoo.app/fsc-administracio-local/wp-content/blogs.dir/6/files/sites/219/2018/09/IT-mutuas.jpg 155w" sizes="auto, (max-width: 77px) 100vw, 77px" /></h2>
<h2>GUIA Incapacitat temporal i Mútues: què cal saber</h2>
<p>Us deixem una <a href="https://docs.google.com/a/ccoo.cat/viewer?a=v&amp;pid=sites&amp;srcid=Y2Nvby5jYXR8ZnNjX3NlY3Rvcl9sb2NhbHxneDo2MmM4NTEyODBhMTNiOGIx" target="_blank" rel="noopener">guia</a>, en castellà, on s&#8217;explica com funcionen les mútues i tot el que cal saber quan en trobem en una situació de baixa per Incapacitat Temporal.</p>
<p>«La salut no ho és tot, però sense aquesta la resta no és res».</p></div>
</div>
</div>
</div>
</div>
<div id="pg-472-3" class="panel-grid panel-no-style" data-style="{&quot;background_image_attachment&quot;:false,&quot;background_display&quot;:&quot;tile&quot;,&quot;cell_alignment&quot;:&quot;flex-start&quot;}" data-ratio="1" data-ratio-direction="right">
<div id="pgc-472-3-0" class="panel-grid-cell panel-grid-cell-mobile-last" data-weight="0.5">
<div id="panel-472-3-0-0" class="so-panel widget widget_sow-google-map panel-first-child panel-last-child" data-index="3" data-style="{&quot;background_image_attachment&quot;:false,&quot;background_display&quot;:&quot;tile&quot;}">[siteorigin_widget class=»SiteOrigin_Widget_GoogleMap_Widget»][/siteorigin_widget]</div>
</div>
<div id="pgc-472-3-1" class="panel-grid-cell panel-grid-cell-empty" data-weight="0.5"></div>
</div>
</div>

<p>Quan parlem de la salut laboral ens estem referint a la salut de les persones en relació amb la seva ocupació professional. Hem de tenir present que les condicions de &#8230; <a title="Salut laboral" class="read-more" href="https://ccoo.app/fsc-administracio-local/salut-laboral-2/" aria-label="Leer más sobre Salut laboral">Leer más</a></p>
