{"id":2906,"date":"2023-02-06T10:50:06","date_gmt":"2023-02-06T09:50:06","guid":{"rendered":"https:\/\/fsc-local.ccoo.cat\/?page_id=2906"},"modified":"2023-02-06T10:50:06","modified_gmt":"2023-02-06T09:50:06","slug":"formacio","status":"publish","type":"page","link":"https:\/\/ccoo.app\/fsc-administracio-local\/formacio\/","title":{"rendered":"FORMACI\u00d3"},"content":{"rendered":"\n<h2 class=\"wp-block-heading\"><strong>PROPOSTES SINDICALS DE CCOO PEL PERSONAL&nbsp;<\/strong><strong>QUE TREBALLA A LES ADMINSTRACIONS LOCALS&nbsp;<\/strong><strong>(INCLOU SECTOR P\u00daBLIC*)<\/strong><\/h2>\n\n\n\n<h6 class=\"wp-block-heading\">*LPGE 2023&nbsp;<em>T\u00cdTULO III \u2013 CAP\u00cdTULO I De los gastos de personal al servicio del sector p\u00fablico. Art\u00edculo 19. Uno<\/em>.<\/h6>\n\n\n<div class=\"wp-block-image\">\n<figure class=\"aligncenter size-large is-resized\"><a href=\"https:\/\/fsc-local.ccoo.cat\/wp-content\/uploads\/sites\/110\/2023\/04\/4.-FORMACIO.jpg\"><img loading=\"lazy\" decoding=\"async\" src=\"https:\/\/fsc-local.ccoo.cat\/wp-content\/uploads\/sites\/110\/2023\/04\/4.-FORMACIO-727x1024.jpg\" alt=\"\" class=\"wp-image-3213\" width=\"364\" height=\"512\" title=\"Resum proposta FORMACI\u00d3\" srcset=\"https:\/\/ccoo.app\/fsc-administracio-local\/wp-content\/blogs.dir\/6\/files\/sites\/219\/2023\/04\/4.-FORMACIO-727x1024.jpg 727w, https:\/\/ccoo.app\/fsc-administracio-local\/wp-content\/blogs.dir\/6\/files\/sites\/219\/2023\/04\/4.-FORMACIO-213x300.jpg 213w, https:\/\/ccoo.app\/fsc-administracio-local\/wp-content\/blogs.dir\/6\/files\/sites\/219\/2023\/04\/4.-FORMACIO-768x1082.jpg 768w, https:\/\/ccoo.app\/fsc-administracio-local\/wp-content\/blogs.dir\/6\/files\/sites\/219\/2023\/04\/4.-FORMACIO-1090x1536.jpg 1090w, https:\/\/ccoo.app\/fsc-administracio-local\/wp-content\/blogs.dir\/6\/files\/sites\/219\/2023\/04\/4.-FORMACIO.jpg 1419w\" sizes=\"auto, (max-width: 364px) 100vw, 364px\" \/><\/a><figcaption class=\"wp-element-caption\">RESUM de totes les nostres propostes al Qr<\/figcaption><\/figure>\n<\/div>\n\n\n<p>Entre els drets individuals, recollits en l\u2019article 14 de la Llei 7\/2007, de 12 d\u2019abril, de l\u2019Estatut B\u00e0sic del Empleat P\u00fablic (en endavant EBEP), es troba en el seu apartat g) el &nbsp;<strong>dret a \u201c<em>la formaci\u00f3 continua i a l\u2019actualitzaci\u00f3 permanent dels seus coneixements i&nbsp; capacitats professionals, preferentment en horari laboral<\/em>\u201d.<\/strong><\/p>\n\n\n\n<p>Poca normativa concreta respecte a la formaci\u00f3 continua es troba m\u00e9s enll\u00e0 dels permisos i llicencies, deixant la regulaci\u00f3 dels particularitats de la gesti\u00f3 d\u2019aquesta, en &nbsp;l\u2019\u00e0mbit de les Entitats Locals, a pactes, acords o convenis.<\/p>\n\n\n\n<p>D\u2019acord amb l\u2019article 37.1f de l\u2019EBEP, ser\u00e0 objecte de negociaci\u00f3 \u201cels&nbsp; criteris generals dels plans i fons per a la formaci\u00f3\u201d, per la qual cosa s\u2019ent\u00e9n que, a nivell de cada ens locals, es pot negociar el r\u00e8gim de permisos de formaci\u00f3 (condicions i l\u00edmits en funci\u00f3 de les caracter\u00edstiques de la formaci\u00f3), aix\u00ed com un pla de formaci\u00f3.<\/p>\n\n\n\n<p>CCOO entenem la formaci\u00f3 d&#8217;una forma global at\u00e8s que l&#8217;aprenentatge de les &nbsp;persones es perllonga durant tota la vida, i en el cas que ens ocupa, durant tota la seva vida laboral.<\/p>\n\n\n\n<p>Per aquest motiu, la nostra proposta \u00e9s la seg\u00fcent:<\/p>\n\n\n\n<ul class=\"wp-block-list\">\n<li>Formaci\u00f3 pel desenvolupament professional en el context espec\u00edfic del lloc de treball<\/li>\n<\/ul>\n\n\n\n<ul class=\"wp-block-list\">\n<li>Formaci\u00f3 pel desenvolupament i preparaci\u00f3 de les persones per a que puguin avan\u00e7ar amb l&#8217;organitzaci\u00f3 quan aquesta canvia, creix i es desenvolupa<\/li>\n<\/ul>\n\n\n\n<ul class=\"wp-block-list\">\n<li>Formaci\u00f3 pel desenvolupament integral de la persona.<\/li>\n<\/ul>\n\n\n<div class=\"wp-block-image\">\n<figure class=\"aligncenter size-full is-resized\"><img loading=\"lazy\" decoding=\"async\" src=\"https:\/\/fsc-local.ccoo.cat\/wp-content\/uploads\/sites\/110\/2023\/04\/baner-vota-ccoo.jpg\" alt=\"\" class=\"wp-image-3288\" width=\"488\" height=\"274\" srcset=\"https:\/\/ccoo.app\/fsc-administracio-local\/wp-content\/blogs.dir\/6\/files\/sites\/219\/2023\/04\/baner-vota-ccoo.jpg 1024w, https:\/\/ccoo.app\/fsc-administracio-local\/wp-content\/blogs.dir\/6\/files\/sites\/219\/2023\/04\/baner-vota-ccoo-300x169.jpg 300w, https:\/\/ccoo.app\/fsc-administracio-local\/wp-content\/blogs.dir\/6\/files\/sites\/219\/2023\/04\/baner-vota-ccoo-768x432.jpg 768w\" sizes=\"auto, (max-width: 488px) 100vw, 488px\" \/><\/figure>\n<\/div>\n\n\n<p>Per CCOO, la formaci\u00f3 dels treballadors i treballadores dels ens on tenim representaci\u00f3 sindical \u00e9s una prioritat al llarg de tota la vida laboral. En aquest sentit cal treballar i negociar un <em>Pla de formaci\u00f3<\/em> que respongui a les necessitats reals:<\/p>\n\n\n\n<ul class=\"wp-block-list\">\n<li>Tota la formaci\u00f3 s\u2019ha de realitzar preferentment dins de la jornada de treball. CCOO defensem acords que estableixin que \u201cobligat\u00f2riament\u201d la formaci\u00f3 que estigui directament relacionada amb les funcions del lloc de treball es faci dins de la jornada.<\/li>\n\n\n\n<li>Garantint la igualtat d\u2019oportunitats a l\u2019hora de participar en accions formatives demanant que no es discrimini la formaci\u00f3 de les categories administratives en front de les t\u00e8cniques.<\/li>\n<\/ul>\n\n\n\n<ul class=\"wp-block-list\">\n<li>Establint criteris de selecci\u00f3 dels participants a la formaci\u00f3. Exigint la participaci\u00f3 dels representants dels treballadors en el proc\u00e9s de disseny de l\u2019itinerari formatiu dels treballadors (dret reconegut a l\u2019EBEP)<\/li>\n<\/ul>\n\n\n\n<ul class=\"wp-block-list\">\n<li>Afavorir el desenvolupament integral de la persona:<ul><li>Planificant la realitzaci\u00f3 de formaci\u00f3 no estrictament professional.<\/li><\/ul>\n<ul class=\"wp-block-list\">\n<li>Incloent formaci\u00f3 d\u2019idiomes: Catal\u00e0 i altres com poden ser l\u2019Angl\u00e8s, Franc\u00e8s, etc.<\/li>\n<\/ul>\n<\/li>\n<\/ul>\n\n\n\n<ul class=\"wp-block-list\">\n<li>Mateixos drets pel personal que no tingui una jornada ordin\u00e0ria. Cal ajustar la formaci\u00f3, per exemple, a qui tingui torn de tarda, nit o que treballa els caps de setmana (aquesta circumst\u00e0ncia no ha de perjudicar el fet que la seva formaci\u00f3 es faci dins de la jornada). Tamb\u00e9, el personal inter\u00ed de substituci\u00f3 ha d\u2019exercir el seu dret en formaci\u00f3.<\/li>\n<\/ul>\n    \t","protected":false},"excerpt":{"rendered":"<p>PROPOSTES SINDICALS DE CCOO PEL PERSONAL&nbsp;QUE TREBALLA A LES ADMINSTRACIONS LOCALS&nbsp;(INCLOU SECTOR P\u00daBLIC*) *LPGE 2023&nbsp;T\u00cdTULO III \u2013 CAP\u00cdTULO I De los gastos de personal al servicio del sector p\u00fablico. Art\u00edculo &#8230; <a title=\"FORMACI\u00d3\" class=\"read-more\" href=\"https:\/\/ccoo.app\/fsc-administracio-local\/formacio\/\" aria-label=\"Leer m\u00e1s sobre FORMACI\u00d3\">Leer m\u00e1s<\/a><\/p>\n","protected":false},"author":4519,"featured_media":0,"parent":0,"menu_order":0,"comment_status":"closed","ping_status":"closed","template":"","meta":{"footnotes":""},"class_list":["post-2906","page","type-page","status-publish"],"_links":{"self":[{"href":"https:\/\/ccoo.app\/fsc-administracio-local\/wp-json\/wp\/v2\/pages\/2906","targetHints":{"allow":["GET"]}}],"collection":[{"href":"https:\/\/ccoo.app\/fsc-administracio-local\/wp-json\/wp\/v2\/pages"}],"about":[{"href":"https:\/\/ccoo.app\/fsc-administracio-local\/wp-json\/wp\/v2\/types\/page"}],"author":[{"embeddable":true,"href":"https:\/\/ccoo.app\/fsc-administracio-local\/wp-json\/wp\/v2\/users\/4519"}],"replies":[{"embeddable":true,"href":"https:\/\/ccoo.app\/fsc-administracio-local\/wp-json\/wp\/v2\/comments?post=2906"}],"version-history":[{"count":0,"href":"https:\/\/ccoo.app\/fsc-administracio-local\/wp-json\/wp\/v2\/pages\/2906\/revisions"}],"wp:attachment":[{"href":"https:\/\/ccoo.app\/fsc-administracio-local\/wp-json\/wp\/v2\/media?parent=2906"}],"curies":[{"name":"wp","href":"https:\/\/api.w.org\/{rel}","templated":true}]}}

FORMACIÓ

<h2 class="wp-block-heading"><strong>PROPOSTES SINDICALS DE CCOO PEL PERSONAL&nbsp;</strong><strong>QUE TREBALLA A LES ADMINSTRACIONS LOCALS&nbsp;</strong><strong>(INCLOU SECTOR PÚBLIC*)</strong></h2>



<h6 class="wp-block-heading">*LPGE 2023&nbsp;<em>TÍTULO III – CAPÍTULO I De los gastos de personal al servicio del sector público. Artículo 19. Uno</em>.</h6>


<div class="wp-block-image">
<figure class="aligncenter size-large is-resized"><a href="https://fsc-local.ccoo.cat/wp-content/uploads/sites/110/2023/04/4.-FORMACIO.jpg"><img loading="lazy" decoding="async" src="https://fsc-local.ccoo.cat/wp-content/uploads/sites/110/2023/04/4.-FORMACIO-727x1024.jpg" alt="" class="wp-image-3213" width="364" height="512" title="Resum proposta FORMACIÓ" srcset="https://ccoo.app/fsc-administracio-local/wp-content/blogs.dir/6/files/sites/219/2023/04/4.-FORMACIO-727x1024.jpg 727w, https://ccoo.app/fsc-administracio-local/wp-content/blogs.dir/6/files/sites/219/2023/04/4.-FORMACIO-213x300.jpg 213w, https://ccoo.app/fsc-administracio-local/wp-content/blogs.dir/6/files/sites/219/2023/04/4.-FORMACIO-768x1082.jpg 768w, https://ccoo.app/fsc-administracio-local/wp-content/blogs.dir/6/files/sites/219/2023/04/4.-FORMACIO-1090x1536.jpg 1090w, https://ccoo.app/fsc-administracio-local/wp-content/blogs.dir/6/files/sites/219/2023/04/4.-FORMACIO.jpg 1419w" sizes="auto, (max-width: 364px) 100vw, 364px" /></a><figcaption class="wp-element-caption">RESUM de totes les nostres propostes al Qr</figcaption></figure>
</div>


<p>Entre els drets individuals, recollits en l’article 14 de la Llei 7/2007, de 12 d’abril, de l’Estatut Bàsic del Empleat Públic (en endavant EBEP), es troba en el seu apartat g) el &nbsp;<strong>dret a “<em>la formació continua i a l’actualització permanent dels seus coneixements i&nbsp; capacitats professionals, preferentment en horari laboral</em>”.</strong></p>



<p>Poca normativa concreta respecte a la formació continua es troba més enllà dels permisos i llicencies, deixant la regulació dels particularitats de la gestió d’aquesta, en &nbsp;l’àmbit de les Entitats Locals, a pactes, acords o convenis.</p>



<p>D’acord amb l’article 37.1f de l’EBEP, serà objecte de negociació “els&nbsp; criteris generals dels plans i fons per a la formació”, per la qual cosa s’entén que, a nivell de cada ens locals, es pot negociar el règim de permisos de formació (condicions i límits en funció de les característiques de la formació), així com un pla de formació.</p>



<p>CCOO entenem la formació d&#8217;una forma global atès que l&#8217;aprenentatge de les &nbsp;persones es perllonga durant tota la vida, i en el cas que ens ocupa, durant tota la seva vida laboral.</p>



<p>Per aquest motiu, la nostra proposta és la següent:</p>



<ul class="wp-block-list">
<li>Formació pel desenvolupament professional en el context específic del lloc de treball</li>
</ul>



<ul class="wp-block-list">
<li>Formació pel desenvolupament i preparació de les persones per a que puguin avançar amb l&#8217;organització quan aquesta canvia, creix i es desenvolupa</li>
</ul>



<ul class="wp-block-list">
<li>Formació pel desenvolupament integral de la persona.</li>
</ul>


<div class="wp-block-image">
<figure class="aligncenter size-full is-resized"><img loading="lazy" decoding="async" src="https://fsc-local.ccoo.cat/wp-content/uploads/sites/110/2023/04/baner-vota-ccoo.jpg" alt="" class="wp-image-3288" width="488" height="274" srcset="https://ccoo.app/fsc-administracio-local/wp-content/blogs.dir/6/files/sites/219/2023/04/baner-vota-ccoo.jpg 1024w, https://ccoo.app/fsc-administracio-local/wp-content/blogs.dir/6/files/sites/219/2023/04/baner-vota-ccoo-300x169.jpg 300w, https://ccoo.app/fsc-administracio-local/wp-content/blogs.dir/6/files/sites/219/2023/04/baner-vota-ccoo-768x432.jpg 768w" sizes="auto, (max-width: 488px) 100vw, 488px" /></figure>
</div>


<p>Per CCOO, la formació dels treballadors i treballadores dels ens on tenim representació sindical és una prioritat al llarg de tota la vida laboral. En aquest sentit cal treballar i negociar un <em>Pla de formació</em> que respongui a les necessitats reals:</p>



<ul class="wp-block-list">
<li>Tota la formació s’ha de realitzar preferentment dins de la jornada de treball. CCOO defensem acords que estableixin que “obligatòriament” la formació que estigui directament relacionada amb les funcions del lloc de treball es faci dins de la jornada.</li>



<li>Garantint la igualtat d’oportunitats a l’hora de participar en accions formatives demanant que no es discrimini la formació de les categories administratives en front de les tècniques.</li>
</ul>



<ul class="wp-block-list">
<li>Establint criteris de selecció dels participants a la formació. Exigint la participació dels representants dels treballadors en el procés de disseny de l’itinerari formatiu dels treballadors (dret reconegut a l’EBEP)</li>
</ul>



<ul class="wp-block-list">
<li>Afavorir el desenvolupament integral de la persona:<ul><li>Planificant la realització de formació no estrictament professional.</li></ul>
<ul class="wp-block-list">
<li>Incloent formació d’idiomes: Català i altres com poden ser l’Anglès, Francès, etc.</li>
</ul>
</li>
</ul>



<ul class="wp-block-list">
<li>Mateixos drets pel personal que no tingui una jornada ordinària. Cal ajustar la formació, per exemple, a qui tingui torn de tarda, nit o que treballa els caps de setmana (aquesta circumstància no ha de perjudicar el fet que la seva formació es faci dins de la jornada). També, el personal interí de substitució ha d’exercir el seu dret en formació.</li>
</ul>

<p>PROPOSTES SINDICALS DE CCOO PEL PERSONAL&nbsp;QUE TREBALLA A LES ADMINSTRACIONS LOCALS&nbsp;(INCLOU SECTOR PÚBLIC*) *LPGE 2023&nbsp;TÍTULO III – CAPÍTULO I De los gastos de personal al servicio del sector público. Artículo &#8230; <a title="FORMACIÓ" class="read-more" href="https://ccoo.app/fsc-administracio-local/formacio/" aria-label="Leer más sobre FORMACIÓ">Leer más</a></p>
