{"id":2898,"date":"2023-02-06T10:48:37","date_gmt":"2023-02-06T09:48:37","guid":{"rendered":"https:\/\/fsc-local.ccoo.cat\/?page_id=2898"},"modified":"2023-02-06T10:48:37","modified_gmt":"2023-02-06T09:48:37","slug":"salut-laboral","status":"publish","type":"page","link":"https:\/\/ccoo.app\/fsc-administracio-local\/salut-laboral\/","title":{"rendered":"SALUT LABORAL"},"content":{"rendered":"\n<h2 class=\"wp-block-heading\"><strong>PROPOSTES SINDICALS DE CCOO PEL PERSONAL&nbsp;<\/strong><strong>QUE TREBALLA A LES ADMINSTRACIONS LOCALS&nbsp;<\/strong><strong>(INCLOU SECTOR P\u00daBLIC*)<\/strong><\/h2>\n\n\n\n<h6 class=\"wp-block-heading\">*LPGE 2023&nbsp;<em>T\u00cdTULO III \u2013 CAP\u00cdTULO I De los gastos de personal al servicio del sector p\u00fablico. Art\u00edculo 19. Uno<\/em>.<\/h6>\n\n\n<div class=\"wp-block-image\">\n<figure class=\"aligncenter size-large\"><a href=\"https:\/\/fsc-local.ccoo.cat\/wp-content\/uploads\/sites\/110\/2023\/04\/8.-SALUT-LABORAL.jpg\"><img loading=\"lazy\" decoding=\"async\" width=\"727\" height=\"1024\" src=\"https:\/\/fsc-local.ccoo.cat\/wp-content\/uploads\/sites\/110\/2023\/04\/8.-SALUT-LABORAL-727x1024.jpg\" alt=\"\" class=\"wp-image-3256\" srcset=\"https:\/\/ccoo.app\/fsc-administracio-local\/wp-content\/blogs.dir\/6\/files\/sites\/219\/2023\/04\/8.-SALUT-LABORAL-727x1024.jpg 727w, https:\/\/ccoo.app\/fsc-administracio-local\/wp-content\/blogs.dir\/6\/files\/sites\/219\/2023\/04\/8.-SALUT-LABORAL-213x300.jpg 213w, https:\/\/ccoo.app\/fsc-administracio-local\/wp-content\/blogs.dir\/6\/files\/sites\/219\/2023\/04\/8.-SALUT-LABORAL-768x1082.jpg 768w, https:\/\/ccoo.app\/fsc-administracio-local\/wp-content\/blogs.dir\/6\/files\/sites\/219\/2023\/04\/8.-SALUT-LABORAL-1090x1536.jpg 1090w, https:\/\/ccoo.app\/fsc-administracio-local\/wp-content\/blogs.dir\/6\/files\/sites\/219\/2023\/04\/8.-SALUT-LABORAL.jpg 1419w\" sizes=\"auto, (max-width: 727px) 100vw, 727px\" \/><\/a><figcaption class=\"wp-element-caption\">Cliqueu sobre la imatge<\/figcaption><\/figure>\n<\/div>\n\n\n<p>La seguretat i la salut dels treballadors\/es es regula a trav\u00e9s de la <a href=\"https:\/\/treball.gencat.cat\/web\/.content\/09_-_seguretat_i_salut_laboral\/documents\/04_-_riscos_i_condicions_de_treball\/riscos_laborals\/agricultura\/6_normativa\/llei_31-1995.pdf\" data-type=\"URL\" data-id=\"https:\/\/treball.gencat.cat\/web\/.content\/09_-_seguretat_i_salut_laboral\/documents\/04_-_riscos_i_condicions_de_treball\/riscos_laborals\/agricultura\/6_normativa\/llei_31-1995.pdf\">Llei de Prevenci\u00f3 de Riscos Laborals<\/a>, que t\u00e9 per objecte promoure, mitjan\u00e7ant l\u2019aplicaci\u00f3 de mesures i el desenvolupament de les activitats necess\u00e0ries, la prevenci\u00f3 dels riscos laborals (PRL) derivats del treball. L&#8217;objectiu fonamental \u00e9s <strong>evitar que s\u2019arribin a produir<\/strong>. <\/p>\n\n\n\n<p>Aquesta normativa estableix drets per a la plantilla, l\u2019obligaci\u00f3 empresarial d\u2019organitzar i realitzar activitats preventives (i comprovar la seva efic\u00e0cia) i responsabilitats p\u00fabliques de promoci\u00f3, control i sanci\u00f3. Tamb\u00e9 determina la participaci\u00f3 dels treballadors\/es en tots aquells aspectes que afecten a la seva salut i seguretat en el treball, i una figura per la seva representaci\u00f3 aut\u00f2noma: els delegats i delegades de prevenci\u00f3 (DPs).<br><\/p>\n\n\n<div class=\"wp-block-image\">\n<figure class=\"aligncenter size-full\"><img loading=\"lazy\" decoding=\"async\" width=\"400\" height=\"398\" src=\"https:\/\/fsc-local.ccoo.cat\/wp-content\/uploads\/sites\/110\/2023\/04\/28abril_salut_w.png\" alt=\"\" class=\"wp-image-3292\" srcset=\"https:\/\/ccoo.app\/fsc-administracio-local\/wp-content\/blogs.dir\/6\/files\/sites\/219\/2023\/04\/28abril_salut_w.png 400w, https:\/\/ccoo.app\/fsc-administracio-local\/wp-content\/blogs.dir\/6\/files\/sites\/219\/2023\/04\/28abril_salut_w-300x300.png 300w, https:\/\/ccoo.app\/fsc-administracio-local\/wp-content\/blogs.dir\/6\/files\/sites\/219\/2023\/04\/28abril_salut_w-150x150.png 150w\" sizes=\"auto, (max-width: 400px) 100vw, 400px\" \/><\/figure>\n<\/div>\n\n\n<p>La salut laboral es construeix en un <strong>ambient de treball adequat<\/strong>, amb <strong>condicions de treball \u00f2ptimes<\/strong> on el conjunt de treballadors <strong>pugui desenvolupar la seva activitat amb dignitat<\/strong> i on sigui possible la seva intervenci\u00f3 per a la <strong>millora de les condicions laborals, de salut i seguretat<\/strong>.<br><\/p>\n\n\n\n<p>Es pot evitar que el treball danyi a la salut! L&#8217;obligaci\u00f3 legal de l\u2019empresa (o administraci\u00f3 en el nostre cas) \u00e9s que aix\u00ed sigui. <strong>Els accidents i les malalties laborals s\u00f3n evitables si s\u2019adopta una adequada pol\u00edtica de prevenci\u00f3.<\/strong><\/p>\n\n\n\n<p>Els delegats i delegades de prevenci\u00f3 de CCOO vetllen per a que aix\u00f2 sigui aix\u00ec. Des dels Comit\u00e8s de Seguretat i Salut als ens locals, treballen intensament per a donar resposta a les necessitats. Quan cal, activen els mecanismes que tenen al seu abast: comunicats de riscos i denuncies a l&#8217;Inspecci\u00f3 de Treball.<\/p>\n\n\n\n<p><strong>PROPOSTA DE CCOO:<\/strong><\/p>\n\n\n\n<ul class=\"wp-block-list\">\n<li>Per elaborar Plans de Prevenci\u00f3 de riscos laborals: cliqueu <a href=\"https:\/\/www.ccoo.cat\/salutlaboral\/documents\/full_pla_prevencio_riscos_laborals.pdf\" data-type=\"URL\" data-id=\"https:\/\/www.ccoo.cat\/salutlaboral\/documents\/full_pla_prevencio_riscos_laborals.pdf\">aqu\u00ed<\/a>.<\/li>\n<\/ul>\n\n\n\n<p><\/p>\n    \t","protected":false},"excerpt":{"rendered":"<p>PROPOSTES SINDICALS DE CCOO PEL PERSONAL&nbsp;QUE TREBALLA A LES ADMINSTRACIONS LOCALS&nbsp;(INCLOU SECTOR P\u00daBLIC*) *LPGE 2023&nbsp;T\u00cdTULO III \u2013 CAP\u00cdTULO I De los gastos de personal al servicio del sector p\u00fablico. Art\u00edculo &#8230; <a title=\"SALUT LABORAL\" class=\"read-more\" href=\"https:\/\/ccoo.app\/fsc-administracio-local\/salut-laboral\/\" aria-label=\"Leer m\u00e1s sobre SALUT LABORAL\">Leer m\u00e1s<\/a><\/p>\n","protected":false},"author":4519,"featured_media":0,"parent":0,"menu_order":0,"comment_status":"closed","ping_status":"closed","template":"","meta":{"footnotes":""},"class_list":["post-2898","page","type-page","status-publish"],"_links":{"self":[{"href":"https:\/\/ccoo.app\/fsc-administracio-local\/wp-json\/wp\/v2\/pages\/2898","targetHints":{"allow":["GET"]}}],"collection":[{"href":"https:\/\/ccoo.app\/fsc-administracio-local\/wp-json\/wp\/v2\/pages"}],"about":[{"href":"https:\/\/ccoo.app\/fsc-administracio-local\/wp-json\/wp\/v2\/types\/page"}],"author":[{"embeddable":true,"href":"https:\/\/ccoo.app\/fsc-administracio-local\/wp-json\/wp\/v2\/users\/4519"}],"replies":[{"embeddable":true,"href":"https:\/\/ccoo.app\/fsc-administracio-local\/wp-json\/wp\/v2\/comments?post=2898"}],"version-history":[{"count":0,"href":"https:\/\/ccoo.app\/fsc-administracio-local\/wp-json\/wp\/v2\/pages\/2898\/revisions"}],"wp:attachment":[{"href":"https:\/\/ccoo.app\/fsc-administracio-local\/wp-json\/wp\/v2\/media?parent=2898"}],"curies":[{"name":"wp","href":"https:\/\/api.w.org\/{rel}","templated":true}]}}

<h2 class="wp-block-heading"><strong>PROPOSTES SINDICALS DE CCOO PEL PERSONAL&nbsp;</strong><strong>QUE TREBALLA A LES ADMINSTRACIONS LOCALS&nbsp;</strong><strong>(INCLOU SECTOR PÚBLIC*)</strong></h2>



<h6 class="wp-block-heading">*LPGE 2023&nbsp;<em>TÍTULO III – CAPÍTULO I De los gastos de personal al servicio del sector público. Artículo 19. Uno</em>.</h6>


<div class="wp-block-image">
<figure class="aligncenter size-large"><a href="https://fsc-local.ccoo.cat/wp-content/uploads/sites/110/2023/04/8.-SALUT-LABORAL.jpg"><img loading="lazy" decoding="async" width="727" height="1024" src="https://fsc-local.ccoo.cat/wp-content/uploads/sites/110/2023/04/8.-SALUT-LABORAL-727x1024.jpg" alt="" class="wp-image-3256" srcset="https://ccoo.app/fsc-administracio-local/wp-content/blogs.dir/6/files/sites/219/2023/04/8.-SALUT-LABORAL-727x1024.jpg 727w, https://ccoo.app/fsc-administracio-local/wp-content/blogs.dir/6/files/sites/219/2023/04/8.-SALUT-LABORAL-213x300.jpg 213w, https://ccoo.app/fsc-administracio-local/wp-content/blogs.dir/6/files/sites/219/2023/04/8.-SALUT-LABORAL-768x1082.jpg 768w, https://ccoo.app/fsc-administracio-local/wp-content/blogs.dir/6/files/sites/219/2023/04/8.-SALUT-LABORAL-1090x1536.jpg 1090w, https://ccoo.app/fsc-administracio-local/wp-content/blogs.dir/6/files/sites/219/2023/04/8.-SALUT-LABORAL.jpg 1419w" sizes="auto, (max-width: 727px) 100vw, 727px" /></a><figcaption class="wp-element-caption">Cliqueu sobre la imatge</figcaption></figure>
</div>


<p>La seguretat i la salut dels treballadors/es es regula a través de la <a href="https://treball.gencat.cat/web/.content/09_-_seguretat_i_salut_laboral/documents/04_-_riscos_i_condicions_de_treball/riscos_laborals/agricultura/6_normativa/llei_31-1995.pdf" data-type="URL" data-id="https://treball.gencat.cat/web/.content/09_-_seguretat_i_salut_laboral/documents/04_-_riscos_i_condicions_de_treball/riscos_laborals/agricultura/6_normativa/llei_31-1995.pdf">Llei de Prevenció de Riscos Laborals</a>, que té per objecte promoure, mitjançant l’aplicació de mesures i el desenvolupament de les activitats necessàries, la prevenció dels riscos laborals (PRL) derivats del treball. L&#8217;objectiu fonamental és <strong>evitar que s’arribin a produir</strong>. </p>



<p>Aquesta normativa estableix drets per a la plantilla, l’obligació empresarial d’organitzar i realitzar activitats preventives (i comprovar la seva eficàcia) i responsabilitats públiques de promoció, control i sanció. També determina la participació dels treballadors/es en tots aquells aspectes que afecten a la seva salut i seguretat en el treball, i una figura per la seva representació autònoma: els delegats i delegades de prevenció (DPs).<br></p>


<div class="wp-block-image">
<figure class="aligncenter size-full"><img loading="lazy" decoding="async" width="400" height="398" src="https://fsc-local.ccoo.cat/wp-content/uploads/sites/110/2023/04/28abril_salut_w.png" alt="" class="wp-image-3292" srcset="https://ccoo.app/fsc-administracio-local/wp-content/blogs.dir/6/files/sites/219/2023/04/28abril_salut_w.png 400w, https://ccoo.app/fsc-administracio-local/wp-content/blogs.dir/6/files/sites/219/2023/04/28abril_salut_w-300x300.png 300w, https://ccoo.app/fsc-administracio-local/wp-content/blogs.dir/6/files/sites/219/2023/04/28abril_salut_w-150x150.png 150w" sizes="auto, (max-width: 400px) 100vw, 400px" /></figure>
</div>


<p>La salut laboral es construeix en un <strong>ambient de treball adequat</strong>, amb <strong>condicions de treball òptimes</strong> on el conjunt de treballadors <strong>pugui desenvolupar la seva activitat amb dignitat</strong> i on sigui possible la seva intervenció per a la <strong>millora de les condicions laborals, de salut i seguretat</strong>.<br></p>



<p>Es pot evitar que el treball danyi a la salut! L&#8217;obligació legal de l’empresa (o administració en el nostre cas) és que així sigui. <strong>Els accidents i les malalties laborals són evitables si s’adopta una adequada política de prevenció.</strong></p>



<p>Els delegats i delegades de prevenció de CCOO vetllen per a que això sigui aixì. Des dels Comitès de Seguretat i Salut als ens locals, treballen intensament per a donar resposta a les necessitats. Quan cal, activen els mecanismes que tenen al seu abast: comunicats de riscos i denuncies a l&#8217;Inspecció de Treball.</p>



<p><strong>PROPOSTA DE CCOO:</strong></p>



<ul class="wp-block-list">
<li>Per elaborar Plans de Prevenció de riscos laborals: cliqueu <a href="https://www.ccoo.cat/salutlaboral/documents/full_pla_prevencio_riscos_laborals.pdf" data-type="URL" data-id="https://www.ccoo.cat/salutlaboral/documents/full_pla_prevencio_riscos_laborals.pdf">aquí</a>.</li>
</ul>



<p></p>

<p>PROPOSTES SINDICALS DE CCOO PEL PERSONAL&nbsp;QUE TREBALLA A LES ADMINSTRACIONS LOCALS&nbsp;(INCLOU SECTOR PÚBLIC*) *LPGE 2023&nbsp;TÍTULO III – CAPÍTULO I De los gastos de personal al servicio del sector público. Artículo &#8230; <a title="SALUT LABORAL" class="read-more" href="https://ccoo.app/fsc-administracio-local/salut-laboral/" aria-label="Leer más sobre SALUT LABORAL">Leer más</a></p>
