{"id":2895,"date":"2023-02-06T10:48:17","date_gmt":"2023-02-06T09:48:17","guid":{"rendered":"https:\/\/fsc-local.ccoo.cat\/?page_id=2895"},"modified":"2023-02-06T10:48:17","modified_gmt":"2023-02-06T09:48:17","slug":"classificacio-professional","status":"publish","type":"page","link":"https:\/\/ccoo.app\/fsc-administracio-local\/classificacio-professional\/","title":{"rendered":"CLASSIFICACI\u00d3 PROFESSIONAL"},"content":{"rendered":"\n<h2 class=\"wp-block-heading\"><strong>PROPOSTES SINDICALS DE CCOO PEL PERSONAL&nbsp;<\/strong><strong>QUE TREBALLA A LES ADMINSTRACIONS LOCALS&nbsp;<\/strong><strong>(INCLOU SECTOR P\u00daBLIC*)<\/strong><\/h2>\n\n\n\n<h6 class=\"wp-block-heading\">*LPGE 2023&nbsp;<em>T\u00cdTULO III \u2013 CAP\u00cdTULO I De los gastos de personal al servicio del sector p\u00fablico. Art\u00edculo 19. Uno<\/em>.<\/h6>\n\n\n\n<p><\/p>\n\n\n<div class=\"wp-block-image\">\n<figure class=\"aligncenter size-large is-resized\"><a href=\"https:\/\/fsc-local.ccoo.cat\/wp-content\/uploads\/sites\/110\/2023\/04\/7.-CLASSIFICACIO-PROFESSIONAL-1.jpg\"><img loading=\"lazy\" decoding=\"async\" src=\"https:\/\/fsc-local.ccoo.cat\/wp-content\/uploads\/sites\/110\/2023\/04\/7.-CLASSIFICACIO-PROFESSIONAL-1-727x1024.jpg\" alt=\"\" class=\"wp-image-3246\" width=\"364\" height=\"512\" srcset=\"https:\/\/ccoo.app\/fsc-administracio-local\/wp-content\/blogs.dir\/6\/files\/sites\/219\/2023\/04\/7.-CLASSIFICACIO-PROFESSIONAL-1-727x1024.jpg 727w, https:\/\/ccoo.app\/fsc-administracio-local\/wp-content\/blogs.dir\/6\/files\/sites\/219\/2023\/04\/7.-CLASSIFICACIO-PROFESSIONAL-1-213x300.jpg 213w, https:\/\/ccoo.app\/fsc-administracio-local\/wp-content\/blogs.dir\/6\/files\/sites\/219\/2023\/04\/7.-CLASSIFICACIO-PROFESSIONAL-1-768x1082.jpg 768w, https:\/\/ccoo.app\/fsc-administracio-local\/wp-content\/blogs.dir\/6\/files\/sites\/219\/2023\/04\/7.-CLASSIFICACIO-PROFESSIONAL-1-1090x1536.jpg 1090w, https:\/\/ccoo.app\/fsc-administracio-local\/wp-content\/blogs.dir\/6\/files\/sites\/219\/2023\/04\/7.-CLASSIFICACIO-PROFESSIONAL-1.jpg 1419w\" sizes=\"auto, (max-width: 364px) 100vw, 364px\" \/><\/a><figcaption class=\"wp-element-caption\">Cliqueu sobre la imatge<\/figcaption><\/figure>\n<\/div>\n\n\n<p>Tal com determina l&#8217;apartat quart de \u00ab<em>El acuerdo para una Administraci\u00f3n del siglo XXI\u00bb<\/em>, s&#8217;ha creat un grup de treball paritari al si de la comissi\u00f3 de seguiment prevista en aquest acord per dur a terme l&#8217;impuls i la coordinaci\u00f3 d&#8217;actuacions perqu\u00e8, al llarg de l&#8217;any 2023, <strong>la classificaci\u00f3 professional esmentada assoleixi la seva plena implantaci\u00f3 en el conjunt de les administracions p\u00fabliques<\/strong>, tenint en compte, igualment, el que preveu l&#8217;article 77 del TREBEP en relaci\u00f3 amb el personal laboral.<\/p>\n\n\n\n<p>Aquest sens cap dubte ser\u00e0 un dels principals reptes que haurem d&#8217;emprendre per poder <strong>desenvolupar l&#8217;article 76 i 77<\/strong>, una vegada culminada la disposici\u00f3 transit\u00f2ria tercera als seus apartats 1 i 2 i aconseguir aix\u00ed <strong>plena implantaci\u00f3 del model de classificaci\u00f3 professional<\/strong> conforme a l&#8217;actual Marc Espanyol de Qualificacions Professionals<\/p>\n\n\n\n<figure class=\"wp-block-gallery has-nested-images columns-default is-cropped wp-block-gallery-1 is-layout-flex wp-block-gallery-is-layout-flex\">\n<figure class=\"wp-block-image size-large\"><img loading=\"lazy\" decoding=\"async\" width=\"1024\" height=\"576\" data-id=\"3288\" src=\"https:\/\/fsc-local.ccoo.cat\/wp-content\/uploads\/sites\/110\/2023\/04\/baner-vota-ccoo.jpg\" alt=\"\" class=\"wp-image-3288\" srcset=\"https:\/\/ccoo.app\/fsc-administracio-local\/wp-content\/blogs.dir\/6\/files\/sites\/219\/2023\/04\/baner-vota-ccoo.jpg 1024w, https:\/\/ccoo.app\/fsc-administracio-local\/wp-content\/blogs.dir\/6\/files\/sites\/219\/2023\/04\/baner-vota-ccoo-300x169.jpg 300w, https:\/\/ccoo.app\/fsc-administracio-local\/wp-content\/blogs.dir\/6\/files\/sites\/219\/2023\/04\/baner-vota-ccoo-768x432.jpg 768w\" sizes=\"auto, (max-width: 1024px) 100vw, 1024px\" \/><\/figure>\n<\/figure>\n\n\n\n<p>Una de les reivindicacions m\u00e9s insistent \u00e9s <strong>crear el grup de classificaci\u00f3 professional B<\/strong> (article 76 del TREBEP) per encabir tot el <strong>personal amb titulaci\u00f3 de T\u00e8cnic Superior<\/strong> (la desapareguda FP2). \u00d2bviament aix\u00f2 haur\u00e0 d&#8217;anar acompanyat d&#8217;una adequaci\u00f3 econ\u00f2mica.<\/p>\n    \t","protected":false},"excerpt":{"rendered":"<p>PROPOSTES SINDICALS DE CCOO PEL PERSONAL&nbsp;QUE TREBALLA A LES ADMINSTRACIONS LOCALS&nbsp;(INCLOU SECTOR P\u00daBLIC*) *LPGE 2023&nbsp;T\u00cdTULO III \u2013 CAP\u00cdTULO I De los gastos de personal al servicio del sector p\u00fablico. Art\u00edculo &#8230; <a title=\"CLASSIFICACI\u00d3 PROFESSIONAL\" class=\"read-more\" href=\"https:\/\/ccoo.app\/fsc-administracio-local\/classificacio-professional\/\" aria-label=\"Leer m\u00e1s sobre CLASSIFICACI\u00d3 PROFESSIONAL\">Leer m\u00e1s<\/a><\/p>\n","protected":false},"author":4519,"featured_media":0,"parent":0,"menu_order":0,"comment_status":"closed","ping_status":"closed","template":"","meta":{"footnotes":""},"class_list":["post-2895","page","type-page","status-publish"],"_links":{"self":[{"href":"https:\/\/ccoo.app\/fsc-administracio-local\/wp-json\/wp\/v2\/pages\/2895","targetHints":{"allow":["GET"]}}],"collection":[{"href":"https:\/\/ccoo.app\/fsc-administracio-local\/wp-json\/wp\/v2\/pages"}],"about":[{"href":"https:\/\/ccoo.app\/fsc-administracio-local\/wp-json\/wp\/v2\/types\/page"}],"author":[{"embeddable":true,"href":"https:\/\/ccoo.app\/fsc-administracio-local\/wp-json\/wp\/v2\/users\/4519"}],"replies":[{"embeddable":true,"href":"https:\/\/ccoo.app\/fsc-administracio-local\/wp-json\/wp\/v2\/comments?post=2895"}],"version-history":[{"count":0,"href":"https:\/\/ccoo.app\/fsc-administracio-local\/wp-json\/wp\/v2\/pages\/2895\/revisions"}],"wp:attachment":[{"href":"https:\/\/ccoo.app\/fsc-administracio-local\/wp-json\/wp\/v2\/media?parent=2895"}],"curies":[{"name":"wp","href":"https:\/\/api.w.org\/{rel}","templated":true}]}}

CLASSIFICACIÓ PROFESSIONAL

<h2 class="wp-block-heading"><strong>PROPOSTES SINDICALS DE CCOO PEL PERSONAL&nbsp;</strong><strong>QUE TREBALLA A LES ADMINSTRACIONS LOCALS&nbsp;</strong><strong>(INCLOU SECTOR PÚBLIC*)</strong></h2>



<h6 class="wp-block-heading">*LPGE 2023&nbsp;<em>TÍTULO III – CAPÍTULO I De los gastos de personal al servicio del sector público. Artículo 19. Uno</em>.</h6>



<p></p>


<div class="wp-block-image">
<figure class="aligncenter size-large is-resized"><a href="https://fsc-local.ccoo.cat/wp-content/uploads/sites/110/2023/04/7.-CLASSIFICACIO-PROFESSIONAL-1.jpg"><img loading="lazy" decoding="async" src="https://fsc-local.ccoo.cat/wp-content/uploads/sites/110/2023/04/7.-CLASSIFICACIO-PROFESSIONAL-1-727x1024.jpg" alt="" class="wp-image-3246" width="364" height="512" srcset="https://ccoo.app/fsc-administracio-local/wp-content/blogs.dir/6/files/sites/219/2023/04/7.-CLASSIFICACIO-PROFESSIONAL-1-727x1024.jpg 727w, https://ccoo.app/fsc-administracio-local/wp-content/blogs.dir/6/files/sites/219/2023/04/7.-CLASSIFICACIO-PROFESSIONAL-1-213x300.jpg 213w, https://ccoo.app/fsc-administracio-local/wp-content/blogs.dir/6/files/sites/219/2023/04/7.-CLASSIFICACIO-PROFESSIONAL-1-768x1082.jpg 768w, https://ccoo.app/fsc-administracio-local/wp-content/blogs.dir/6/files/sites/219/2023/04/7.-CLASSIFICACIO-PROFESSIONAL-1-1090x1536.jpg 1090w, https://ccoo.app/fsc-administracio-local/wp-content/blogs.dir/6/files/sites/219/2023/04/7.-CLASSIFICACIO-PROFESSIONAL-1.jpg 1419w" sizes="auto, (max-width: 364px) 100vw, 364px" /></a><figcaption class="wp-element-caption">Cliqueu sobre la imatge</figcaption></figure>
</div>


<p>Tal com determina l&#8217;apartat quart de «<em>El acuerdo para una Administración del siglo XXI»</em>, s&#8217;ha creat un grup de treball paritari al si de la comissió de seguiment prevista en aquest acord per dur a terme l&#8217;impuls i la coordinació d&#8217;actuacions perquè, al llarg de l&#8217;any 2023, <strong>la classificació professional esmentada assoleixi la seva plena implantació en el conjunt de les administracions públiques</strong>, tenint en compte, igualment, el que preveu l&#8217;article 77 del TREBEP en relació amb el personal laboral.</p>



<p>Aquest sens cap dubte serà un dels principals reptes que haurem d&#8217;emprendre per poder <strong>desenvolupar l&#8217;article 76 i 77</strong>, una vegada culminada la disposició transitòria tercera als seus apartats 1 i 2 i aconseguir així <strong>plena implantació del model de classificació professional</strong> conforme a l&#8217;actual Marc Espanyol de Qualificacions Professionals</p>



<figure class="wp-block-gallery has-nested-images columns-default is-cropped wp-block-gallery-1 is-layout-flex wp-block-gallery-is-layout-flex">
<figure class="wp-block-image size-large"><img loading="lazy" decoding="async" width="1024" height="576" data-id="3288" src="https://fsc-local.ccoo.cat/wp-content/uploads/sites/110/2023/04/baner-vota-ccoo.jpg" alt="" class="wp-image-3288" srcset="https://ccoo.app/fsc-administracio-local/wp-content/blogs.dir/6/files/sites/219/2023/04/baner-vota-ccoo.jpg 1024w, https://ccoo.app/fsc-administracio-local/wp-content/blogs.dir/6/files/sites/219/2023/04/baner-vota-ccoo-300x169.jpg 300w, https://ccoo.app/fsc-administracio-local/wp-content/blogs.dir/6/files/sites/219/2023/04/baner-vota-ccoo-768x432.jpg 768w" sizes="auto, (max-width: 1024px) 100vw, 1024px" /></figure>
</figure>



<p>Una de les reivindicacions més insistent és <strong>crear el grup de classificació professional B</strong> (article 76 del TREBEP) per encabir tot el <strong>personal amb titulació de Tècnic Superior</strong> (la desapareguda FP2). Òbviament això haurà d&#8217;anar acompanyat d&#8217;una adequació econòmica.</p>

<p>PROPOSTES SINDICALS DE CCOO PEL PERSONAL&nbsp;QUE TREBALLA A LES ADMINSTRACIONS LOCALS&nbsp;(INCLOU SECTOR PÚBLIC*) *LPGE 2023&nbsp;TÍTULO III – CAPÍTULO I De los gastos de personal al servicio del sector público. Artículo &#8230; <a title="CLASSIFICACIÓ PROFESSIONAL" class="read-more" href="https://ccoo.app/fsc-administracio-local/classificacio-professional/" aria-label="Leer más sobre CLASSIFICACIÓ PROFESSIONAL">Leer más</a></p>
