{"id":2816,"date":"2024-02-14T13:21:29","date_gmt":"2024-02-14T12:21:29","guid":{"rendered":"https:\/\/ccoo.app\/ferrocarrils-de-la-generalitat-de-catalunya\/?page_id=2816"},"modified":"2024-02-14T13:21:32","modified_gmt":"2024-02-14T12:21:32","slug":"benvinguda","status":"publish","type":"page","link":"https:\/\/ccoo.app\/ferrocarrils-de-la-generalitat-de-catalunya\/benvinguda\/","title":{"rendered":"Benvinguda"},"content":{"rendered":"\n<h2 class=\"gb-headline gb-headline-c546939d gb-headline-text\">Secci\u00f3 sindical de CCOO a FGC<\/h2>\n\n\n\n<div class=\"wp-block-columns is-layout-flex wp-container-core-columns-is-layout-9d6595d7 wp-block-columns-is-layout-flex\">\n<div class=\"wp-block-column is-vertically-aligned-stretch is-layout-flow wp-block-column-is-layout-flow\" style=\"flex-basis:50%\">\n<figure class=\"gb-block-image gb-block-image-820810b6\"><img loading=\"lazy\" decoding=\"async\" width=\"1796\" height=\"1813\" class=\"gb-image gb-image-820810b6\" src=\"http:\/\/ccoo.app\/ferrocarrils-de-la-generalitat-de-catalunya\/wp-content\/blogs.dir\/6\/files\/sites\/214\/2024\/02\/puny-petit-tren-hq.png\" alt=\"\" title=\"puny-petit-tren-hq\" srcset=\"https:\/\/ccoo.app\/ferrocarrils-de-la-generalitat-de-catalunya\/wp-content\/blogs.dir\/6\/files\/sites\/214\/2024\/02\/puny-petit-tren-hq.png 1796w, https:\/\/ccoo.app\/ferrocarrils-de-la-generalitat-de-catalunya\/wp-content\/blogs.dir\/6\/files\/sites\/214\/2024\/02\/puny-petit-tren-hq-297x300.png 297w, https:\/\/ccoo.app\/ferrocarrils-de-la-generalitat-de-catalunya\/wp-content\/blogs.dir\/6\/files\/sites\/214\/2024\/02\/puny-petit-tren-hq-1014x1024.png 1014w, https:\/\/ccoo.app\/ferrocarrils-de-la-generalitat-de-catalunya\/wp-content\/blogs.dir\/6\/files\/sites\/214\/2024\/02\/puny-petit-tren-hq-150x150.png 150w, https:\/\/ccoo.app\/ferrocarrils-de-la-generalitat-de-catalunya\/wp-content\/blogs.dir\/6\/files\/sites\/214\/2024\/02\/puny-petit-tren-hq-768x775.png 768w, https:\/\/ccoo.app\/ferrocarrils-de-la-generalitat-de-catalunya\/wp-content\/blogs.dir\/6\/files\/sites\/214\/2024\/02\/puny-petit-tren-hq-1522x1536.png 1522w\" sizes=\"auto, (max-width: 1796px) 100vw, 1796px\" \/><\/figure>\n<\/div>\n\n\n\n<div class=\"wp-block-column is-layout-flow wp-block-column-is-layout-flow\" style=\"flex-basis:50%\">\n<p><br>Benvingut\/da a la pagina web de la nostra secci\u00f3 sindical. Aqu\u00ed podr\u00e0s trobar les \u00faltimes not\u00edcies i altres informacions de la nostra activitat sindical. \u00c9s un espai que posem al teu abast perqu\u00e8 estiguis al dia amb les novetats i puguis consultar la informaci\u00f3 d&#8217;una manera senzilla i accessible.<br><br>A CCOO creiem que \u00e9s essencial una bona comunicaci\u00f3 entre els treballadors i que aquests estiguin el millor informats perqu\u00e8 puguin prendre accions que canvi\u00efn el futur. Junts tenim<\/p>\n\n\n\n<figure class=\"gb-block-image gb-block-image-265b40e1\"><img loading=\"lazy\" decoding=\"async\" width=\"450\" height=\"48\" class=\"gb-image gb-image-265b40e1\" src=\"http:\/\/ccoo.app\/ferrocarrils-de-la-generalitat-de-catalunya\/wp-content\/blogs.dir\/6\/files\/sites\/214\/2024\/02\/LOGO-TERRITORIO-CATALUNYA-CATALAN-e1707911827766.png\" alt=\"\" title=\"El-poder-de-canviar\" srcset=\"https:\/\/ccoo.app\/ferrocarrils-de-la-generalitat-de-catalunya\/wp-content\/blogs.dir\/6\/files\/sites\/214\/2024\/02\/LOGO-TERRITORIO-CATALUNYA-CATALAN-e1707911827766.png 450w, https:\/\/ccoo.app\/ferrocarrils-de-la-generalitat-de-catalunya\/wp-content\/blogs.dir\/6\/files\/sites\/214\/2024\/02\/LOGO-TERRITORIO-CATALUNYA-CATALAN-e1707911827766-300x32.png 300w\" sizes=\"auto, (max-width: 450px) 100vw, 450px\" \/><\/figure>\n<\/div>\n<\/div>\n","protected":false},"excerpt":{"rendered":"<p>Secci\u00f3 sindical de CCOO a FGC Benvingut\/da a la pagina web de la nostra secci\u00f3 sindical. Aqu\u00ed podr\u00e0s trobar les \u00faltimes not\u00edcies i altres informacions de la nostra activitat sindical. &#8230; <a title=\"Benvinguda\" class=\"read-more\" href=\"https:\/\/ccoo.app\/ferrocarrils-de-la-generalitat-de-catalunya\/benvinguda\/\" aria-label=\"Leer m\u00e1s sobre Benvinguda\">Leer m\u00e1s<\/a><\/p>\n","protected":false},"author":92557,"featured_media":0,"parent":0,"menu_order":0,"comment_status":"closed","ping_status":"closed","template":"","meta":{"footnotes":""},"class_list":["post-2816","page","type-page","status-publish"],"_links":{"self":[{"href":"https:\/\/ccoo.app\/ferrocarrils-de-la-generalitat-de-catalunya\/wp-json\/wp\/v2\/pages\/2816","targetHints":{"allow":["GET"]}}],"collection":[{"href":"https:\/\/ccoo.app\/ferrocarrils-de-la-generalitat-de-catalunya\/wp-json\/wp\/v2\/pages"}],"about":[{"href":"https:\/\/ccoo.app\/ferrocarrils-de-la-generalitat-de-catalunya\/wp-json\/wp\/v2\/types\/page"}],"author":[{"embeddable":true,"href":"https:\/\/ccoo.app\/ferrocarrils-de-la-generalitat-de-catalunya\/wp-json\/wp\/v2\/users\/92557"}],"replies":[{"embeddable":true,"href":"https:\/\/ccoo.app\/ferrocarrils-de-la-generalitat-de-catalunya\/wp-json\/wp\/v2\/comments?post=2816"}],"version-history":[{"count":4,"href":"https:\/\/ccoo.app\/ferrocarrils-de-la-generalitat-de-catalunya\/wp-json\/wp\/v2\/pages\/2816\/revisions"}],"predecessor-version":[{"id":3072,"href":"https:\/\/ccoo.app\/ferrocarrils-de-la-generalitat-de-catalunya\/wp-json\/wp\/v2\/pages\/2816\/revisions\/3072"}],"wp:attachment":[{"href":"https:\/\/ccoo.app\/ferrocarrils-de-la-generalitat-de-catalunya\/wp-json\/wp\/v2\/media?parent=2816"}],"curies":[{"name":"wp","href":"https:\/\/api.w.org\/{rel}","templated":true}]}}