{"id":25,"date":"2020-02-13T13:17:50","date_gmt":"2020-02-13T12:17:50","guid":{"rendered":"https:\/\/gpsites.co\/read\/?page_id=25"},"modified":"2024-02-29T10:50:18","modified_gmt":"2024-02-29T09:50:18","slug":"home","status":"publish","type":"page","link":"https:\/\/ccoo.app\/diputacio-tarragona\/","title":{"rendered":"Inici"},"content":{"rendered":"\n<div class=\"wp-block-cover alignfull is-light\" style=\"min-height:400px;aspect-ratio:unset;\"><span aria-hidden=\"true\" class=\"wp-block-cover__background has-background-dim-0 has-background-dim\"><\/span><img loading=\"lazy\" decoding=\"async\" width=\"1024\" height=\"576\" class=\"wp-block-cover__image-background wp-image-2935\" alt=\"Diputacio Tarragona 1\" src=\"https:\/\/ccoo.app\/diputacio-tarragona\/wp-content\/blogs.dir\/6\/files\/sites\/177\/2022\/06\/diputacio-tarragona-1.png\" data-object-fit=\"cover\" srcset=\"https:\/\/ccoo.app\/diputacio-tarragona\/wp-content\/blogs.dir\/6\/files\/sites\/177\/2022\/06\/diputacio-tarragona-1.png 1024w, https:\/\/ccoo.app\/diputacio-tarragona\/wp-content\/blogs.dir\/6\/files\/sites\/177\/2022\/06\/diputacio-tarragona-1-300x169.png 300w, https:\/\/ccoo.app\/diputacio-tarragona\/wp-content\/blogs.dir\/6\/files\/sites\/177\/2022\/06\/diputacio-tarragona-1-768x432.png 768w\" sizes=\"auto, (max-width: 1024px) 100vw, 1024px\" \/><div class=\"wp-block-cover__inner-container is-layout-flow wp-block-cover-is-layout-flow\">\n<div class=\"wp-block-cover\" style=\"min-height:300px;aspect-ratio:unset;\"><span aria-hidden=\"true\" class=\"wp-block-cover__background has-background-dim-0 has-background-dim\"><\/span><img decoding=\"async\" class=\"wp-block-cover__image-background wp-image-2343\" alt=\"\" src=\"http:\/\/ccoo.app\/wp-content\/blogs.dir\/6\/files\/2021\/01\/Elementos-CCOO-cabecera.png\" data-object-fit=\"cover\" \/><div class=\"wp-block-cover__inner-container is-layout-flow wp-block-cover-is-layout-flow\">\n<div class=\"wp-block-group\"><div class=\"wp-block-group__inner-container is-layout-flow wp-block-group-is-layout-flow\">\n<h1 class=\"wp-block-heading has-text-align-center has-x-large-font-size\">Secci\u00f3 Sindical Diputaci\u00f3 de Tarragona<\/h1>\n\n\n\n<div class=\"wp-block-columns is-layout-flex wp-container-core-columns-is-layout-9d6595d7 wp-block-columns-is-layout-flex\">\n<div class=\"wp-block-column is-layout-flow wp-block-column-is-layout-flow\" style=\"flex-basis:15%\"><\/div>\n\n\n\n<div class=\"wp-block-column is-layout-flow wp-block-column-is-layout-flow\" style=\"flex-basis:15%\"><\/div>\n<\/div>\n<\/div><\/div>\n<\/div><\/div>\n<\/div><\/div>\n\n\n\n<div style=\"height:42px\" aria-hidden=\"true\" class=\"wp-block-spacer\"><\/div>\n\n\n\n<p><\/p>\n\n\n\n<div class=\"wp-block-columns is-layout-flex wp-container-core-columns-is-layout-9d6595d7 wp-block-columns-is-layout-flex\">\n<div class=\"wp-block-column is-layout-flow wp-block-column-is-layout-flow\">\n<figure class=\"wp-block-image size-full is-resized\"><img loading=\"lazy\" decoding=\"async\" width=\"601\" height=\"450\" src=\"https:\/\/ccoo.app\/diputacio-tarragona\/wp-content\/blogs.dir\/6\/files\/sites\/177\/2022\/06\/captura-de-pantalla-2022-06-17-115943-1.png\" alt=\"Captura De Pantalla 2022 06 17 115943 1\" class=\"wp-image-2898\" style=\"width:494px;height:369px\" srcset=\"https:\/\/ccoo.app\/diputacio-tarragona\/wp-content\/blogs.dir\/6\/files\/sites\/177\/2022\/06\/captura-de-pantalla-2022-06-17-115943-1.png 601w, https:\/\/ccoo.app\/diputacio-tarragona\/wp-content\/blogs.dir\/6\/files\/sites\/177\/2022\/06\/captura-de-pantalla-2022-06-17-115943-1-300x225.png 300w\" sizes=\"auto, (max-width: 601px) 100vw, 601px\" \/><\/figure>\n<\/div>\n\n\n\n<div class=\"wp-block-column is-layout-flow wp-block-column-is-layout-flow\"><div class=\"wp-block-image\">\n<figure class=\"alignleft size-full\"><img loading=\"lazy\" decoding=\"async\" width=\"582\" height=\"200\" src=\"https:\/\/ccoo.app\/diputacio-tarragona\/wp-content\/blogs.dir\/6\/files\/sites\/177\/2022\/06\/logo-ccoo-web.png\" alt=\"Logo Ccoo Web\" class=\"wp-image-2899\" srcset=\"https:\/\/ccoo.app\/diputacio-tarragona\/wp-content\/blogs.dir\/6\/files\/sites\/177\/2022\/06\/logo-ccoo-web.png 582w, https:\/\/ccoo.app\/diputacio-tarragona\/wp-content\/blogs.dir\/6\/files\/sites\/177\/2022\/06\/logo-ccoo-web-300x103.png 300w\" sizes=\"auto, (max-width: 582px) 100vw, 582px\" \/><\/figure>\n<\/div>\n\n\n<p class=\"has-large-font-size\"><strong>Estem amb tu, estem per tu !<\/strong><\/p>\n<\/div>\n<\/div>\n\n\n\n<div style=\"height:40px\" aria-hidden=\"true\" class=\"wp-block-spacer\"><\/div>\n\n\n\n<div class=\"wp-block-cover alignfull is-light\" style=\"min-height:380px;aspect-ratio:unset;\"><span aria-hidden=\"true\" class=\"wp-block-cover__background has-background-dim-0 has-background-dim\"><\/span><img decoding=\"async\" class=\"wp-block-cover__image-background wp-image-2356\" alt=\"\" src=\"https:\/\/ccoo.app\/wp-content\/blogs.dir\/6\/files\/2021\/01\/fond-hero.svg\" data-object-fit=\"cover\" \/><div class=\"wp-block-cover__inner-container is-layout-flow wp-block-cover-is-layout-flow\">\n<div class=\"wp-block-group\"><div class=\"wp-block-group__inner-container is-layout-flow wp-block-group-is-layout-flow\">\n<div class=\"wp-block-columns is-layout-flex wp-container-core-columns-is-layout-9d6595d7 wp-block-columns-is-layout-flex\">\n<div class=\"wp-block-column is-layout-flow wp-block-column-is-layout-flow\"><div class=\"wp-block-image\">\n<figure class=\"aligncenter size-large is-resized\"><img decoding=\"async\" src=\"https:\/\/ccoo.app\/wp-content\/blogs.dir\/6\/files\/2021\/01\/noticias-ccoo.jpg\" alt=\"\" class=\"wp-image-2358\" style=\"width:397px;height:313px\" \/><\/figure>\n<\/div><\/div>\n\n\n\n<div class=\"wp-block-column is-layout-flow wp-block-column-is-layout-flow\">\n<h2 class=\"wp-block-heading\">Not\u00edcies<\/h2>\n\n\n\n<figure class=\"wp-block-image size-large is-resized barra-decoracion\"><img decoding=\"async\" src=\"https:\/\/ccoo.app\/wp-content\/blogs.dir\/6\/files\/2021\/01\/Rectangle-126.svg\" alt=\"\" class=\"wp-image-2357\" style=\"width:281px;height:6px\" \/><\/figure>\n\n\n\n<p class=\"has-black-color has-text-color has-medium-font-size\"><a aria-label=\"Actualitat de CCOO a la Diputaci\u00f3 de Tarragon (opens in a new tab)\" href=\"https:\/\/ccoo.app\/diputacio-tarragona\/category\/actualitat\/\" target=\"_blank\" rel=\"noreferrer noopener\" class=\"ek-link\"><strong>Actualitat<\/strong> de CCOO a la Diputaci\u00f3 de Tarragon<\/a><a href=\"https:\/\/ccoo.app\/diputacio-tarragona\/category\/actualitat\/\" class=\"ek-link\">a<\/a><\/p>\n\n\n\n<div class=\"wp-block-buttons is-layout-flex wp-block-buttons-is-layout-flex\">\n<div class=\"wp-block-button\"><a class=\"wp-block-button__link wp-element-button\" href=\"https:\/\/ccoo.app\/diputacio-tarragona\/category\/actualitat\/\" target=\"_blank\" rel=\"noreferrer noopener\">ACTUALITAT A LA DIPUTACI\u00d3<\/a><\/div>\n<\/div>\n\n\n\n<p><\/p>\n\n\n\n<p><\/p>\n\n\n\n<p>Descobreix les&nbsp;\u00faltimes <a aria-label=\"not\u00edcies de CCOO a l'Administraci\u00f3 P\u00fablica (opens in a new tab)\" href=\"https:\/\/fsc-local.ccoo.cat\/noticies\/\" target=\"_blank\" rel=\"noreferrer noopener\" class=\"ek-link\"><strong>not\u00edcies de CCOO a l&#8217;Administraci\u00f3 P\u00fablica<\/strong><\/a><\/p>\n\n\n\n<div class=\"wp-block-buttons is-layout-flex wp-block-buttons-is-layout-flex\">\n<div class=\"wp-block-button\"><a class=\"wp-block-button__link wp-element-button\" href=\"https:\/\/fsc-local.ccoo.cat\/noticies\/\" target=\"_blank\" rel=\"noreferrer noopener\">NOT\u00cdCIES<\/a><\/div>\n<\/div>\n\n\n\n<p class=\"has-black-color has-text-color\"><\/p>\n\n\n<div class=\"gb-container gb-container-70489257\"><\/div><\/div>\n<\/div>\n<\/div><\/div>\n<\/div><\/div>\n","protected":false},"excerpt":{"rendered":"<p>Estem amb tu, estem per tu !<\/p>\n","protected":false},"author":6,"featured_media":0,"parent":0,"menu_order":0,"comment_status":"closed","ping_status":"closed","template":"","meta":{"footnotes":""},"class_list":{"0":"post-25","1":"page","2":"type-page","3":"status-publish","5":"no-featured-image-padding"},"_links":{"self":[{"href":"https:\/\/ccoo.app\/diputacio-tarragona\/wp-json\/wp\/v2\/pages\/25","targetHints":{"allow":["GET"]}}],"collection":[{"href":"https:\/\/ccoo.app\/diputacio-tarragona\/wp-json\/wp\/v2\/pages"}],"about":[{"href":"https:\/\/ccoo.app\/diputacio-tarragona\/wp-json\/wp\/v2\/types\/page"}],"author":[{"embeddable":true,"href":"https:\/\/ccoo.app\/diputacio-tarragona\/wp-json\/wp\/v2\/users\/6"}],"replies":[{"embeddable":true,"href":"https:\/\/ccoo.app\/diputacio-tarragona\/wp-json\/wp\/v2\/comments?post=25"}],"version-history":[{"count":4,"href":"https:\/\/ccoo.app\/diputacio-tarragona\/wp-json\/wp\/v2\/pages\/25\/revisions"}],"predecessor-version":[{"id":3160,"href":"https:\/\/ccoo.app\/diputacio-tarragona\/wp-json\/wp\/v2\/pages\/25\/revisions\/3160"}],"wp:attachment":[{"href":"https:\/\/ccoo.app\/diputacio-tarragona\/wp-json\/wp\/v2\/media?parent=25"}],"curies":[{"name":"wp","href":"https:\/\/api.w.org\/{rel}","templated":true}]}}