{"id":745,"date":"2016-11-28T10:55:05","date_gmt":"2016-11-28T09:55:05","guid":{"rendered":"https:\/\/diba.ccoo.cat\/?page_id=745"},"modified":"2025-02-10T13:51:33","modified_gmt":"2025-02-10T12:51:33","slug":"benvinguda-del-secretari-general","status":"publish","type":"page","link":"https:\/\/ccoo.app\/diputacio-de-barcelona\/benvinguda-del-secretari-general\/","title":{"rendered":"Benvinguda del Secretari General"},"content":{"rendered":"\n<p>Em dic Bernat Mart\u00edn  i  s\u00f3c el&nbsp;secretari general de la secci\u00f3 sindical despr\u00e9s de&nbsp;ser escollit en assemblea pels afiliats i afiliades de&nbsp;CCOO a la Diputaci\u00f3 de Barcelona.<\/p>\n\n\n\n<p>Com a treballador a la DiBa, formo part\u00a0org\u00e0nicament de l&#8217;Organisme Aut\u00f2nom de Gesti\u00f3 Tribut\u00e0ria encara\u00a0que actualment estic dedicat a jornada completa a\u00a0tasques sindicals.<\/p>\n\n\n\n<p>La meva responsabilitat \u00e9s coordinar la secci\u00f3 sindical per donar resposta a les&nbsp;necessitats de la nostra afiliaci\u00f3 i per extensi\u00f3 de tot el personal de la DiBa. Cercar&nbsp;solucions als problemes de car\u00e0cter individual o aconseguir millores a la negociaci\u00f3&nbsp;col\u00b7lectiva (que es tradueix en Acords) \u00e9s part de la meva feina di\u00e0ria.<\/p>\n\n\n\n<p>Som el sindicat amb m\u00e9s afiliaci\u00f3 i des de les eleccions sindicals el maig de 2015 som, a la Diputaci\u00f3 de Barcelona, el sindicat m\u00e9s votat. A conseq\u00fc\u00e8ncia de\u00a0ser el sindicat m\u00e9s representatiu, en l&#8217;actualitat tant la presidenta com el secretari de la\u00a0Junta de Personal de la DiBa formen part de la candidatura de CCOO.<\/p>\n\n\n\n<p>Sempre m\u2019agrada subratllar especialment que els i les que ens unim entorn de CCOO,&nbsp;no nom\u00e9s volem defensar les nostres condicions laborals a la Diba sin\u00f3 que en tant&nbsp;que sindicat sociopol\u00edtic, treballem per millorar tot all\u00f2 que ens afecta tamb\u00e9 fora de&nbsp;l&#8217;empresa amb l\u2019objectiu d&#8217;assolir una societat m\u00e9s justa.<\/p>\n\n\n\n<p class=\"has-text-align-left\">En el seg\u00fcent enlla\u00e7 teniu els estatuts de CCOO Catalunya:<\/p>\n\n\n\n<p class=\"has-text-align-center\"><a href=\"http:\/\/www.ccoo.cat\/pdf_documents\/estatuts_ccoo_catalunya.pdf\">http:\/\/www.ccoo.cat\/pdf_documents\/estatuts_ccoo_catalunya.pdf<\/a><\/p>\n\n\n\n<p>Amb l\u2019excusa de la crisi, vivim sota una forta onada de retallades de drets civils, socials i&nbsp;laborals que ens obliga a continuar mobilitzant-nos al carrer. Al nostre canal de&nbsp;YouTube podeu veure que CCOO DiBa no ens hem quedat de bra\u00e7os plegats aquests&nbsp;darrers anys. Ara b\u00e9, \u00e9s fonamental entendre que tot just ara, potser \u00e9s m\u00e9s&nbsp;important que mai mobilitzar-nos per evitar m\u00e9s retallades i recuperar els nostres&nbsp;drets.<\/p>\n\n\n\n<figure class=\"wp-block-embed is-type-video is-provider-youtube wp-block-embed-youtube wp-embed-aspect-16-9 wp-has-aspect-ratio\"><div class=\"wp-block-embed__wrapper\">\n<iframe loading=\"lazy\" title=\"RESUM 2013. Lluita contra les retallades.\" width=\"1200\" height=\"675\" src=\"https:\/\/www.youtube.com\/embed\/qebPX4Ci9p8?feature=oembed\" frameborder=\"0\" allow=\"accelerometer; autoplay; clipboard-write; encrypted-media; gyroscope; picture-in-picture; web-share\" referrerpolicy=\"strict-origin-when-cross-origin\" allowfullscreen><\/iframe>\n<\/div><\/figure>\n\n\n\n<p>La for\u00e7a de CCOO a la Diputaci\u00f3 \u00e9s la seva afiliaci\u00f3. Com m\u00e9s treballadores i&nbsp;treballadors ens afiliem i participem en el projecte sindical m\u00e9s gran ser\u00e0 la nostra&nbsp;for\u00e7a. Aix\u00ed doncs, afilia\u2019t a CCOO i lluitem juntes!<\/p>\n\n\n\n<p><strong>Bernat Mart\u00edn<\/strong><br><em>Secretari General CCOO DiBa<\/em><\/p>\n\n\n\n<div style=\"height:80px\" aria-hidden=\"true\" class=\"wp-block-spacer\"><\/div>\n\n\n\n<p><\/p>\n","protected":false},"excerpt":{"rendered":"<p>Em dic Bernat Mart\u00edn i s\u00f3c el&nbsp;secretari general de la secci\u00f3 sindical despr\u00e9s de&nbsp;ser escollit en assemblea pels afiliats i afiliades de&nbsp;CCOO a la Diputaci\u00f3 de Barcelona. Com a treballador &#8230; <\/p>\n<p class=\"read-more-container\"><a title=\"Benvinguda del Secretari General\" class=\"read-more button\" href=\"https:\/\/ccoo.app\/diputacio-de-barcelona\/benvinguda-del-secretari-general\/#more-745\" aria-label=\"Leer m\u00e1s sobre Benvinguda del Secretari General\">Continuar llegint<\/a><\/p>\n","protected":false},"author":4519,"featured_media":0,"parent":0,"menu_order":0,"comment_status":"closed","ping_status":"closed","template":"","meta":{"footnotes":""},"class_list":["post-745","page","type-page","status-publish"],"_links":{"self":[{"href":"https:\/\/ccoo.app\/diputacio-de-barcelona\/wp-json\/wp\/v2\/pages\/745","targetHints":{"allow":["GET"]}}],"collection":[{"href":"https:\/\/ccoo.app\/diputacio-de-barcelona\/wp-json\/wp\/v2\/pages"}],"about":[{"href":"https:\/\/ccoo.app\/diputacio-de-barcelona\/wp-json\/wp\/v2\/types\/page"}],"author":[{"embeddable":true,"href":"https:\/\/ccoo.app\/diputacio-de-barcelona\/wp-json\/wp\/v2\/users\/4519"}],"replies":[{"embeddable":true,"href":"https:\/\/ccoo.app\/diputacio-de-barcelona\/wp-json\/wp\/v2\/comments?post=745"}],"version-history":[{"count":4,"href":"https:\/\/ccoo.app\/diputacio-de-barcelona\/wp-json\/wp\/v2\/pages\/745\/revisions"}],"predecessor-version":[{"id":53868,"href":"https:\/\/ccoo.app\/diputacio-de-barcelona\/wp-json\/wp\/v2\/pages\/745\/revisions\/53868"}],"wp:attachment":[{"href":"https:\/\/ccoo.app\/diputacio-de-barcelona\/wp-json\/wp\/v2\/media?parent=745"}],"curies":[{"name":"wp","href":"https:\/\/api.w.org\/{rel}","templated":true}]}}