{"id":51019,"date":"2022-12-14T12:59:34","date_gmt":"2022-12-14T11:59:34","guid":{"rendered":"https:\/\/ccoo.app\/diputacio-de-barcelona\/?page_id=51019"},"modified":"2025-03-12T14:52:27","modified_gmt":"2025-03-12T13:52:27","slug":"delegats-i-delegades-de-prevencio","status":"publish","type":"page","link":"https:\/\/ccoo.app\/diputacio-de-barcelona\/delegats-i-delegades-de-prevencio\/","title":{"rendered":"Delegats i delegades de Prevenci\u00f3"},"content":{"rendered":"\n<h4 class=\"wp-block-heading has-text-color\" style=\"color:#d42e12\">ELS TEUS REPRESENTANTS<\/h4>\n\n\n\n<div style=\"height:30px\" aria-hidden=\"true\" class=\"wp-block-spacer\"><\/div>\n\n\n\n<p><strong>Els i les delegades de prevenci\u00f3<\/strong> s\u00f3n <strong>representants dels\/de les treballadors\/es<\/strong> que <strong>canalitzen les informacions referents a possibles riscos i mesures preventives <\/strong>que en relaci\u00f3 amb la <strong>seguretat i salut<\/strong> dels\/de les treballadors\/es puguin produir-se.<\/p>\n\n\n\n<p>Vetllen perqu\u00e8 els riscos detectats es <strong>redueixin o eliminin <\/strong>i, en cas de no ser possible, s&#8217;<strong>estableixin les mesures de protecci\u00f3 pertinents<\/strong>.<\/p>\n\n\n\n<p>Amb motiu de les eleccions sindicals, es constitueix el <strong>Comit\u00e8 de Seguretat i Salut<\/strong> de la Diputaci\u00f3 de Barcelona. A la Diputaci\u00f3 de Barcelona el Comit\u00e8 est\u00e0 format per un total de 19 delegats\/delegades de prevenci\u00f3. S&#8217;han de repartir entre els diferents sindicats amb pres\u00e8ncia a la Junta de Personal<\/p>\n\n\n\n<p>Qui proposa com s&#8217;ha de fer aquest repartiment \u00e9s el sindicat amb m\u00e9s representaci\u00f3. En aquest cas, CCOO vam decidir aplicar el principi de proporcionalitat d&#8217;acord amb els resultats electorals en lloc&nbsp;d&#8217;aglutinar la majoria dels delegats\/des. Aix\u00ed doncs, actualment CCOO tenim <strong>7 delegats\/des de Prevenci\u00f3<\/strong>. <\/p>\n\n\n\n<div style=\"height:30px\" aria-hidden=\"true\" class=\"wp-block-spacer\"><\/div>\n\n\n\n<div class=\"wp-block-columns is-layout-flex wp-container-core-columns-is-layout-9d6595d7 wp-block-columns-is-layout-flex\">\n<div class=\"wp-block-column is-layout-flow wp-block-column-is-layout-flow\" style=\"flex-basis:20%\"><\/div>\n\n\n\n<div class=\"wp-block-column is-vertically-aligned-top is-layout-flow wp-block-column-is-layout-flow\" style=\"flex-basis:66.66%\">\n<h4 class=\"gb-headline gb-headline-6751ec01 gb-headline-text\">Can Serra i Rodalies<\/h4>\n\n\n\n<h4 class=\"gb-headline gb-headline-5ae46938 gb-headline-text\">Can Serra, Minerva, Parc M\u00f2bil, Centre Francesca Bonnemaison, Palau G\u00fcell, Recinte de la Casa de la Caritat, CERC, SPOTT i Institut del Teatre<\/h4>\n<\/div>\n<\/div>\n\n\n\n<div class=\"wp-block-columns is-layout-flex wp-container-core-columns-is-layout-9d6595d7 wp-block-columns-is-layout-flex\">\n<div class=\"wp-block-column is-layout-flow wp-block-column-is-layout-flow\" style=\"flex-basis:20%\"><div class=\"wp-block-image\">\n<figure class=\"alignright size-full is-resized\"><img loading=\"lazy\" decoding=\"async\" width=\"512\" height=\"512\" src=\"https:\/\/ccoo.app\/diputacio-de-barcelona\/wp-content\/blogs.dir\/6\/files\/sites\/186\/2022\/12\/people.png\" alt=\"people\n\" class=\"wp-image-51010\" style=\"width:128px;height:128px\" srcset=\"https:\/\/ccoo.app\/diputacio-de-barcelona\/wp-content\/blogs.dir\/6\/files\/sites\/186\/2022\/12\/people.png 512w, https:\/\/ccoo.app\/diputacio-de-barcelona\/wp-content\/blogs.dir\/6\/files\/sites\/186\/2022\/12\/people-300x300.png 300w, https:\/\/ccoo.app\/diputacio-de-barcelona\/wp-content\/blogs.dir\/6\/files\/sites\/186\/2022\/12\/people-150x150.png 150w\" sizes=\"auto, (max-width: 512px) 100vw, 512px\" \/><\/figure>\n<\/div><\/div>\n\n\n\n<div class=\"wp-block-column is-vertically-aligned-top is-layout-flow wp-block-column-is-layout-flow\" style=\"flex-basis:66.66%\">\n<p class=\"has-e-23301-color has-text-color\"><strong>Arnau Julian Pascual<\/strong><\/p>\n\n\n\n<p><a class=\"ek-link\" href=\"mailto:montiellp@diba.cat\">julianpa@diba.cat<\/a><br><\/p>\n<\/div>\n<\/div>\n\n\n\n<div class=\"wp-block-columns is-layout-flex wp-container-core-columns-is-layout-9d6595d7 wp-block-columns-is-layout-flex\">\n<div class=\"wp-block-column is-layout-flow wp-block-column-is-layout-flow\" style=\"flex-basis:20%\"><\/div>\n\n\n\n<div class=\"wp-block-column is-vertically-aligned-top is-layout-flow wp-block-column-is-layout-flow\" style=\"flex-basis:66.66%\">\n<h4 class=\"gb-headline gb-headline-12eb7518 gb-headline-text\">Escola Industrial<\/h4>\n\n\n\n<h4 class=\"gb-headline gb-headline-18bb5d5f gb-headline-text\">Recinte Urgell, Recinte Torribera, Edifici Londres i Biblioteques<\/h4>\n\n\n\n<p><\/p>\n<\/div>\n<\/div>\n\n\n\n<div class=\"wp-block-columns is-layout-flex wp-container-core-columns-is-layout-9d6595d7 wp-block-columns-is-layout-flex\">\n<div class=\"wp-block-column is-layout-flow wp-block-column-is-layout-flow\" style=\"flex-basis:20%\"><div class=\"wp-block-image\">\n<figure class=\"alignright size-full is-resized\"><img loading=\"lazy\" decoding=\"async\" width=\"512\" height=\"512\" src=\"https:\/\/ccoo.app\/diputacio-de-barcelona\/wp-content\/blogs.dir\/6\/files\/sites\/186\/2022\/12\/people.png\" alt=\"people\n\" class=\"wp-image-51010\" style=\"width:128px;height:128px\" srcset=\"https:\/\/ccoo.app\/diputacio-de-barcelona\/wp-content\/blogs.dir\/6\/files\/sites\/186\/2022\/12\/people.png 512w, https:\/\/ccoo.app\/diputacio-de-barcelona\/wp-content\/blogs.dir\/6\/files\/sites\/186\/2022\/12\/people-300x300.png 300w, https:\/\/ccoo.app\/diputacio-de-barcelona\/wp-content\/blogs.dir\/6\/files\/sites\/186\/2022\/12\/people-150x150.png 150w\" sizes=\"auto, (max-width: 512px) 100vw, 512px\" \/><\/figure>\n<\/div><\/div>\n\n\n\n<div class=\"wp-block-column is-vertically-aligned-top is-layout-flow wp-block-column-is-layout-flow\" style=\"flex-basis:66.66%\">\n<p><strong><strong>Adolfo Calder\u00f3n P\u00e9rez<\/strong><\/strong><\/p>\n\n\n\n<p><a href=\"mailto:calderonpad@diba.cat\" class=\"ek-link\">calderonpad@diba.cat<\/a><br>607 554 715<\/p>\n\n\n\n<p><\/p>\n<\/div>\n<\/div>\n\n\n\n<div class=\"wp-block-columns is-layout-flex wp-container-core-columns-is-layout-9d6595d7 wp-block-columns-is-layout-flex\">\n<div class=\"wp-block-column is-layout-flow wp-block-column-is-layout-flow\" style=\"flex-basis:20%\"><\/div>\n\n\n\n<div class=\"wp-block-column is-vertically-aligned-top is-layout-flow wp-block-column-is-layout-flow\" style=\"flex-basis:66.66%\">\n<h4 class=\"gb-headline gb-headline-8e0cd569 gb-headline-text\">Mundet<\/h4>\n<\/div>\n<\/div>\n\n\n\n<div class=\"wp-block-columns is-layout-flex wp-container-core-columns-is-layout-9d6595d7 wp-block-columns-is-layout-flex\">\n<div class=\"wp-block-column is-layout-flow wp-block-column-is-layout-flow\" style=\"flex-basis:20%\"><div class=\"wp-block-image\">\n<figure class=\"alignright size-full is-resized\"><img loading=\"lazy\" decoding=\"async\" width=\"512\" height=\"512\" src=\"https:\/\/ccoo.app\/diputacio-de-barcelona\/wp-content\/blogs.dir\/6\/files\/sites\/186\/2022\/12\/people.png\" alt=\"people\n\" class=\"wp-image-51010\" style=\"width:128px;height:128px\" srcset=\"https:\/\/ccoo.app\/diputacio-de-barcelona\/wp-content\/blogs.dir\/6\/files\/sites\/186\/2022\/12\/people.png 512w, https:\/\/ccoo.app\/diputacio-de-barcelona\/wp-content\/blogs.dir\/6\/files\/sites\/186\/2022\/12\/people-300x300.png 300w, https:\/\/ccoo.app\/diputacio-de-barcelona\/wp-content\/blogs.dir\/6\/files\/sites\/186\/2022\/12\/people-150x150.png 150w\" sizes=\"auto, (max-width: 512px) 100vw, 512px\" \/><\/figure>\n<\/div><\/div>\n\n\n\n<div class=\"wp-block-column is-vertically-aligned-top is-layout-flow wp-block-column-is-layout-flow\" style=\"flex-basis:66.66%\">\n<p class=\"has-e-23301-color has-text-color\"><strong>Julia Bueno Buitrago<\/strong><\/p>\n\n\n\n<p><a href=\"mailto:buenobj@diba.cat\" class=\"ek-link\">buenobj@diba.cat<\/a><\/p>\n<\/div>\n<\/div>\n\n\n\n<div class=\"wp-block-columns is-layout-flex wp-container-core-columns-is-layout-9d6595d7 wp-block-columns-is-layout-flex\">\n<div class=\"wp-block-column is-layout-flow wp-block-column-is-layout-flow\" style=\"flex-basis:20%\"><div class=\"wp-block-image\">\n<figure class=\"alignright size-full is-resized\"><img loading=\"lazy\" decoding=\"async\" width=\"512\" height=\"512\" src=\"https:\/\/ccoo.app\/diputacio-de-barcelona\/wp-content\/blogs.dir\/6\/files\/sites\/186\/2022\/12\/people.png\" alt=\"people\n\" class=\"wp-image-51010\" style=\"width:128px;height:128px\" srcset=\"https:\/\/ccoo.app\/diputacio-de-barcelona\/wp-content\/blogs.dir\/6\/files\/sites\/186\/2022\/12\/people.png 512w, https:\/\/ccoo.app\/diputacio-de-barcelona\/wp-content\/blogs.dir\/6\/files\/sites\/186\/2022\/12\/people-300x300.png 300w, https:\/\/ccoo.app\/diputacio-de-barcelona\/wp-content\/blogs.dir\/6\/files\/sites\/186\/2022\/12\/people-150x150.png 150w\" sizes=\"auto, (max-width: 512px) 100vw, 512px\" \/><\/figure>\n<\/div><\/div>\n\n\n\n<div class=\"wp-block-column is-vertically-aligned-top is-layout-flow wp-block-column-is-layout-flow\" style=\"flex-basis:66.66%\">\n<p class=\"has-e-23301-color has-text-color\"><strong>Mireia P\u00e9rez Ortiz<\/strong><\/p>\n\n\n\n<p class=\"has-e-23301-color has-text-color\"><a class=\"ek-link\" href=\"mailto:perezomr@diba.cat\">perezomr@diba.cat<\/a><br>677 472 909<\/p>\n\n\n\n<p><\/p>\n<\/div>\n<\/div>\n\n\n\n<div class=\"wp-block-columns is-layout-flex wp-container-core-columns-is-layout-9d6595d7 wp-block-columns-is-layout-flex\">\n<div class=\"wp-block-column is-layout-flow wp-block-column-is-layout-flow\" style=\"flex-basis:20%\"><\/div>\n\n\n\n<div class=\"wp-block-column is-vertically-aligned-top is-layout-flow wp-block-column-is-layout-flow\" style=\"flex-basis:66.66%\">\n<h4 class=\"gb-headline gb-headline-06864fff gb-headline-text\">Maternitat, ORGT Central i Prov\u00edncia<\/h4>\n<\/div>\n<\/div>\n\n\n\n<div class=\"wp-block-columns is-layout-flex wp-container-core-columns-is-layout-9d6595d7 wp-block-columns-is-layout-flex\">\n<div class=\"wp-block-column is-layout-flow wp-block-column-is-layout-flow\" style=\"flex-basis:20%\"><div class=\"wp-block-image\">\n<figure class=\"alignright size-full is-resized\"><img loading=\"lazy\" decoding=\"async\" width=\"512\" height=\"512\" src=\"https:\/\/ccoo.app\/diputacio-de-barcelona\/wp-content\/blogs.dir\/6\/files\/sites\/186\/2022\/12\/people.png\" alt=\"people\n\" class=\"wp-image-51010\" style=\"width:128px;height:128px\" srcset=\"https:\/\/ccoo.app\/diputacio-de-barcelona\/wp-content\/blogs.dir\/6\/files\/sites\/186\/2022\/12\/people.png 512w, https:\/\/ccoo.app\/diputacio-de-barcelona\/wp-content\/blogs.dir\/6\/files\/sites\/186\/2022\/12\/people-300x300.png 300w, https:\/\/ccoo.app\/diputacio-de-barcelona\/wp-content\/blogs.dir\/6\/files\/sites\/186\/2022\/12\/people-150x150.png 150w\" sizes=\"auto, (max-width: 512px) 100vw, 512px\" \/><\/figure>\n<\/div><\/div>\n\n\n\n<div class=\"wp-block-column is-vertically-aligned-top is-layout-flow wp-block-column-is-layout-flow\" style=\"flex-basis:66.66%\">\n<p class=\"has-e-23301-color has-text-color\"><strong>Leo Jurado Luque<\/strong><\/p>\n\n\n\n<p><a href=\"mailto:juradolm@diba.cat\" class=\"ek-link\">juradolm@diba.cat<\/a><br>654 98 39 19<\/p>\n\n\n\n<p><br><\/p>\n<\/div>\n<\/div>\n\n\n\n<div class=\"wp-block-columns is-layout-flex wp-container-core-columns-is-layout-9d6595d7 wp-block-columns-is-layout-flex\">\n<div class=\"wp-block-column is-layout-flow wp-block-column-is-layout-flow\" style=\"flex-basis:20%\"><\/div>\n\n\n\n<div class=\"wp-block-column is-vertically-aligned-top is-layout-flow wp-block-column-is-layout-flow\" style=\"flex-basis:66.66%\">\n<h4 class=\"gb-headline gb-headline-2f7a5003 gb-headline-text\">Altres centres<\/h4>\n\n\n\n<h4 class=\"gb-headline gb-headline-77e790b9 gb-headline-text\">Vies Locals, Parcs i Espais Naturals, PDL, Centre d&#8217;Estudis del Mar, E.U. Enginyeria T\u00e8cnica Teixits de Punt, Torre Marimon, CRTTT Canet de Mar, Oficina d&#8217;Incendis&#8230;<\/h4>\n<\/div>\n<\/div>\n\n\n\n<div class=\"wp-block-columns is-layout-flex wp-container-core-columns-is-layout-9d6595d7 wp-block-columns-is-layout-flex\">\n<div class=\"wp-block-column is-layout-flow wp-block-column-is-layout-flow\" style=\"flex-basis:20%\"><div class=\"wp-block-image\">\n<figure class=\"alignright size-full is-resized\"><img loading=\"lazy\" decoding=\"async\" width=\"512\" height=\"512\" src=\"https:\/\/ccoo.app\/diputacio-de-barcelona\/wp-content\/blogs.dir\/6\/files\/sites\/186\/2022\/12\/people.png\" alt=\"people\n\" class=\"wp-image-51010\" style=\"width:128px;height:128px\" srcset=\"https:\/\/ccoo.app\/diputacio-de-barcelona\/wp-content\/blogs.dir\/6\/files\/sites\/186\/2022\/12\/people.png 512w, https:\/\/ccoo.app\/diputacio-de-barcelona\/wp-content\/blogs.dir\/6\/files\/sites\/186\/2022\/12\/people-300x300.png 300w, https:\/\/ccoo.app\/diputacio-de-barcelona\/wp-content\/blogs.dir\/6\/files\/sites\/186\/2022\/12\/people-150x150.png 150w\" sizes=\"auto, (max-width: 512px) 100vw, 512px\" \/><\/figure>\n<\/div><\/div>\n\n\n\n<div class=\"wp-block-column is-vertically-aligned-top is-layout-flow wp-block-column-is-layout-flow\" style=\"flex-basis:66.66%\">\n<p class=\"has-e-23301-color has-text-color\"><strong>Albert Carreras Aran<\/strong><\/p>\n\n\n\n<p><a href=\"mailto:carrerasaa@diba.cat\" class=\"ek-link\">carrerasaa@diba.cat<\/a><br>628 17 63 19<\/p>\n<\/div>\n<\/div>\n\n\n\n<div class=\"wp-block-columns is-layout-flex wp-container-core-columns-is-layout-9d6595d7 wp-block-columns-is-layout-flex\">\n<div class=\"wp-block-column is-layout-flow wp-block-column-is-layout-flow\" style=\"flex-basis:20%\"><div class=\"wp-block-image\">\n<figure class=\"alignright size-full is-resized\"><img loading=\"lazy\" decoding=\"async\" width=\"512\" height=\"512\" src=\"https:\/\/ccoo.app\/diputacio-de-barcelona\/wp-content\/blogs.dir\/6\/files\/sites\/186\/2022\/12\/people.png\" alt=\"people\n\" class=\"wp-image-51010\" style=\"width:128px;height:128px\" srcset=\"https:\/\/ccoo.app\/diputacio-de-barcelona\/wp-content\/blogs.dir\/6\/files\/sites\/186\/2022\/12\/people.png 512w, https:\/\/ccoo.app\/diputacio-de-barcelona\/wp-content\/blogs.dir\/6\/files\/sites\/186\/2022\/12\/people-300x300.png 300w, https:\/\/ccoo.app\/diputacio-de-barcelona\/wp-content\/blogs.dir\/6\/files\/sites\/186\/2022\/12\/people-150x150.png 150w\" sizes=\"auto, (max-width: 512px) 100vw, 512px\" \/><\/figure>\n<\/div><\/div>\n\n\n\n<div class=\"wp-block-column is-vertically-aligned-top is-layout-flow wp-block-column-is-layout-flow\" style=\"flex-basis:66.66%\">\n<p class=\"has-e-23301-color has-text-color\"><strong>Yashina P\u00e9rez Serrano<\/strong><\/p>\n\n\n\n<p><a href=\"mailto:yashina.perez@diba.cat\" class=\"ek-link\">yashina.perez@diba.cat<\/a><\/p>\n<\/div>\n<\/div>\n\n\n\n<div style=\"height:80px\" aria-hidden=\"true\" class=\"wp-block-spacer\"><\/div>\n","protected":false},"excerpt":{"rendered":"<p>ELS TEUS REPRESENTANTS Els i les delegades de prevenci\u00f3 s\u00f3n representants dels\/de les treballadors\/es que canalitzen les informacions referents a possibles riscos i mesures preventives que en relaci\u00f3 amb la &#8230; <\/p>\n<p class=\"read-more-container\"><a title=\"Delegats i delegades de Prevenci\u00f3\" class=\"read-more button\" href=\"https:\/\/ccoo.app\/diputacio-de-barcelona\/delegats-i-delegades-de-prevencio\/#more-51019\" aria-label=\"Leer m\u00e1s sobre Delegats i delegades de Prevenci\u00f3\">Continuar llegint<\/a><\/p>\n","protected":false},"author":34224,"featured_media":0,"parent":0,"menu_order":0,"comment_status":"closed","ping_status":"closed","template":"","meta":{"footnotes":""},"class_list":["post-51019","page","type-page","status-publish"],"_links":{"self":[{"href":"https:\/\/ccoo.app\/diputacio-de-barcelona\/wp-json\/wp\/v2\/pages\/51019","targetHints":{"allow":["GET"]}}],"collection":[{"href":"https:\/\/ccoo.app\/diputacio-de-barcelona\/wp-json\/wp\/v2\/pages"}],"about":[{"href":"https:\/\/ccoo.app\/diputacio-de-barcelona\/wp-json\/wp\/v2\/types\/page"}],"author":[{"embeddable":true,"href":"https:\/\/ccoo.app\/diputacio-de-barcelona\/wp-json\/wp\/v2\/users\/34224"}],"replies":[{"embeddable":true,"href":"https:\/\/ccoo.app\/diputacio-de-barcelona\/wp-json\/wp\/v2\/comments?post=51019"}],"version-history":[{"count":5,"href":"https:\/\/ccoo.app\/diputacio-de-barcelona\/wp-json\/wp\/v2\/pages\/51019\/revisions"}],"predecessor-version":[{"id":53966,"href":"https:\/\/ccoo.app\/diputacio-de-barcelona\/wp-json\/wp\/v2\/pages\/51019\/revisions\/53966"}],"wp:attachment":[{"href":"https:\/\/ccoo.app\/diputacio-de-barcelona\/wp-json\/wp\/v2\/media?parent=51019"}],"curies":[{"name":"wp","href":"https:\/\/api.w.org\/{rel}","templated":true}]}}