{"id":6637,"date":"2019-03-25T13:34:09","date_gmt":"2019-03-25T13:34:09","guid":{"rendered":"http:\/\/ccoocoty.com\/?page_id=6637"},"modified":"2019-03-25T13:34:09","modified_gmt":"2019-03-25T13:34:09","slug":"afiliate-a-ccoo","status":"publish","type":"page","link":"https:\/\/ccoo.app\/coty\/afiliate-a-ccoo\/","title":{"rendered":"af\u00edliate a ccoo"},"content":{"rendered":"<div id=\"pl-6637\" class=\"panel-layout\">\n<div id=\"pg-6637-0\" class=\"panel-grid panel-no-style\" data-style=\"{&quot;background_image_attachment&quot;:false,&quot;background_display&quot;:&quot;tile&quot;,&quot;cell_alignment&quot;:&quot;flex-start&quot;}\" data-ratio=\"1\" data-ratio-direction=\"right\">\n<div id=\"pgc-6637-0-0\" class=\"panel-grid-cell\" data-weight=\"1\">\n<div id=\"panel-6637-0-0-0\" class=\"so-panel widget widget_sow-editor panel-first-child panel-last-child\" data-index=\"0\" data-style=\"{&quot;background_image_attachment&quot;:false,&quot;background_display&quot;:&quot;tile&quot;}\">\n<div class=\"so-widget-sow-editor so-widget-sow-editor-base\">\n<h3 class=\"widget-title\">T\u00fa ganas,todos ganamos!<\/h3>\n<div class=\"siteorigin-widget-tinymce textwidget\">\n<h2 class=\"mb-auto\">Ya somos muchos los trabajadores y las trabajadoras afiliados a CCOO,<br \/>\npero todav\u00eda nos faltas t\u00fa. Af\u00edliate a CCOO!<\/h2>\n<\/div>\n<\/div>\n<\/div>\n<\/div>\n<\/div>\n<div id=\"pg-6637-1\" class=\"panel-grid panel-no-style\" data-style=\"{&quot;background_image_attachment&quot;:false,&quot;background_display&quot;:&quot;tile&quot;,&quot;cell_alignment&quot;:&quot;flex-start&quot;}\">\n<div id=\"pgc-6637-1-0\" class=\"panel-grid-cell\" data-weight=\"0.5\">\n<div id=\"panel-6637-1-0-0\" class=\"so-panel widget widget_sow-button panel-first-child panel-last-child\" data-index=\"1\" data-style=\"{&quot;background_image_attachment&quot;:false,&quot;background_display&quot;:&quot;tile&quot;}\">[siteorigin_widget class=\u00bbSiteOrigin_Widget_Button_Widget\u00bb][\/siteorigin_widget]<\/div>\n<\/div>\n<div id=\"pgc-6637-1-1\" class=\"panel-grid-cell\" data-weight=\"0.5\">\n<div id=\"panel-6637-1-1-0\" class=\"so-panel widget widget_sow-button panel-first-child panel-last-child\" data-index=\"2\" data-style=\"{&quot;background_image_attachment&quot;:false,&quot;background_display&quot;:&quot;tile&quot;}\">[siteorigin_widget class=\u00bbSiteOrigin_Widget_Button_Widget\u00bb][\/siteorigin_widget]<\/div>\n<\/div>\n<\/div>\n<div id=\"pg-6637-2\" class=\"panel-grid panel-no-style\" data-style=\"{&quot;background_image_attachment&quot;:false,&quot;background_display&quot;:&quot;tile&quot;,&quot;cell_alignment&quot;:&quot;flex-start&quot;}\" data-ratio=\"1\" data-ratio-direction=\"right\">\n<div id=\"pgc-6637-2-0\" class=\"panel-grid-cell\" data-weight=\"1\">\n<div id=\"panel-6637-2-0-0\" class=\"so-panel widget widget_sow-editor panel-first-child panel-last-child\" data-index=\"3\" data-style=\"{&quot;background_image_attachment&quot;:false,&quot;background_display&quot;:&quot;tile&quot;}\">\n<div class=\"so-widget-sow-editor so-widget-sow-editor-base\">\n<h3 class=\"widget-title\">CONTIGO SOMOS M\u00c1S Y MEJORES<\/h3>\n<div class=\"siteorigin-widget-tinymce textwidget\">\n<div id=\"12872_23599_16225\">\n<div class=\"wrapper_000\">\n<p>Para que la direcci\u00f3n de tu empresa y las organizaciones empresariales no impongan sus intereses y decisiones.<\/p>\n<\/div>\n<\/div>\n<div id=\"12872_23599_16224\">\n<div class=\"eC_estatico_v001\">\n<div class=\"wrapper_000\">\n<p class=\"est_p_v001\">Para que las Administraciones P\u00fablicas tengan en cuenta nuestras demandas. Porque juntos s\u00ed podemos.<\/p>\n<p class=\"est_p_v001\">CCOO debe su independencia y su fuerza a los afiliados y afiliadas. Vuestro respaldo garantiza nuestra representatividad y nuestra capacidad de reivindicaci\u00f3n y propuesta.<\/p>\n<p class=\"est_p_v001\">CCOO es imprescindible en las empresas para ayudarte a resolver tus problemas y para que se cumplan los convenios colectivos y el derecho laboral.<\/p>\n<p class=\"est_p_v001\">CCOO es necesario para conseguir mejores condiciones de trabajo, mejores salarios, nuevos derechos, a trav\u00e9s de la negociaci\u00f3n de los convenios colectivos, de la relaci\u00f3n permanente con los empresarios y de la interlocuci\u00f3n con la Administraci\u00f3n central y auton\u00f3mica.<\/p>\n<p class=\"est_p_v001\">La fuerza de CCOO es una garant\u00eda para que se mantenga y mejore el sistema de protecci\u00f3n social: las pensiones, la protecci\u00f3n por desempleo, la protecci\u00f3n a las personas con dependencias CCOO cuenta con los mejores servicios de asesoramiento sindical, jur\u00eddico y t\u00e9cnico que pone a tu disposici\u00f3n como afiliado y afiliada.<\/p>\n<p class=\"est_p_v001\">CCOO te proporciona informaci\u00f3n sobre la situaci\u00f3n econ\u00f3mica y laboral, y de las posibles alternativas sindicales.<\/p>\n<p class=\"est_p_v001\">CCOO te ayuda para que tengas acceso a la formaci\u00f3n profesional, decisiva para encontrar o mejorar el empleo.<\/p>\n<p class=\"est_p_v001\">Como afiliado o afiliada, CCOO pone a tu disposici\u00f3n diversos servicios en \u00e1mbitos como la vivienda, los seguros, los fondos de pensiones, tiempo libre.<\/p>\n<p class=\"est_p_v001\">La cuota sindical es deducible en la declaraci\u00f3n de la renta. Adem\u00e1s, con la cuota tienes derecho a un seguro de vida en caso de accidente.<\/p>\n<p class=\"est_p_v001\">CCOO es el primer sindicato en afiliaci\u00f3n, representatividad y presencia en las empresas.<\/p>\n<p class=\"est_p_v001\">Cuotas mensuales vigentes:<\/p>\n<p class=\"est_p_v001\">Cuota S\u00faper Reducida (S) 3,00 euros mensuales. De aplicaci\u00f3n para las personas que no perciban retribuciones, ingresos o prestaciones, o en caso de percibirlas sean en cuant\u00edas brutas iguales o inferiores a 7.000 euros. Esta cuota ser\u00e1 revisable cada 12 meses con los ingresos, ya sean ciertos o los previstos para cada ejercicio.<\/p>\n<p class=\"est_p_v001\">Cuota Especial (E) 7,10 euros mensuales. De aplicaci\u00f3n a todas las personas con retribuciones, ingresos o prestaciones brutas comprendidas entre los 7.001 euros y los 14.000 Euros.<\/p>\n<p class=\"est_p_v001\">Cuota General Reducida (G) 11,80 euros mensuales. De aplicaci\u00f3n a todas las personas con unos ingresos o prestaciones anuales brutas comprendidas entre las 14.001 euros anuales y los 24.000 euros anuales.<\/p>\n<p class=\"est_p_v001\">Cuota General Ordinaria (V) 13,00 euros mensuales. De aplicaci\u00f3n a todas las personas con unos ingresos o prestaciones anuales superiores a 24.001 euros anuales.<\/p>\n<p class=\"est_p_v001\">Cuotas Generales de Pensionistas y Jubilados (S,E,R) De aplicaci\u00f3n para las personas con los siguientes tramos retributivos. En el primer tramo de ingresos que va de 0.00 a 7.000 Euros, se aplicara la cuota s\u00faper reducida (S), para aquellos que tengan unos ingresos comprendidos entre los 7.001 y los 14.000 Euros, se aplicara la cuota especial (E) y para los ingresos brutos superiores a 14.000 euros se aplicara una cuota de 10.05 euros mensuales denominada General PPJJ (R).<\/p>\n<p class=\"est_p_v001\">Cuota Militante (M) 16,70 euros mensuales. Cuota Voluntaria<\/p>\n<\/div>\n<\/div>\n<\/div>\n<\/div>\n<\/div>\n<\/div>\n<\/div>\n<\/div>\n<\/div>\n","protected":false},"excerpt":{"rendered":"<p>T\u00fa ganas,todos ganamos! Ya somos muchos los trabajadores y las trabajadoras afiliados a CCOO, pero todav\u00eda nos faltas t\u00fa. Af\u00edliate a CCOO! [siteorigin_widget class=\u00bbSiteOrigin_Widget_Button_Widget\u00bb][\/siteorigin_widget] [siteorigin_widget class=\u00bbSiteOrigin_Widget_Button_Widget\u00bb][\/siteorigin_widget] CONTIGO SOMOS M\u00c1S Y &#8230; <a title=\"af\u00edliate a ccoo\" class=\"read-more\" href=\"https:\/\/ccoo.app\/coty\/afiliate-a-ccoo\/\" aria-label=\"Leer m\u00e1s sobre af\u00edliate a ccoo\">Leer m\u00e1s<\/a><\/p>\n","protected":false},"author":6,"featured_media":0,"parent":0,"menu_order":0,"comment_status":"closed","ping_status":"closed","template":"page_landing.php","meta":{"footnotes":""},"class_list":["post-6637","page","type-page","status-publish"],"_links":{"self":[{"href":"https:\/\/ccoo.app\/coty\/wp-json\/wp\/v2\/pages\/6637","targetHints":{"allow":["GET"]}}],"collection":[{"href":"https:\/\/ccoo.app\/coty\/wp-json\/wp\/v2\/pages"}],"about":[{"href":"https:\/\/ccoo.app\/coty\/wp-json\/wp\/v2\/types\/page"}],"author":[{"embeddable":true,"href":"https:\/\/ccoo.app\/coty\/wp-json\/wp\/v2\/users\/6"}],"replies":[{"embeddable":true,"href":"https:\/\/ccoo.app\/coty\/wp-json\/wp\/v2\/comments?post=6637"}],"version-history":[{"count":0,"href":"https:\/\/ccoo.app\/coty\/wp-json\/wp\/v2\/pages\/6637\/revisions"}],"wp:attachment":[{"href":"https:\/\/ccoo.app\/coty\/wp-json\/wp\/v2\/media?parent=6637"}],"curies":[{"name":"wp","href":"https:\/\/api.w.org\/{rel}","templated":true}]}}