{"id":439,"date":"2021-03-01T14:10:56","date_gmt":"2021-03-01T13:10:56","guid":{"rendered":"https:\/\/fsccongres.ccoo.cat\/?page_id=439"},"modified":"2024-10-15T10:44:11","modified_gmt":"2024-10-15T08:44:11","slug":"actes-4rt-congres-fsc-2","status":"publish","type":"page","link":"https:\/\/ccoo.app\/congres-fsc\/actes-4rt-congres-fsc-2\/","title":{"rendered":"Documents assemblees 2on nivell"},"content":{"rendered":"\n<ul class=\"wp-block-list\">\n<li><strong>Model C.4 : <\/strong><a href=\"http:\/\/ccoo.app\/congres-fsc\/wp-content\/blogs.dir\/6\/files\/sites\/221\/2024\/10\/Copia-de-CANDIDATURES_13CONGRES_CONC_eleccio-al-NIVELL3_c4.pdf\" data-type=\"link\" data-id=\"http:\/\/ccoo.app\/congres-fsc\/wp-content\/blogs.dir\/6\/files\/sites\/221\/2024\/10\/Copia-de-CANDIDATURES_13CONGRES_CONC_eleccio-al-NIVELL3_c4.pdf\" target=\"_blank\" rel=\"noreferrer noopener\">CANDIDATURES AL CONGR\u00c9S DE LA FEDERACI\u00d3 O UNI\u00d3<\/a>.<\/li>\n\n\n\n<li><strong>Model C.5 :<\/strong> <a href=\"http:\/\/ccoo.app\/congres-fsc\/wp-content\/blogs.dir\/6\/files\/sites\/221\/2024\/10\/Copia-de-CANDIDATURES_13CONGRES_CONC_org_direc_si_c5.pdf\" data-type=\"link\" data-id=\"http:\/\/ccoo.app\/congres-fsc\/wp-content\/blogs.dir\/6\/files\/sites\/221\/2024\/10\/Copia-de-CANDIDATURES_13CONGRES_CONC_org_direc_si_c5.pdf\" target=\"_blank\" rel=\"noreferrer noopener\">CANDIDATURES ALS \u00d2RGANS DE DIRECCI\u00d3 DEL SINDICAT INTERCOMARCAL<\/a><\/li>\n\n\n\n<li><strong>Model C.F 1: <\/strong><a href=\"http:\/\/ccoo.app\/congres-fsc\/wp-content\/blogs.dir\/6\/files\/sites\/221\/2024\/10\/Copia-de-CANDIDATURES_13CONGRES_eleccio-membres-consell-fed-per-si_CF1.pdf\" data-type=\"link\" data-id=\"http:\/\/ccoo.app\/congres-fsc\/wp-content\/blogs.dir\/6\/files\/sites\/221\/2024\/10\/Copia-de-CANDIDATURES_13CONGRES_eleccio-membres-consell-fed-per-si_CF1.pdf\" target=\"_blank\" rel=\"noreferrer noopener\">CANDIDATURES ALS \u00d2RGANS DE DIRECCI\u00d3 DEL SINDICAT INTERCOMARCAL<\/a><\/li>\n\n\n\n<li><strong>Model CT1: <\/strong><a href=\"http:\/\/ccoo.app\/congres-fsc\/wp-content\/blogs.dir\/6\/files\/sites\/221\/2024\/10\/Copia-de-CANDIDATURES_13CONGRES_eleccio-membres-consell-unio-intercomarcal-per-si_CT1.pdf\" data-type=\"link\" data-id=\"http:\/\/ccoo.app\/congres-fsc\/wp-content\/blogs.dir\/6\/files\/sites\/221\/2024\/10\/Copia-de-CANDIDATURES_13CONGRES_eleccio-membres-consell-unio-intercomarcal-per-si_CT1.pdf\" target=\"_blank\" rel=\"noreferrer noopener\">CANDIDATURES A L\u2019ELECCI\u00d3 DELS MEMBRES AL CONSELL DE LA UNI\u00d3 INTERCOMARCAL PEL SINDICAT INTERCOMARCAL<\/a><\/li>\n<\/ul>\n\n\n\n<p><\/p>\n\n\n\n<p><\/p>\n","protected":false},"excerpt":{"rendered":"","protected":false},"author":4519,"featured_media":0,"parent":0,"menu_order":0,"comment_status":"closed","ping_status":"closed","template":"","meta":{"footnotes":""},"class_list":["post-439","page","type-page","status-publish"],"_links":{"self":[{"href":"https:\/\/ccoo.app\/congres-fsc\/wp-json\/wp\/v2\/pages\/439","targetHints":{"allow":["GET"]}}],"collection":[{"href":"https:\/\/ccoo.app\/congres-fsc\/wp-json\/wp\/v2\/pages"}],"about":[{"href":"https:\/\/ccoo.app\/congres-fsc\/wp-json\/wp\/v2\/types\/page"}],"author":[{"embeddable":true,"href":"https:\/\/ccoo.app\/congres-fsc\/wp-json\/wp\/v2\/users\/4519"}],"replies":[{"embeddable":true,"href":"https:\/\/ccoo.app\/congres-fsc\/wp-json\/wp\/v2\/comments?post=439"}],"version-history":[{"count":2,"href":"https:\/\/ccoo.app\/congres-fsc\/wp-json\/wp\/v2\/pages\/439\/revisions"}],"predecessor-version":[{"id":3032,"href":"https:\/\/ccoo.app\/congres-fsc\/wp-json\/wp\/v2\/pages\/439\/revisions\/3032"}],"wp:attachment":[{"href":"https:\/\/ccoo.app\/congres-fsc\/wp-json\/wp\/v2\/media?parent=439"}],"curies":[{"name":"wp","href":"https:\/\/api.w.org\/{rel}","templated":true}]}}

<ul class="wp-block-list">
<li><strong>Model C.4 : </strong><a href="http://ccoo.app/congres-fsc/wp-content/blogs.dir/6/files/sites/221/2024/10/Copia-de-CANDIDATURES_13CONGRES_CONC_eleccio-al-NIVELL3_c4.pdf" data-type="link" data-id="http://ccoo.app/congres-fsc/wp-content/blogs.dir/6/files/sites/221/2024/10/Copia-de-CANDIDATURES_13CONGRES_CONC_eleccio-al-NIVELL3_c4.pdf" target="_blank" rel="noreferrer noopener">CANDIDATURES AL CONGRÉS DE LA FEDERACIÓ O UNIÓ</a>.</li>



<li><strong>Model C.5 :</strong> <a href="http://ccoo.app/congres-fsc/wp-content/blogs.dir/6/files/sites/221/2024/10/Copia-de-CANDIDATURES_13CONGRES_CONC_org_direc_si_c5.pdf" data-type="link" data-id="http://ccoo.app/congres-fsc/wp-content/blogs.dir/6/files/sites/221/2024/10/Copia-de-CANDIDATURES_13CONGRES_CONC_org_direc_si_c5.pdf" target="_blank" rel="noreferrer noopener">CANDIDATURES ALS ÒRGANS DE DIRECCIÓ DEL SINDICAT INTERCOMARCAL</a></li>



<li><strong>Model C.F 1: </strong><a href="http://ccoo.app/congres-fsc/wp-content/blogs.dir/6/files/sites/221/2024/10/Copia-de-CANDIDATURES_13CONGRES_eleccio-membres-consell-fed-per-si_CF1.pdf" data-type="link" data-id="http://ccoo.app/congres-fsc/wp-content/blogs.dir/6/files/sites/221/2024/10/Copia-de-CANDIDATURES_13CONGRES_eleccio-membres-consell-fed-per-si_CF1.pdf" target="_blank" rel="noreferrer noopener">CANDIDATURES ALS ÒRGANS DE DIRECCIÓ DEL SINDICAT INTERCOMARCAL</a></li>



<li><strong>Model CT1: </strong><a href="http://ccoo.app/congres-fsc/wp-content/blogs.dir/6/files/sites/221/2024/10/Copia-de-CANDIDATURES_13CONGRES_eleccio-membres-consell-unio-intercomarcal-per-si_CT1.pdf" data-type="link" data-id="http://ccoo.app/congres-fsc/wp-content/blogs.dir/6/files/sites/221/2024/10/Copia-de-CANDIDATURES_13CONGRES_eleccio-membres-consell-unio-intercomarcal-per-si_CT1.pdf" target="_blank" rel="noreferrer noopener">CANDIDATURES A L’ELECCIÓ DELS MEMBRES AL CONSELL DE LA UNIÓ INTERCOMARCAL PEL SINDICAT INTERCOMARCAL</a></li>
</ul>



<p></p>



<p></p>
