{"id":3323,"date":"2023-04-17T10:00:39","date_gmt":"2023-04-17T08:00:39","guid":{"rendered":"https:\/\/ccoo.app\/barcelona-serveis-municipals\/?page_id=3323"},"modified":"2024-02-22T16:31:27","modified_gmt":"2024-02-22T15:31:27","slug":"els-teus-representants","status":"publish","type":"page","link":"https:\/\/ccoo.app\/barcelona-serveis-municipals\/els-teus-representants\/","title":{"rendered":"Els teus representants"},"content":{"rendered":"\n<p>El <strong>Comit\u00e8 d&#8217;Empresa<\/strong> \u00e9s l&#8217;\u00f2rgan de<strong> representaci\u00f3 unit\u00e0ria<\/strong> dels i de les treballadores a Barcelona Serveis Municipals. <\/p>\n\n\n\n<p>Aquest \u00f2rgan est\u00e0 conformat per un total de <strong>23 membres<\/strong>. <\/p>\n\n\n<p>Des de les darreres eleccions sindicals de l&#8217;any 2023,<strong> CCOO te 9 membres del Comit\u00e8<\/strong>, essent el segon sindicat amb m\u00e9s representaci\u00f3 a Barcelona Serveis Municipals.<\/p>\n<p>A banda, amparats per la<strong> Llei Org\u00e0nica de Llibertat Sindical<\/strong>, les persones afiliades a CCOO han escollit <strong>2 delegats\/des sindicals<\/strong> que, juntament amb els membres del Comit\u00e8, conformen l&#8217;equip que representa a les persones treballadores de Barcelona Serveis Municipals.<\/p>\n\n\n<h2 class=\"gb-headline gb-headline-2d9fd708 gb-headline-text\">Les 9 membres del Comit\u00e8 d&#8217;Empresa:<\/h2>\n\n\n\n<div style=\"height:20px\" aria-hidden=\"true\" class=\"wp-block-spacer\"><\/div>\n\n\n\n<div class=\"wp-block-columns is-layout-flex wp-container-core-columns-is-layout-9d6595d7 wp-block-columns-is-layout-flex\">\n<div class=\"wp-block-column is-layout-flow wp-block-column-is-layout-flow\" style=\"flex-basis:20%\">\n<figure class=\"wp-block-image size-full is-resized\"><img decoding=\"async\" src=\"https:\/\/ccoo.app\/diputacio-de-barcelona\/wp-content\/blogs.dir\/6\/files\/sites\/186\/2022\/12\/people.png\" alt=\"people\n\" class=\"wp-image-51010\" style=\"width:128px;height:128px\" \/><\/figure>\n<\/div>\n\n\n\n<div class=\"wp-block-column is-vertically-aligned-top is-layout-flow wp-block-column-is-layout-flow\" style=\"flex-basis:66.66%\">\n<p><\/p>\n\n\n\n<p class=\"has-e-23301-color has-text-color\">David Mart\u00ednez<\/p>\n\n\n\n<p class=\"has-text-color\" style=\"color:#d42e12;font-style:italic;font-weight:400\">Membre del Comit\u00e8 d&#8217;Empresa &#8211; AREA<\/p>\n<\/div>\n<\/div>\n\n\n\n<div class=\"wp-block-columns is-layout-flex wp-container-core-columns-is-layout-9d6595d7 wp-block-columns-is-layout-flex\">\n<div class=\"wp-block-column is-layout-flow wp-block-column-is-layout-flow\" style=\"flex-basis:20%\">\n<figure class=\"wp-block-image size-full is-resized\"><img decoding=\"async\" src=\"https:\/\/ccoo.app\/diputacio-de-barcelona\/wp-content\/blogs.dir\/6\/files\/sites\/186\/2022\/12\/people.png\" alt=\"people\n\" class=\"wp-image-51010\" style=\"width:128px;height:128px\" \/><\/figure>\n<\/div>\n\n\n\n<div class=\"wp-block-column is-vertically-aligned-top is-layout-flow wp-block-column-is-layout-flow\" style=\"flex-basis:66.66%\">\n<p><\/p>\n\n\n\n<p class=\"has-e-23301-color has-text-color\">Daniel Agudo<\/p>\n\n\n\n<p class=\"has-text-color\" style=\"color:#d42e12;font-style:italic;font-weight:400\">Membre del Comit\u00e8 d&#8217;Empresa &#8211; Agents C\u00edvics<\/p>\n<\/div>\n<\/div>\n\n\n\n<div class=\"wp-block-columns is-layout-flex wp-container-core-columns-is-layout-9d6595d7 wp-block-columns-is-layout-flex\">\n<div class=\"wp-block-column is-layout-flow wp-block-column-is-layout-flow\" style=\"flex-basis:20%\">\n<figure class=\"wp-block-image size-full is-resized\"><img decoding=\"async\" src=\"https:\/\/ccoo.app\/diputacio-de-barcelona\/wp-content\/blogs.dir\/6\/files\/sites\/186\/2022\/12\/people.png\" alt=\"people\n\" class=\"wp-image-51010\" style=\"width:128px;height:128px\" \/><\/figure>\n<\/div>\n\n\n\n<div class=\"wp-block-column is-vertically-aligned-top is-layout-flow wp-block-column-is-layout-flow\" style=\"flex-basis:66.66%\">\n<p><\/p>\n\n\n\n<p class=\"has-e-23301-color has-text-color\">Fernando Delgado<\/p>\n\n\n\n<p class=\"has-text-color\" style=\"color:#d42e12;font-style:italic;font-weight:400\">Membre del Comit\u00e8 d&#8217;Empresa &#8211; AREA<\/p>\n<\/div>\n<\/div>\n\n\n\n<div class=\"wp-block-columns is-layout-flex wp-container-core-columns-is-layout-9d6595d7 wp-block-columns-is-layout-flex\">\n<div class=\"wp-block-column is-layout-flow wp-block-column-is-layout-flow\" style=\"flex-basis:20%\">\n<figure class=\"wp-block-image size-full is-resized\"><img decoding=\"async\" src=\"https:\/\/ccoo.app\/diputacio-de-barcelona\/wp-content\/blogs.dir\/6\/files\/sites\/186\/2022\/12\/people.png\" alt=\"people\n\" class=\"wp-image-51010\" style=\"width:128px;height:128px\" \/><\/figure>\n<\/div>\n\n\n\n<div class=\"wp-block-column is-vertically-aligned-top is-layout-flow wp-block-column-is-layout-flow\" style=\"flex-basis:66.66%\">\n<p><\/p>\n\n\n\n<p class=\"has-e-23301-color has-text-color\">Laura Gibanel<\/p>\n\n\n\n<p class=\"has-text-color\" style=\"color:#d42e12;font-style:italic;font-weight:400\">Membre del Comit\u00e8 d&#8217;Empresa &#8211; AREA<\/p>\n<\/div>\n<\/div>\n\n\n\n<div class=\"wp-block-columns is-layout-flex wp-container-core-columns-is-layout-9d6595d7 wp-block-columns-is-layout-flex\">\n<div class=\"wp-block-column is-layout-flow wp-block-column-is-layout-flow\" style=\"flex-basis:20%\">\n<figure class=\"wp-block-image size-full is-resized\"><img decoding=\"async\" src=\"https:\/\/ccoo.app\/diputacio-de-barcelona\/wp-content\/blogs.dir\/6\/files\/sites\/186\/2022\/12\/people.png\" alt=\"people\n\" class=\"wp-image-51010\" style=\"width:128px;height:128px\" \/><\/figure>\n<\/div>\n\n\n\n<div class=\"wp-block-column is-vertically-aligned-top is-layout-flow wp-block-column-is-layout-flow\" style=\"flex-basis:66.66%\">\n<p><\/p>\n\n\n\n<p class=\"has-e-23301-color has-text-color\">Ricardo G\u00e1mez<\/p>\n\n\n\n<p class=\"has-text-color\" style=\"color:#d42e12;font-style:italic;font-weight:400\">Membre del Comit\u00e8 d&#8217;Empresa &#8211; VLM<\/p>\n<\/div>\n<\/div>\n\n\n\n<div class=\"wp-block-columns is-layout-flex wp-container-core-columns-is-layout-9d6595d7 wp-block-columns-is-layout-flex\">\n<div class=\"wp-block-column is-layout-flow wp-block-column-is-layout-flow\" style=\"flex-basis:20%\">\n<figure class=\"wp-block-image size-full is-resized\"><img decoding=\"async\" src=\"https:\/\/ccoo.app\/diputacio-de-barcelona\/wp-content\/blogs.dir\/6\/files\/sites\/186\/2022\/12\/people.png\" alt=\"people\n\" class=\"wp-image-51010\" style=\"width:128px;height:128px\" \/><\/figure>\n<\/div>\n\n\n\n<div class=\"wp-block-column is-vertically-aligned-top is-layout-flow wp-block-column-is-layout-flow\" style=\"flex-basis:66.66%\">\n<p><\/p>\n\n\n\n<p class=\"has-e-23301-color has-text-color\">Ana Romero<\/p>\n\n\n\n<p class=\"has-text-color\" style=\"color:#d42e12;font-style:italic;font-weight:400\">Membre del Comit\u00e8 d&#8217;Empresa &#8211; Grua Municipal (Administrativa)<\/p>\n<\/div>\n<\/div>\n\n\n\n<div class=\"wp-block-columns is-layout-flex wp-container-core-columns-is-layout-9d6595d7 wp-block-columns-is-layout-flex\">\n<div class=\"wp-block-column is-layout-flow wp-block-column-is-layout-flow\" style=\"flex-basis:20%\">\n<figure class=\"wp-block-image size-full is-resized\"><img decoding=\"async\" src=\"https:\/\/ccoo.app\/diputacio-de-barcelona\/wp-content\/blogs.dir\/6\/files\/sites\/186\/2022\/12\/people.png\" alt=\"people\n\" class=\"wp-image-51010\" style=\"width:128px;height:128px\" \/><\/figure>\n<\/div>\n\n\n\n<div class=\"wp-block-column is-vertically-aligned-top is-layout-flow wp-block-column-is-layout-flow\" style=\"flex-basis:66.66%\">\n<p><\/p>\n\n\n\n<p class=\"has-e-23301-color has-text-color\">Juan Arias<\/p>\n\n\n\n<p class=\"has-text-color\" style=\"color:#d42e12;font-style:italic;font-weight:400\">Membre del Comit\u00e8 d&#8217;Empresa &#8211; Port Ol\u00edmpic<\/p>\n<\/div>\n<\/div>\n\n\n\n<div class=\"wp-block-columns is-layout-flex wp-container-core-columns-is-layout-9d6595d7 wp-block-columns-is-layout-flex\">\n<div class=\"wp-block-column is-layout-flow wp-block-column-is-layout-flow\" style=\"flex-basis:20%\">\n<figure class=\"wp-block-image size-full is-resized\"><img decoding=\"async\" src=\"https:\/\/ccoo.app\/diputacio-de-barcelona\/wp-content\/blogs.dir\/6\/files\/sites\/186\/2022\/12\/people.png\" alt=\"people\n\" class=\"wp-image-51010\" style=\"width:128px;height:128px\" \/><\/figure>\n<\/div>\n\n\n\n<div class=\"wp-block-column is-vertically-aligned-top is-layout-flow wp-block-column-is-layout-flow\" style=\"flex-basis:66.66%\">\n<p><\/p>\n\n\n\n<p class=\"has-e-23301-color has-text-color\">Francesc S\u00e1nchez Peirot<\/p>\n\n\n\n<p class=\"has-text-color\" style=\"color:#d42e12;font-style:italic;font-weight:400\">Membre del Comit\u00e8 d&#8217;Empresa &#8211; Grua Municipal<\/p>\n<\/div>\n<\/div>\n\n\n\n<div class=\"wp-block-columns is-layout-flex wp-container-core-columns-is-layout-9d6595d7 wp-block-columns-is-layout-flex\">\n<div class=\"wp-block-column is-layout-flow wp-block-column-is-layout-flow\" style=\"flex-basis:20%\">\n<figure class=\"wp-block-image size-full is-resized\"><img decoding=\"async\" src=\"https:\/\/ccoo.app\/diputacio-de-barcelona\/wp-content\/blogs.dir\/6\/files\/sites\/186\/2022\/12\/people.png\" alt=\"people\n\" class=\"wp-image-51010\" style=\"width:128px;height:128px\" \/><\/figure>\n<\/div>\n\n\n\n<div class=\"wp-block-column is-vertically-aligned-top is-layout-flow wp-block-column-is-layout-flow\" style=\"flex-basis:66.66%\">\n<p><\/p>\n\n\n\n<p class=\"has-e-23301-color has-text-color\">Jorge Fern\u00e1ndez<\/p>\n\n\n\n<p class=\"has-text-color\" style=\"color:#d42e12;font-style:italic;font-weight:400\">Membre del Comit\u00e8 d&#8217;Empresa &#8211; Grua Municipal<\/p>\n<\/div>\n<\/div>\n\n\n\n<h2 class=\"gb-headline gb-headline-ce6610e6 gb-headline-text\">Les 2 delegats\/des sindicals:<\/h2>\n\n\n\n<div style=\"height:20px\" aria-hidden=\"true\" class=\"wp-block-spacer\"><\/div>\n\n\n\n<div class=\"wp-block-columns is-layout-flex wp-container-core-columns-is-layout-9d6595d7 wp-block-columns-is-layout-flex\">\n<div class=\"wp-block-column is-layout-flow wp-block-column-is-layout-flow\" style=\"flex-basis:20%\">\n<figure class=\"wp-block-image size-full is-resized\"><img decoding=\"async\" src=\"https:\/\/ccoo.app\/diputacio-de-barcelona\/wp-content\/blogs.dir\/6\/files\/sites\/186\/2022\/12\/people.png\" alt=\"people\n\" class=\"wp-image-51010\" style=\"width:128px;height:128px\" \/><\/figure>\n<\/div>\n\n\n\n<div class=\"wp-block-column is-vertically-aligned-top is-layout-flow wp-block-column-is-layout-flow\" style=\"flex-basis:66.66%\">\n<p><\/p>\n\n\n\n<p class=\"has-e-23301-color has-text-color\">Esther Ruiz<\/p>\n\n\n\n<p class=\"has-text-color\" style=\"color:#d42e12;font-style:italic;font-weight:400\">Delegada sindical LOLS &#8211; AREA<\/p>\n<\/div>\n<\/div>\n\n\n\n<div class=\"wp-block-columns is-layout-flex wp-container-core-columns-is-layout-9d6595d7 wp-block-columns-is-layout-flex\">\n<div class=\"wp-block-column is-layout-flow wp-block-column-is-layout-flow\" style=\"flex-basis:20%\">\n<figure class=\"wp-block-image size-full is-resized\"><img decoding=\"async\" src=\"https:\/\/ccoo.app\/diputacio-de-barcelona\/wp-content\/blogs.dir\/6\/files\/sites\/186\/2022\/12\/people.png\" alt=\"people\n\" class=\"wp-image-51010\" style=\"width:128px;height:128px\" \/><\/figure>\n<\/div>\n\n\n\n<div class=\"wp-block-column is-vertically-aligned-top is-layout-flow wp-block-column-is-layout-flow\" style=\"flex-basis:66.66%\">\n<p><\/p>\n\n\n\n<p class=\"has-e-23301-color has-text-color\">Francisco S\u00e1nchez Moreno<\/p>\n\n\n\n<p class=\"has-text-color\" style=\"color:#d42e12;font-style:italic;font-weight:400\">Delegat sindical LOLS &#8211; Grua Municipal<\/p>\n<\/div>\n<\/div>\n","protected":false},"excerpt":{"rendered":"<p>El Comit\u00e8 d&#8217;Empresa \u00e9s l&#8217;\u00f2rgan de representaci\u00f3 unit\u00e0ria dels i de les treballadores a Barcelona Serveis Municipals. Aquest \u00f2rgan est\u00e0 conformat per un total de 23 membres. Des de les &#8230; <a title=\"Els teus representants\" class=\"read-more\" href=\"https:\/\/ccoo.app\/barcelona-serveis-municipals\/els-teus-representants\/\" aria-label=\"M\u00e9s informaci\u00f3 sobre Els teus representants\">Read more<\/a><\/p>\n","protected":false},"author":4886,"featured_media":3513,"parent":0,"menu_order":0,"comment_status":"closed","ping_status":"closed","template":"","meta":{"footnotes":""},"class_list":["post-3323","page","type-page","status-publish","has-post-thumbnail"],"_links":{"self":[{"href":"https:\/\/ccoo.app\/barcelona-serveis-municipals\/wp-json\/wp\/v2\/pages\/3323","targetHints":{"allow":["GET"]}}],"collection":[{"href":"https:\/\/ccoo.app\/barcelona-serveis-municipals\/wp-json\/wp\/v2\/pages"}],"about":[{"href":"https:\/\/ccoo.app\/barcelona-serveis-municipals\/wp-json\/wp\/v2\/types\/page"}],"author":[{"embeddable":true,"href":"https:\/\/ccoo.app\/barcelona-serveis-municipals\/wp-json\/wp\/v2\/users\/4886"}],"replies":[{"embeddable":true,"href":"https:\/\/ccoo.app\/barcelona-serveis-municipals\/wp-json\/wp\/v2\/comments?post=3323"}],"version-history":[{"count":5,"href":"https:\/\/ccoo.app\/barcelona-serveis-municipals\/wp-json\/wp\/v2\/pages\/3323\/revisions"}],"predecessor-version":[{"id":3747,"href":"https:\/\/ccoo.app\/barcelona-serveis-municipals\/wp-json\/wp\/v2\/pages\/3323\/revisions\/3747"}],"wp:featuredmedia":[{"embeddable":true,"href":"https:\/\/ccoo.app\/barcelona-serveis-municipals\/wp-json\/wp\/v2\/media\/3513"}],"wp:attachment":[{"href":"https:\/\/ccoo.app\/barcelona-serveis-municipals\/wp-json\/wp\/v2\/media?parent=3323"}],"curies":[{"name":"wp","href":"https:\/\/api.w.org\/{rel}","templated":true}]}}