{"id":25,"date":"2020-02-13T13:17:50","date_gmt":"2020-02-13T18:17:50","guid":{"rendered":"https:\/\/gpsites.co\/read\/?page_id=25"},"modified":"2025-04-11T10:49:18","modified_gmt":"2025-04-11T08:49:18","slug":"home","status":"publish","type":"page","link":"https:\/\/ccoo.app\/ajviladecans\/","title":{"rendered":"Inici"},"content":{"rendered":"\n<div class=\"wp-block-cover alignfull is-light\" style=\"min-height:600px;aspect-ratio:unset;\"><span aria-hidden=\"true\" class=\"wp-block-cover__background has-background-dim-80 has-background-dim wp-block-cover__gradient-background has-background-gradient\" style=\"background:linear-gradient(135deg,rgb(238,238,238) 0%,rgb(169,184,195) 21%)\"><\/span><img loading=\"lazy\" decoding=\"async\" width=\"2000\" height=\"1333\" class=\"wp-block-cover__image-background wp-image-3162\" alt=\"\" src=\"http:\/\/ccoo.app\/ajviladecans\/wp-content\/blogs.dir\/6\/files\/sites\/229\/2025\/04\/viladecans-presupuestos-municipales-2025-aumento-inversiones-mas-recursos-servicios-publicos-barrios.jpg\" data-object-fit=\"cover\" srcset=\"https:\/\/ccoo.app\/ajviladecans\/wp-content\/blogs.dir\/6\/files\/sites\/229\/2025\/04\/viladecans-presupuestos-municipales-2025-aumento-inversiones-mas-recursos-servicios-publicos-barrios.jpg 2000w, https:\/\/ccoo.app\/ajviladecans\/wp-content\/blogs.dir\/6\/files\/sites\/229\/2025\/04\/viladecans-presupuestos-municipales-2025-aumento-inversiones-mas-recursos-servicios-publicos-barrios-300x200.jpg 300w, https:\/\/ccoo.app\/ajviladecans\/wp-content\/blogs.dir\/6\/files\/sites\/229\/2025\/04\/viladecans-presupuestos-municipales-2025-aumento-inversiones-mas-recursos-servicios-publicos-barrios-1024x682.jpg 1024w, https:\/\/ccoo.app\/ajviladecans\/wp-content\/blogs.dir\/6\/files\/sites\/229\/2025\/04\/viladecans-presupuestos-municipales-2025-aumento-inversiones-mas-recursos-servicios-publicos-barrios-768x512.jpg 768w, https:\/\/ccoo.app\/ajviladecans\/wp-content\/blogs.dir\/6\/files\/sites\/229\/2025\/04\/viladecans-presupuestos-municipales-2025-aumento-inversiones-mas-recursos-servicios-publicos-barrios-1536x1024.jpg 1536w\" sizes=\"auto, (max-width: 2000px) 100vw, 2000px\" \/><div class=\"wp-block-cover__inner-container is-layout-flow wp-block-cover-is-layout-flow\">\n<div class=\"wp-block-cover is-light\" style=\"min-height:607px;aspect-ratio:unset;\"><span aria-hidden=\"true\" class=\"wp-block-cover__background has-background-dim-0 has-background-dim\"><\/span><img decoding=\"async\" class=\"wp-block-cover__image-background wp-image-2343\" alt=\"\" src=\"http:\/\/ccoo.app\/wp-content\/blogs.dir\/6\/files\/2021\/01\/Elementos-CCOO-cabecera.png\" data-object-fit=\"cover\" \/><div class=\"wp-block-cover__inner-container is-layout-flow wp-block-cover-is-layout-flow\">\n<div class=\"wp-block-group\"><div class=\"wp-block-group__inner-container is-layout-flow wp-block-group-is-layout-flow\">\n<h1 class=\"wp-block-heading has-text-align-center has-black-color has-text-color\" id=\"seccion-sindical\" style=\"font-size:44px\">Secci\u00f3 Sindical Ajuntament de Viladecans<\/h1>\n\n\n\n<div class=\"wp-block-columns is-layout-flex wp-container-core-columns-is-layout-9d6595d7 wp-block-columns-is-layout-flex\">\n<div class=\"wp-block-column is-layout-flow wp-block-column-is-layout-flow\" style=\"flex-basis:15%\"><\/div>\n\n\n\n<div class=\"wp-block-column is-layout-flow wp-block-column-is-layout-flow\" style=\"flex-basis:80%\">\n<p><strong>Benvingudes i benvinguts a CCOO Viladecans<\/strong><\/p>\n\n\n\n<p style=\"font-size:14px\">Som la representaci\u00f3 sindical que defensa els drets laborals i millora les condicions de treball de tothom a l&#8217;Ajuntament de Viladecans. Treballem amb solidaritat i comprom\u00eds, escoltant i acompanyant les persones per aconseguir un entorn m\u00e9s just, hum\u00e0 i inclusiu.<\/p>\n\n\n\n<p style=\"font-size:14px\"><strong>Qu\u00e8 fem?<\/strong><\/p>\n\n\n\n<ul style=\"font-size:14px\" class=\"wp-block-list\">\n<li style=\"font-size:14px\"><strong>Defensa dels drets:<\/strong>&nbsp;Lluitem perqu\u00e8 els drets de tots i totes siguin respectats.<\/li>\n\n\n\n<li style=\"font-size:14px\"><strong>Di\u00e0leg i participaci\u00f3:<\/strong>&nbsp;Promovem un espai de comunicaci\u00f3 obert i col\u00b7laboratiu entre la plantilla i la direcci\u00f3.<\/li>\n\n\n\n<li style=\"font-size:14px\"><strong>Innovaci\u00f3 i inclusi\u00f3:<\/strong>&nbsp;Busquem noves solucions per millorar les condicions laborals amb una visi\u00f3 inclusiva.<\/li>\n<\/ul>\n\n\n\n<p style=\"font-size:14px\">Explora aquesta web per estar al corrent de les novetats i participar activament en les iniciatives que impulsem per a un futur laboral millor.<\/p>\n<\/div>\n\n\n\n<div class=\"wp-block-column is-layout-flow wp-block-column-is-layout-flow\"><\/div>\n\n\n\n<div class=\"wp-block-column is-layout-flow wp-block-column-is-layout-flow\" style=\"flex-basis:10%\"><\/div>\n<\/div>\n<\/div><\/div>\n<\/div><\/div>\n<\/div><\/div>\n\n\n\n<div style=\"height:42px\" aria-hidden=\"true\" class=\"wp-block-spacer\"><\/div>\n\n\n\n<div class=\"wp-block-columns is-layout-flex wp-container-core-columns-is-layout-9d6595d7 wp-block-columns-is-layout-flex\">\n<div class=\"wp-block-column is-layout-flow wp-block-column-is-layout-flow\"><div class=\"wp-block-image\">\n<figure class=\"aligncenter size-large\"><img decoding=\"async\" src=\"https:\/\/ccoo.app\/wp-content\/blogs.dir\/6\/files\/2021\/01\/ACUERDOS-Y-CONVENIOS.svg\" alt=\"\" class=\"wp-image-2351\" \/><\/figure>\n<\/div>\n\n\n<h2 class=\"wp-block-heading has-text-align-center\" id=\"acuerdos-y-convenios\">Acords i conveni<\/h2>\n\n\n\n<p><em><strong>Pel que tens, pel que vindr\u00e0.<\/strong><\/em><br>Consulta els acords vigents i prepara\u2019t per participar en la negociaci\u00f3 del nou conveni a finals d\u2019any.<\/p>\n<\/div>\n\n\n\n<div class=\"wp-block-column is-layout-flow wp-block-column-is-layout-flow\"><div class=\"wp-block-image\">\n<figure class=\"aligncenter size-large\"><img decoding=\"async\" src=\"https:\/\/ccoo.app\/wp-content\/blogs.dir\/6\/files\/2021\/01\/PERMISOS.svg\" alt=\"\" class=\"wp-image-2352\" \/><\/figure>\n<\/div>\n\n\n<h2 class=\"wp-block-heading has-text-align-center\" id=\"permisos\">Permisos<\/h2>\n\n\n\n<p><em><strong>Els teus drets, el teu temps.<\/strong><\/em><br>Informa\u2019t dels permisos laborals que et corresponen per conciliar, cuidar o descansar.<\/p>\n<\/div>\n\n\n\n<div class=\"wp-block-column is-layout-flow wp-block-column-is-layout-flow\"><div class=\"wp-block-image\">\n<figure class=\"aligncenter size-large\"><img decoding=\"async\" src=\"https:\/\/ccoo.app\/wp-content\/blogs.dir\/6\/files\/2021\/01\/AYUDAS-SOCIALES.svg\" alt=\"\" class=\"wp-image-2353\" \/><\/figure>\n<\/div>\n\n\n<h2 class=\"wp-block-heading has-text-align-center\" id=\"ayudas-sociales\">Salut laboral<\/h2>\n\n\n\n<p><em><strong>Treballar segur \u00e9s treballar millor.<\/strong><\/em><br>Defensar la teva salut a la feina \u00e9s la nostra prioritat. Reporta riscos, proposa millores.<\/p>\n<\/div>\n<\/div>\n\n\n\n<div class=\"wp-block-cover alignfull is-light\" style=\"min-height:380px;aspect-ratio:unset;\"><span aria-hidden=\"true\" class=\"wp-block-cover__background has-background-dim-0 has-background-dim\"><\/span><img decoding=\"async\" class=\"wp-block-cover__image-background wp-image-2356\" alt=\"\" src=\"https:\/\/ccoo.app\/wp-content\/blogs.dir\/6\/files\/2021\/01\/fond-hero.svg\" data-object-fit=\"cover\" \/><div class=\"wp-block-cover__inner-container is-layout-flow wp-block-cover-is-layout-flow\">\n<div class=\"wp-block-group\"><div class=\"wp-block-group__inner-container is-layout-flow wp-block-group-is-layout-flow\">\n<div class=\"wp-block-columns is-layout-flex wp-container-core-columns-is-layout-9d6595d7 wp-block-columns-is-layout-flex\">\n<div class=\"wp-block-column is-layout-flow wp-block-column-is-layout-flow\"><div class=\"wp-block-image\">\n<figure class=\"aligncenter size-large is-resized\"><img decoding=\"async\" src=\"https:\/\/ccoo.app\/wp-content\/blogs.dir\/6\/files\/2021\/01\/noticias-ccoo.jpg\" alt=\"\" class=\"wp-image-2358\" style=\"width:397px;height:313px\" \/><\/figure>\n<\/div><\/div>\n\n\n\n<div class=\"wp-block-column is-layout-flow wp-block-column-is-layout-flow\">\n<h2 class=\"wp-block-heading titulo-noticias has-black-color has-text-color\" id=\"descubre-nuestrasultimas-noticias\"><br>Descobreix les nostres<br>\u00faltimes not\u00edcies<\/h2>\n\n\n\n<figure class=\"wp-block-image size-large is-resized barra-decoracion\"><img decoding=\"async\" src=\"https:\/\/ccoo.app\/wp-content\/blogs.dir\/6\/files\/2021\/01\/Rectangle-126.svg\" alt=\"\" class=\"wp-image-2357\" style=\"width:281px;height:6px\" \/><\/figure>\n\n\n\n<p class=\"has-black-color has-text-color\">Sample text. Lorem ipsum dolor sit amet, consectetur adipiscing elit nullam nunc justo sagittis suscipit ultrices.<\/p>\n\n\n\n<div class=\"wp-block-buttons is-layout-flex wp-block-buttons-is-layout-flex\">\n<div class=\"wp-block-button\"><a class=\"wp-block-button__link has-white-color has-black-background-color has-text-color has-background no-border-radius wp-element-button\" href=\"http:\/\/ccoo.app\/plantilla-cat\/category\/noticias\/\">ACTUALITAT<\/a><\/div>\n<\/div>\n\n\n\n<p class=\"has-black-color has-text-color\"><br><\/p>\n<\/div>\n<\/div>\n<\/div><\/div>\n<\/div><\/div>\n\n\n\n<div style=\"height:40px\" aria-hidden=\"true\" class=\"wp-block-spacer\"><\/div>\n\n\n<ul class=\"wp-block-latest-posts__list is-grid columns-3 has-dates wp-block-latest-posts\"><li><div class=\"wp-block-latest-posts__featured-image aligncenter\"><img loading=\"lazy\" decoding=\"async\" width=\"212\" height=\"300\" src=\"https:\/\/ccoo.app\/ajviladecans\/wp-content\/blogs.dir\/6\/files\/sites\/229\/2026\/02\/Proposta-conveni-info-plantilla-212x300.png\" class=\"attachment-medium size-medium wp-post-image\" alt=\"\" style=\"\" srcset=\"https:\/\/ccoo.app\/ajviladecans\/wp-content\/blogs.dir\/6\/files\/sites\/229\/2026\/02\/Proposta-conveni-info-plantilla-212x300.png 212w, https:\/\/ccoo.app\/ajviladecans\/wp-content\/blogs.dir\/6\/files\/sites\/229\/2026\/02\/Proposta-conveni-info-plantilla-724x1024.png 724w, https:\/\/ccoo.app\/ajviladecans\/wp-content\/blogs.dir\/6\/files\/sites\/229\/2026\/02\/Proposta-conveni-info-plantilla-768x1086.png 768w, https:\/\/ccoo.app\/ajviladecans\/wp-content\/blogs.dir\/6\/files\/sites\/229\/2026\/02\/Proposta-conveni-info-plantilla-1086x1536.png 1086w, https:\/\/ccoo.app\/ajviladecans\/wp-content\/blogs.dir\/6\/files\/sites\/229\/2026\/02\/Proposta-conveni-info-plantilla.png 1414w\" sizes=\"auto, (max-width: 212px) 100vw, 212px\" \/><\/div><a class=\"wp-block-latest-posts__post-title\" href=\"https:\/\/ccoo.app\/ajviladecans\/negociacio-del-nou-conveni\/\">NEGOCIACI\u00d3 DEL NOU CONVENI<\/a><time datetime=\"2026-02-12T11:04:11+01:00\" class=\"wp-block-latest-posts__post-date\">12 de febrer de 2026<\/time><\/li>\n<li><div class=\"wp-block-latest-posts__featured-image aligncenter\"><img loading=\"lazy\" decoding=\"async\" width=\"212\" height=\"300\" src=\"https:\/\/ccoo.app\/ajviladecans\/wp-content\/blogs.dir\/6\/files\/sites\/229\/2026\/01\/Copia-de-Calendari-2025-2-212x300.png\" class=\"attachment-medium size-medium wp-post-image\" alt=\"\" style=\"\" srcset=\"https:\/\/ccoo.app\/ajviladecans\/wp-content\/blogs.dir\/6\/files\/sites\/229\/2026\/01\/Copia-de-Calendari-2025-2-212x300.png 212w, https:\/\/ccoo.app\/ajviladecans\/wp-content\/blogs.dir\/6\/files\/sites\/229\/2026\/01\/Copia-de-Calendari-2025-2-724x1024.png 724w, https:\/\/ccoo.app\/ajviladecans\/wp-content\/blogs.dir\/6\/files\/sites\/229\/2026\/01\/Copia-de-Calendari-2025-2-768x1086.png 768w, https:\/\/ccoo.app\/ajviladecans\/wp-content\/blogs.dir\/6\/files\/sites\/229\/2026\/01\/Copia-de-Calendari-2025-2-1086x1536.png 1086w, https:\/\/ccoo.app\/ajviladecans\/wp-content\/blogs.dir\/6\/files\/sites\/229\/2026\/01\/Copia-de-Calendari-2025-2.png 1414w\" sizes=\"auto, (max-width: 212px) 100vw, 212px\" \/><\/div><a class=\"wp-block-latest-posts__post-title\" href=\"https:\/\/ccoo.app\/ajviladecans\/proposta-ccoo-calendari-laboral-2026\/\">PROPOSTA CCOO CALENDARI LABORAL 2026<\/a><time datetime=\"2026-01-12T11:58:34+01:00\" class=\"wp-block-latest-posts__post-date\">12 de gener de 2026<\/time><\/li>\n<li><div class=\"wp-block-latest-posts__featured-image aligncenter\"><img loading=\"lazy\" decoding=\"async\" width=\"212\" height=\"300\" src=\"https:\/\/ccoo.app\/ajviladecans\/wp-content\/blogs.dir\/6\/files\/sites\/229\/2025\/12\/Text-refos-212x300.png\" class=\"attachment-medium size-medium wp-post-image\" alt=\"\" style=\"\" srcset=\"https:\/\/ccoo.app\/ajviladecans\/wp-content\/blogs.dir\/6\/files\/sites\/229\/2025\/12\/Text-refos-212x300.png 212w, https:\/\/ccoo.app\/ajviladecans\/wp-content\/blogs.dir\/6\/files\/sites\/229\/2025\/12\/Text-refos-724x1024.png 724w, https:\/\/ccoo.app\/ajviladecans\/wp-content\/blogs.dir\/6\/files\/sites\/229\/2025\/12\/Text-refos-768x1086.png 768w, https:\/\/ccoo.app\/ajviladecans\/wp-content\/blogs.dir\/6\/files\/sites\/229\/2025\/12\/Text-refos-1086x1536.png 1086w, https:\/\/ccoo.app\/ajviladecans\/wp-content\/blogs.dir\/6\/files\/sites\/229\/2025\/12\/Text-refos.png 1414w\" sizes=\"auto, (max-width: 212px) 100vw, 212px\" \/><\/div><a class=\"wp-block-latest-posts__post-title\" href=\"https:\/\/ccoo.app\/ajviladecans\/ccoo-culmina-lactualitzacio-del-conveni-a-lajuntament-de-viladecans\/\">CCOO Culmina l&#8217;actualitzaci\u00f3 del Conveni<\/a><time datetime=\"2025-12-03T09:44:23+01:00\" class=\"wp-block-latest-posts__post-date\">3 de desembre de 2025<\/time><\/li>\n<\/ul>","protected":false},"excerpt":{"rendered":"<p>Acords i conveni Pel que tens, pel que vindr\u00e0.Consulta els acords vigents i prepara\u2019t per participar en la negociaci\u00f3 del nou conveni a finals d\u2019any. Permisos Els teus drets, el &#8230; <a title=\"Inici\" class=\"read-more\" href=\"https:\/\/ccoo.app\/ajviladecans\/\" aria-label=\"M\u00e9s informaci\u00f3 sobre Inici\">Read more<\/a><\/p>\n","protected":false},"author":6,"featured_media":0,"parent":0,"menu_order":0,"comment_status":"closed","ping_status":"closed","template":"","meta":{"footnotes":""},"class_list":["post-25","page","type-page","status-publish"],"_links":{"self":[{"href":"https:\/\/ccoo.app\/ajviladecans\/wp-json\/wp\/v2\/pages\/25","targetHints":{"allow":["GET"]}}],"collection":[{"href":"https:\/\/ccoo.app\/ajviladecans\/wp-json\/wp\/v2\/pages"}],"about":[{"href":"https:\/\/ccoo.app\/ajviladecans\/wp-json\/wp\/v2\/types\/page"}],"author":[{"embeddable":true,"href":"https:\/\/ccoo.app\/ajviladecans\/wp-json\/wp\/v2\/users\/6"}],"replies":[{"embeddable":true,"href":"https:\/\/ccoo.app\/ajviladecans\/wp-json\/wp\/v2\/comments?post=25"}],"version-history":[{"count":4,"href":"https:\/\/ccoo.app\/ajviladecans\/wp-json\/wp\/v2\/pages\/25\/revisions"}],"predecessor-version":[{"id":3181,"href":"https:\/\/ccoo.app\/ajviladecans\/wp-json\/wp\/v2\/pages\/25\/revisions\/3181"}],"wp:attachment":[{"href":"https:\/\/ccoo.app\/ajviladecans\/wp-json\/wp\/v2\/media?parent=25"}],"curies":[{"name":"wp","href":"https:\/\/api.w.org\/{rel}","templated":true}]}}