{"id":2150,"date":"2023-12-27T10:18:38","date_gmt":"2023-12-27T10:18:38","guid":{"rendered":"https:\/\/ccoo.app\/ajviladecans\/?page_id=2150"},"modified":"2023-12-27T10:18:38","modified_gmt":"2023-12-27T10:18:38","slug":"igualtat-de-genere","status":"publish","type":"page","link":"https:\/\/ccoo.app\/ajviladecans\/preguntes-frequents\/igualtat-de-genere\/","title":{"rendered":"Igualtat de g\u00e8nere"},"content":{"rendered":"\n<div class=\"wp-block-media-text alignwide is-stacked-on-mobile\" style=\"grid-template-columns:34% auto\"><figure class=\"wp-block-media-text__media\"><img loading=\"lazy\" decoding=\"async\" width=\"416\" height=\"416\" src=\"https:\/\/ccoo.app\/ajviladecans\/wp-content\/blogs.dir\/6\/files\/sites\/229\/2023\/12\/istockphoto-841580604-170667a.jpg\" alt=\"\" class=\"wp-image-2151 size-full\" srcset=\"https:\/\/ccoo.app\/ajviladecans\/wp-content\/blogs.dir\/6\/files\/sites\/229\/2023\/12\/istockphoto-841580604-170667a.jpg 416w, https:\/\/ccoo.app\/ajviladecans\/wp-content\/blogs.dir\/6\/files\/sites\/229\/2023\/12\/istockphoto-841580604-170667a-300x300.jpg 300w, https:\/\/ccoo.app\/ajviladecans\/wp-content\/blogs.dir\/6\/files\/sites\/229\/2023\/12\/istockphoto-841580604-170667a-150x150.jpg 150w, https:\/\/ccoo.app\/ajviladecans\/wp-content\/blogs.dir\/6\/files\/sites\/229\/2023\/12\/istockphoto-841580604-170667a-400x400.jpg 400w\" sizes=\"auto, (max-width: 416px) 100vw, 416px\" \/><\/figure><div class=\"wp-block-media-text__content\"><form role=\"search\" method=\"get\" action=\"https:\/\/ccoo.app\/ajviladecans\/\" class=\"wp-block-search__button-outside wp-block-search__icon-button wp-block-search\"    ><label class=\"wp-block-search__label screen-reader-text\" for=\"wp-block-search__input-1\" >Cerca<\/label><div class=\"wp-block-search__inside-wrapper\" ><input class=\"wp-block-search__input\" id=\"wp-block-search__input-1\" placeholder=\"\" value=\"\" type=\"search\" name=\"s\" required \/><button aria-label=\"Cerca\" class=\"wp-block-search__button has-icon wp-element-button\" type=\"submit\" ><svg class=\"search-icon\" viewBox=\"0 0 24 24\" width=\"24\" height=\"24\">\n\t\t\t\t\t<path d=\"M13 5c-3.3 0-6 2.7-6 6 0 1.4.5 2.7 1.3 3.7l-3.8 3.8 1.1 1.1 3.8-3.8c1 .8 2.3 1.3 3.7 1.3 3.3 0 6-2.7 6-6S16.3 5 13 5zm0 10.5c-2.5 0-4.5-2-4.5-4.5s2-4.5 4.5-4.5 4.5 2 4.5 4.5-2 4.5-4.5 4.5z\"><\/path>\n\t\t\t\t<\/svg><\/button><\/div><\/form>\n\n\n<p class=\"has-white-color has-vivid-purple-background-color has-text-color has-background has-medium-font-size\">Com podem ajudar-te?<\/p>\n<\/div><\/div>\n\n\n\n<div class=\"wp-block-atomic-blocks-ab-accordion ab-block-accordion ab-font-size-16\"><details><summary class=\"ab-accordion-title\"><strong>L&#8217;Ajuntament de Viladecans t\u00e9 un pla d&#8217;igualtat de g\u00e8nere?<\/strong><\/summary><div class=\"ab-accordion-text\">\n<p class=\"has-small-font-size\">L&#8217;ajuntament t\u00e9 un pla d&#8217;igualtat de g\u00e8nere, actualment s&#8217;ha prorrogat de nou amb l&#8217;aprovaci\u00f3 dels sindicats pel per\u00edode de 2024-2027.<\/p>\n\n\n\n<p class=\"has-small-font-size\"><a href=\"https:\/\/viladecans.sharepoint.com\/Espai%20igualtat\/Forms\/AllItems.aspx?id=%2FEspai%20igualtat%2FPla%20igualtat%2FII%20Pla%20Igualtat%20Intern%202019%5F2023%2Epdf&amp;parent=%2FEspai%20igualtat%2FPla%20igualtat\" target=\"_blank\" rel=\"noreferrer noopener\">Veure pla d&#8217;igualtat<\/a><\/p>\n<\/div><\/details><\/div>\n\n\n\n<div class=\"wp-block-atomic-blocks-ab-accordion ab-block-accordion ab-font-size-16\"><details><summary class=\"ab-accordion-title\"><strong>Hi ha un protocol d&#8217;assetjament sexual a l&#8217;ajuntament de Viladecans?<\/strong><\/summary><div class=\"ab-accordion-text\">\n<p class=\"has-small-font-size\">Si hi ha un protocol, actualment est\u00e0 pendent de les noves modificacions i actualitzacions proposades en la reuni\u00f3 de la comissi\u00f3 d&#8217;igualtat.<\/p>\n\n\n\n<p class=\"has-small-font-size\"><a href=\"https:\/\/viladecans.sharepoint.com\/Espai%20igualtat\/Forms\/AllItems.aspx?id=%2FEspai%20igualtat%2FPla%20igualtat%2FProtocol%20prevencio%20i%20actuacio%20assetjament%2Epdf&amp;parent=%2FEspai%20igualtat%2FPla%20igualtat\" target=\"_blank\" rel=\"noreferrer noopener\">Veure protocol d&#8217;assetjament<\/a><\/p>\n<\/div><\/details><\/div>\n\n\n\n<div class=\"wp-block-atomic-blocks-ab-accordion ab-block-accordion ab-font-size-16\"><details><summary class=\"ab-accordion-title\"><strong>Si et trobes en alguna situaci\u00f3 d&#8217;assetjament sexual que pots fer?<\/strong><\/summary><div class=\"ab-accordion-text\">\n<p class=\"has-small-font-size\"><strong>Pots dirigir-te al departament d&#8217;igualtat, a RRHH departament de riscos laborals i als sindicats.<\/strong><\/p>\n<\/div><\/details><\/div>\n\n\n\n<div class=\"wp-block-atomic-blocks-ab-accordion ab-block-accordion ab-font-size-16\"><details><summary class=\"ab-accordion-title\"><strong>Quins tipus d&#8217;assetjaments sexuals ens podem trobar?<\/strong><\/summary><div class=\"ab-accordion-text\">\n<p class=\"has-small-font-size\"><strong>Sexual<\/strong>, qualsevol <strong>comportament verbal o f\u00edsic, de naturalesa sexual o amb connotacions sexuals<\/strong>, que tingui el prop\u00f2sit o produeixi l&#8217;efecte d&#8217;atemptar contra la dignitat d&#8217;una persona.<\/p>\n\n\n\n<p class=\"has-small-font-size\"><strong>Per ra\u00f3 de sexe<\/strong>, comportament no desitjat realitzat <strong>en funci\u00f3 del sexe d&#8217;una persona<\/strong>, que tingui com a prop\u00f2sit o produeix l&#8217;efecte d&#8217;atemptar contra la dignitat d&#8217;una persona. <\/p>\n\n\n\n<p class=\"has-small-font-size\"><strong>Per ra\u00f3 d&#8217;orientaci\u00f3 sexual i\/o identitat de g\u00e8nere<\/strong>, reiteracions <strong>d&#8217;actituds i\/o comportaments<\/strong> que atempten<strong> contra l<\/strong>a dignitat de les <strong>persones del col.lectius LGBTI.<\/strong><\/p>\n<\/div><\/details><\/div>\n\n\n\n<div class=\"wp-block-atomic-blocks-ab-accordion ab-block-accordion ab-font-size-16\"><details><summary class=\"ab-accordion-title\"><strong>Procediment d&#8217;actuaci\u00f3 i resoluci\u00f3 en cas de d&#8217;assetjament sexual a l&#8217;interior de l&#8217;ajuntament de Viladecans<\/strong><\/summary><div class=\"ab-accordion-text\">\n<p class=\"has-small-font-size\"><strong>Acci\u00f3 directa<\/strong>, la persona <strong>assetjada s&#8217;adre\u00e7a directament a la persona autora dels fets <\/strong>per recriminar el seu comportament.<\/p>\n\n\n\n<p class=\"has-small-font-size\"><strong>Queixa: suport i assist\u00e8ncia<\/strong>, demanar <strong>assist\u00e8ncia i suport a les persones de refer\u00e8ncia<\/strong> per a resoldre aquesta situaci\u00f3, <\/p>\n\n\n\n<p class=\"has-small-font-size\"><strong>SERVEIS DE RISCOS LABORALS <\/strong>asolas@viladecans.cat<\/p>\n\n\n\n<p class=\"has-small-font-size\"><strong>SERVEIS DE POL\u00cdTIQUES DE IGUALTAT I LGBTI <\/strong>igualtat@viladecans.cat<\/p>\n\n\n\n<p class=\"has-small-font-size\"><strong>Den\u00fancia interna: investigaci\u00f3,<\/strong> <strong>presentar una den\u00fancia interna <\/strong> per tal que s&#8217;obri un <strong>proc\u00e9s d&#8217;investigaci\u00f3 <\/strong>sobre els fets denunciats.<\/p>\n<\/div><\/details><\/div>\n\n\n\n<div class=\"wp-block-atomic-blocks-ab-accordion ab-block-accordion ab-font-size-16\"><details><summary class=\"ab-accordion-title\"><strong>Procediment d&#8217;actuaci\u00f3 i resoluci\u00f3 en cas d&#8217;assetjament sexual a l&#8217;exterior de l&#8217;ajuntament de Viladecans<\/strong><\/summary><div class=\"ab-accordion-text\">\n<p class=\"has-small-font-size\"><strong>Via administrativa, INSPECCI\u00d3 DE TREBALL<\/strong>, interposar una <strong>den\u00fancia <\/strong>a la Inspecci\u00f3 de treball itc.barcelona@gencat.cat<\/p>\n\n\n\n<p class=\"has-small-font-size\"><strong>Via judicial<\/strong><\/p>\n\n\n\n<p class=\"has-small-font-size\"><strong>ORDRE SOCIAL,<\/strong> interposar una <strong>demanda Jutjat Social<\/strong>.<\/p>\n\n\n\n<p class=\"has-small-font-size\"><strong>ORDRE PENAL,<\/strong> presentar una <strong>querella<\/strong> Jutjat Penal, Mossos d&#8217;Esquadra.<\/p>\n<\/div><\/details><\/div>\n","protected":false},"excerpt":{"rendered":"","protected":false},"author":10,"featured_media":0,"parent":2072,"menu_order":0,"comment_status":"closed","ping_status":"closed","template":"","meta":{"footnotes":""},"class_list":["post-2150","page","type-page","status-publish"],"_links":{"self":[{"href":"https:\/\/ccoo.app\/ajviladecans\/wp-json\/wp\/v2\/pages\/2150","targetHints":{"allow":["GET"]}}],"collection":[{"href":"https:\/\/ccoo.app\/ajviladecans\/wp-json\/wp\/v2\/pages"}],"about":[{"href":"https:\/\/ccoo.app\/ajviladecans\/wp-json\/wp\/v2\/types\/page"}],"author":[{"embeddable":true,"href":"https:\/\/ccoo.app\/ajviladecans\/wp-json\/wp\/v2\/users\/10"}],"replies":[{"embeddable":true,"href":"https:\/\/ccoo.app\/ajviladecans\/wp-json\/wp\/v2\/comments?post=2150"}],"version-history":[{"count":0,"href":"https:\/\/ccoo.app\/ajviladecans\/wp-json\/wp\/v2\/pages\/2150\/revisions"}],"up":[{"embeddable":true,"href":"https:\/\/ccoo.app\/ajviladecans\/wp-json\/wp\/v2\/pages\/2072"}],"wp:attachment":[{"href":"https:\/\/ccoo.app\/ajviladecans\/wp-json\/wp\/v2\/media?parent=2150"}],"curies":[{"name":"wp","href":"https:\/\/api.w.org\/{rel}","templated":true}]}}

Igualtat de gènere

<div class="wp-block-media-text alignwide is-stacked-on-mobile" style="grid-template-columns:34% auto"><figure class="wp-block-media-text__media"><img loading="lazy" decoding="async" width="416" height="416" src="https://ccoo.app/ajviladecans/wp-content/blogs.dir/6/files/sites/229/2023/12/istockphoto-841580604-170667a.jpg" alt="" class="wp-image-2151 size-full" srcset="https://ccoo.app/ajviladecans/wp-content/blogs.dir/6/files/sites/229/2023/12/istockphoto-841580604-170667a.jpg 416w, https://ccoo.app/ajviladecans/wp-content/blogs.dir/6/files/sites/229/2023/12/istockphoto-841580604-170667a-300x300.jpg 300w, https://ccoo.app/ajviladecans/wp-content/blogs.dir/6/files/sites/229/2023/12/istockphoto-841580604-170667a-150x150.jpg 150w, https://ccoo.app/ajviladecans/wp-content/blogs.dir/6/files/sites/229/2023/12/istockphoto-841580604-170667a-400x400.jpg 400w" sizes="auto, (max-width: 416px) 100vw, 416px" /></figure><div class="wp-block-media-text__content"><form role="search" method="get" action="https://ccoo.app/ajviladecans/" class="wp-block-search__button-outside wp-block-search__icon-button wp-block-search"    ><label class="wp-block-search__label screen-reader-text" for="wp-block-search__input-1" >Cerca</label><div class="wp-block-search__inside-wrapper" ><input class="wp-block-search__input" id="wp-block-search__input-1" placeholder="" value="" type="search" name="s" required /><button aria-label="Cerca" class="wp-block-search__button has-icon wp-element-button" type="submit" ><svg class="search-icon" viewBox="0 0 24 24" width="24" height="24">
					<path d="M13 5c-3.3 0-6 2.7-6 6 0 1.4.5 2.7 1.3 3.7l-3.8 3.8 1.1 1.1 3.8-3.8c1 .8 2.3 1.3 3.7 1.3 3.3 0 6-2.7 6-6S16.3 5 13 5zm0 10.5c-2.5 0-4.5-2-4.5-4.5s2-4.5 4.5-4.5 4.5 2 4.5 4.5-2 4.5-4.5 4.5z"></path>
				</svg></button></div></form>


<p class="has-white-color has-vivid-purple-background-color has-text-color has-background has-medium-font-size">Com podem ajudar-te?</p>
</div></div>



<div class="wp-block-atomic-blocks-ab-accordion ab-block-accordion ab-font-size-16"><details><summary class="ab-accordion-title"><strong>L&#8217;Ajuntament de Viladecans té un pla d&#8217;igualtat de gènere?</strong></summary><div class="ab-accordion-text">
<p class="has-small-font-size">L&#8217;ajuntament té un pla d&#8217;igualtat de gènere, actualment s&#8217;ha prorrogat de nou amb l&#8217;aprovació dels sindicats pel període de 2024-2027.</p>



<p class="has-small-font-size"><a href="https://viladecans.sharepoint.com/Espai%20igualtat/Forms/AllItems.aspx?id=%2FEspai%20igualtat%2FPla%20igualtat%2FII%20Pla%20Igualtat%20Intern%202019%5F2023%2Epdf&amp;parent=%2FEspai%20igualtat%2FPla%20igualtat" target="_blank" rel="noreferrer noopener">Veure pla d&#8217;igualtat</a></p>
</div></details></div>



<div class="wp-block-atomic-blocks-ab-accordion ab-block-accordion ab-font-size-16"><details><summary class="ab-accordion-title"><strong>Hi ha un protocol d&#8217;assetjament sexual a l&#8217;ajuntament de Viladecans?</strong></summary><div class="ab-accordion-text">
<p class="has-small-font-size">Si hi ha un protocol, actualment està pendent de les noves modificacions i actualitzacions proposades en la reunió de la comissió d&#8217;igualtat.</p>



<p class="has-small-font-size"><a href="https://viladecans.sharepoint.com/Espai%20igualtat/Forms/AllItems.aspx?id=%2FEspai%20igualtat%2FPla%20igualtat%2FProtocol%20prevencio%20i%20actuacio%20assetjament%2Epdf&amp;parent=%2FEspai%20igualtat%2FPla%20igualtat" target="_blank" rel="noreferrer noopener">Veure protocol d&#8217;assetjament</a></p>
</div></details></div>



<div class="wp-block-atomic-blocks-ab-accordion ab-block-accordion ab-font-size-16"><details><summary class="ab-accordion-title"><strong>Si et trobes en alguna situació d&#8217;assetjament sexual que pots fer?</strong></summary><div class="ab-accordion-text">
<p class="has-small-font-size"><strong>Pots dirigir-te al departament d&#8217;igualtat, a RRHH departament de riscos laborals i als sindicats.</strong></p>
</div></details></div>



<div class="wp-block-atomic-blocks-ab-accordion ab-block-accordion ab-font-size-16"><details><summary class="ab-accordion-title"><strong>Quins tipus d&#8217;assetjaments sexuals ens podem trobar?</strong></summary><div class="ab-accordion-text">
<p class="has-small-font-size"><strong>Sexual</strong>, qualsevol <strong>comportament verbal o físic, de naturalesa sexual o amb connotacions sexuals</strong>, que tingui el propòsit o produeixi l&#8217;efecte d&#8217;atemptar contra la dignitat d&#8217;una persona.</p>



<p class="has-small-font-size"><strong>Per raó de sexe</strong>, comportament no desitjat realitzat <strong>en funció del sexe d&#8217;una persona</strong>, que tingui com a propòsit o produeix l&#8217;efecte d&#8217;atemptar contra la dignitat d&#8217;una persona. </p>



<p class="has-small-font-size"><strong>Per raó d&#8217;orientació sexual i/o identitat de gènere</strong>, reiteracions <strong>d&#8217;actituds i/o comportaments</strong> que atempten<strong> contra l</strong>a dignitat de les <strong>persones del col.lectius LGBTI.</strong></p>
</div></details></div>



<div class="wp-block-atomic-blocks-ab-accordion ab-block-accordion ab-font-size-16"><details><summary class="ab-accordion-title"><strong>Procediment d&#8217;actuació i resolució en cas de d&#8217;assetjament sexual a l&#8217;interior de l&#8217;ajuntament de Viladecans</strong></summary><div class="ab-accordion-text">
<p class="has-small-font-size"><strong>Acció directa</strong>, la persona <strong>assetjada s&#8217;adreça directament a la persona autora dels fets </strong>per recriminar el seu comportament.</p>



<p class="has-small-font-size"><strong>Queixa: suport i assistència</strong>, demanar <strong>assistència i suport a les persones de referència</strong> per a resoldre aquesta situació, </p>



<p class="has-small-font-size"><strong>SERVEIS DE RISCOS LABORALS </strong>asolas@viladecans.cat</p>



<p class="has-small-font-size"><strong>SERVEIS DE POLÍTIQUES DE IGUALTAT I LGBTI </strong>igualtat@viladecans.cat</p>



<p class="has-small-font-size"><strong>Denúncia interna: investigació,</strong> <strong>presentar una denúncia interna </strong> per tal que s&#8217;obri un <strong>procés d&#8217;investigació </strong>sobre els fets denunciats.</p>
</div></details></div>



<div class="wp-block-atomic-blocks-ab-accordion ab-block-accordion ab-font-size-16"><details><summary class="ab-accordion-title"><strong>Procediment d&#8217;actuació i resolució en cas d&#8217;assetjament sexual a l&#8217;exterior de l&#8217;ajuntament de Viladecans</strong></summary><div class="ab-accordion-text">
<p class="has-small-font-size"><strong>Via administrativa, INSPECCIÓ DE TREBALL</strong>, interposar una <strong>denúncia </strong>a la Inspecció de treball itc.barcelona@gencat.cat</p>



<p class="has-small-font-size"><strong>Via judicial</strong></p>



<p class="has-small-font-size"><strong>ORDRE SOCIAL,</strong> interposar una <strong>demanda Jutjat Social</strong>.</p>



<p class="has-small-font-size"><strong>ORDRE PENAL,</strong> presentar una <strong>querella</strong> Jutjat Penal, Mossos d&#8217;Esquadra.</p>
</div></details></div>
