{"id":3690,"date":"2025-10-06T13:41:24","date_gmt":"2025-10-06T11:41:24","guid":{"rendered":"https:\/\/ccoo.app\/ajuntament-sant-boi-de-llobregat\/?page_id=3690"},"modified":"2025-10-27T08:48:49","modified_gmt":"2025-10-27T07:48:49","slug":"butlleti-informatiu-setembre-num-10","status":"publish","type":"page","link":"https:\/\/ccoo.app\/ajuntament-sant-boi-de-llobregat\/butlleti-informatiu-setembre-num-10\/","title":{"rendered":"Butllet\u00ed Informatiu Setembre n\u00fam. 10"},"content":{"rendered":"\n<p class=\"has-text-color has-link-color wp-elements-e66c6e246a0f755a41a2654d74b025c3\" style=\"color:#000000\"><strong>Data:<\/strong> 30 de Setembre del 2025<\/p>\n\n\n\n<div class=\"wp-block-columns is-layout-flex wp-container-core-columns-is-layout-9d6595d7 wp-block-columns-is-layout-flex\">\n<div class=\"wp-block-column is-layout-flow wp-block-column-is-layout-flow\">\n<figure class=\"gb-block-image gb-block-image-4c92e38b\"><a href=\"http:\/\/ccoo.app\/ajuntament-sant-boi-de-llobregat\/wp-content\/blogs.dir\/6\/files\/sites\/246\/2025\/10\/2014-11-10-Conveni-Col\u00b7lectiu-2015-2018-Pactes-Addicionals-i-Acta-Final-51-56.pdf\"><img loading=\"lazy\" decoding=\"async\" width=\"1462\" height=\"1026\" class=\"gb-image gb-image-4c92e38b\" src=\"https:\/\/ccoo.app\/ajuntament-sant-boi-de-llobregat\/wp-content\/blogs.dir\/6\/files\/sites\/246\/2025\/10\/01.png\" alt=\"\" title=\"01\" srcset=\"https:\/\/ccoo.app\/ajuntament-sant-boi-de-llobregat\/wp-content\/blogs.dir\/6\/files\/sites\/246\/2025\/10\/01.png 1462w, https:\/\/ccoo.app\/ajuntament-sant-boi-de-llobregat\/wp-content\/blogs.dir\/6\/files\/sites\/246\/2025\/10\/01-300x211.png 300w, https:\/\/ccoo.app\/ajuntament-sant-boi-de-llobregat\/wp-content\/blogs.dir\/6\/files\/sites\/246\/2025\/10\/01-1024x719.png 1024w, https:\/\/ccoo.app\/ajuntament-sant-boi-de-llobregat\/wp-content\/blogs.dir\/6\/files\/sites\/246\/2025\/10\/01-768x539.png 768w\" sizes=\"auto, (max-width: 1462px) 100vw, 1462px\" \/><\/a><\/figure>\n\n\n\n<figure class=\"gb-block-image gb-block-image-82a37712\"><a href=\"https:\/\/youtu.be\/2H2h17lODlg?si=LLoXg00lKSGqFQJo\"><img loading=\"lazy\" decoding=\"async\" width=\"1462\" height=\"608\" class=\"gb-image gb-image-82a37712\" src=\"https:\/\/ccoo.app\/ajuntament-sant-boi-de-llobregat\/wp-content\/blogs.dir\/6\/files\/sites\/246\/2025\/10\/02.png\" alt=\"\" title=\"02\" srcset=\"https:\/\/ccoo.app\/ajuntament-sant-boi-de-llobregat\/wp-content\/blogs.dir\/6\/files\/sites\/246\/2025\/10\/02.png 1462w, https:\/\/ccoo.app\/ajuntament-sant-boi-de-llobregat\/wp-content\/blogs.dir\/6\/files\/sites\/246\/2025\/10\/02-300x125.png 300w, https:\/\/ccoo.app\/ajuntament-sant-boi-de-llobregat\/wp-content\/blogs.dir\/6\/files\/sites\/246\/2025\/10\/02-1024x426.png 1024w, https:\/\/ccoo.app\/ajuntament-sant-boi-de-llobregat\/wp-content\/blogs.dir\/6\/files\/sites\/246\/2025\/10\/02-768x319.png 768w\" sizes=\"auto, (max-width: 1462px) 100vw, 1462px\" \/><\/a><\/figure>\n\n\n\n<figure class=\"gb-block-image gb-block-image-5eb45ddd\"><a href=\"http:\/\/ccoo.app\/ajuntament-sant-boi-de-llobregat\/wp-content\/blogs.dir\/6\/files\/sites\/246\/2025\/10\/2025-09-25-Intervencio-CCOO-Ple-Municipal.pdf\"><img loading=\"lazy\" decoding=\"async\" width=\"1462\" height=\"362\" class=\"gb-image gb-image-5eb45ddd\" src=\"https:\/\/ccoo.app\/ajuntament-sant-boi-de-llobregat\/wp-content\/blogs.dir\/6\/files\/sites\/246\/2025\/10\/03.png\" alt=\"\" title=\"03\" srcset=\"https:\/\/ccoo.app\/ajuntament-sant-boi-de-llobregat\/wp-content\/blogs.dir\/6\/files\/sites\/246\/2025\/10\/03.png 1462w, https:\/\/ccoo.app\/ajuntament-sant-boi-de-llobregat\/wp-content\/blogs.dir\/6\/files\/sites\/246\/2025\/10\/03-300x74.png 300w, https:\/\/ccoo.app\/ajuntament-sant-boi-de-llobregat\/wp-content\/blogs.dir\/6\/files\/sites\/246\/2025\/10\/03-1024x254.png 1024w, https:\/\/ccoo.app\/ajuntament-sant-boi-de-llobregat\/wp-content\/blogs.dir\/6\/files\/sites\/246\/2025\/10\/03-768x190.png 768w\" sizes=\"auto, (max-width: 1462px) 100vw, 1462px\" \/><\/a><\/figure>\n<\/div>\n\n\n\n<div class=\"wp-block-column is-layout-flow wp-block-column-is-layout-flow\">\n<p class=\"has-text-color has-link-color wp-elements-97c1d6fe5c5d001cc11b1d733510f827\" style=\"color:#000000\">Benvolgudes companyes i companys,<\/p>\n\n\n\n<p>La <strong>Secci\u00f3 Sindical de CCOO<\/strong> ha obtingut una nova sent\u00e8ncia favorable en el <strong>Tribunal Superior de Just\u00edcia de Catalunya (TSJC)<\/strong>. Aquesta resoluci\u00f3 reconeix el dret de tot el personal fins al <strong>nivell 11<\/strong> a percebre el <strong>Fons d\u2019Acci\u00f3 Social de 150 \u20ac anuals<\/strong>, amb els interessos legals corresponents.<\/p>\n\n\n\n<hr class=\"wp-block-separator has-alpha-channel-opacity\" \/>\n\n\n\n<h2 class=\"wp-block-heading\">\ud83d\udcdc Antecedents<\/h2>\n\n\n\n<p><br>Entre els anys <strong>2015 i 2018<\/strong>, CCOO va aconseguir dues millores importants per al conjunt de la plantilla:<\/p>\n\n\n\n<ul class=\"wp-block-list\">\n<li>La <strong>consolidaci\u00f3<\/strong> en el salari de <strong>4.008 \u20ac<\/strong> de la prima d\u2019assist\u00e8ncia.<\/li>\n\n\n\n<li>El <strong>pagament d\u2019un fons social de 150 \u20ac anuals<\/strong> a tot el personal fins al nivell 11.<\/li>\n<\/ul>\n\n\n\n<p>Tot i aix\u00f2, l\u2019any 2018, amb majoria sindical d\u2019UGT, l\u2019Ajuntament va eliminar aquestes millores. Davant d\u2019aix\u00f2, CCOO va presentar <strong>quatre demandes judicials<\/strong>: dues ja guanyades, una pendent al TSJC i una altra al <strong>Tribunal Suprem<\/strong>.<\/p>\n\n\n\n<p>L\u2019any 2020, l\u2019Ajuntament va ser obligat a pagar el fons social, per\u00f2 unilateralment nom\u00e9s ho va fer al personal laboral, <strong>discriminant el personal funcionari<\/strong>.<\/p>\n\n\n\n<hr class=\"wp-block-separator has-alpha-channel-opacity\" \/>\n\n\n\n<h2 class=\"wp-block-heading\">\ud83e\uddfe Situaci\u00f3 actual<\/h2>\n\n\n\n<p><br>Amb aquesta nova sent\u00e8ncia, <strong>l\u2019Ajuntament est\u00e0 obligat a pagar tamb\u00e9 al personal funcionari<\/strong>. Tot i aix\u00f2, el consistori ha decidit <strong>rec\u00f3rrer al Tribunal Suprem<\/strong> per intentar evitar-ho.<\/p>\n\n\n\n<p>Si el Suprem confirma la resoluci\u00f3, <strong>cada treballador\/a rebr\u00e0 entre 900 \u20ac i 1.050 \u20ac acumulats fins al 2025<\/strong>, fet que haur\u00e0 de confirmar-se amb una nova sent\u00e8ncia.<\/p>\n\n\n\n<p>Recordem tamb\u00e9 que el consistori ja va ser condemnat a <strong>consolidar els 4.008 \u20ac com a salari fix<\/strong>. Tot i aix\u00ed, mitjan\u00e7ant acord amb UGT, es van aplicar descomptes salarials al personal de nova incorporaci\u00f3 durant els primers anys. Gr\u00e0cies a la pressi\u00f3 de CCOO, es va aconseguir <strong>reduir aquest per\u00edode a nom\u00e9s sis mesos<\/strong> en l\u2019\u00faltim acord.<\/p>\n\n\n\n<p>\ud83d\udc49 Aquest assumpte <strong><u>segueix pendent de resoluci\u00f3 judicial<\/u><\/strong>.<\/p>\n\n\n\n<hr class=\"wp-block-separator has-alpha-channel-opacity\" \/>\n\n\n\n<h2 class=\"wp-block-heading\">\u270a Acci\u00f3 sindical<\/h2>\n\n\n\n<p>CCOO continuar\u00e0 <strong>defensant els drets de tota la plantilla<\/strong> i vetllant perqu\u00e8 cap persona treballadora sigui discriminada per la seva situaci\u00f3 laboral o administrativa.<\/p>\n\n\n\n<p>Seguirem informant dels nous passos i animem a totes les persones interessades a <strong>consultar el v\u00eddeo de la intervenci\u00f3 al Ple Municipal<\/strong>, on s\u2019explica detalladament aquesta nova vict\u00f2ria sindical.<\/p>\n\n\n\n<p>\ud83c\udfa5 <a href=\"#\"><u>Consulta el v\u00eddeo<\/u> de la intervenci\u00f3 al Ple Municipal<\/a> d\u2019aquest Reglament una eina realment \u00fatil i efectiva.<\/p>\n\n\n\n<hr class=\"wp-block-separator has-alpha-channel-opacity\" \/>\n\n\n\n<h2 class=\"wp-block-heading\">\ud83d\udcaa Continuem denunciant les injust\u00edcies<\/h2>\n\n\n\n<p><br>Des de <strong>CCOO<\/strong> continuarem denunciant aquestes situacions:<\/p>\n\n\n\n<ul class=\"wp-block-list\">\n<li><strong>Mateixa funci\u00f3, mateix salari.<\/strong><\/li>\n\n\n\n<li><strong>Ja n\u2019hi ha prou de desigualtats i retallades en els nostres drets acordats.<\/strong><\/li>\n<\/ul>\n\n\n\n<p>\ud83d\udcc4 <a href=\"#\"><u>Acc\u00e9s al document PDF<\/u> amb la intervenci\u00f3 al Ple Municipal<\/a><\/p>\n\n\n\n<p>Continuarem <strong>defensant a les treballadores i treballadors de l\u2019Ajuntament<\/strong> fins a aconseguir que es respectin plenament tots els nostres drets.<\/p>\n\n\n\n<hr class=\"wp-block-separator has-alpha-channel-opacity\" \/>\n\n\n\n<h3 class=\"wp-block-heading has-text-color has-link-color wp-elements-f01612833359083db12c6e71dcf1204d\" style=\"color:#000000\"><strong>\u00abAMB LES COSES DE MENJAR, NO S\u2019HI JUGA\u00bb<\/strong><\/h3>\n\n\n\n<p class=\"has-text-color has-link-color wp-elements-86ca19e20894f9f1b7f86dfb1c084d61\" style=\"color:#000000\">Aprofitem tamb\u00e9 per recordar-vos que <strong>CCOO est\u00e0 lluitant per garantir unes condicions laborals dignes<\/strong> i perqu\u00e8 les mesures que es prenen dins l\u2019Ajuntament siguin <strong>justes i transparents<\/strong> per a tothom. Seguirem informant-vos i defensant els vostres drets!<\/p>\n\n\n\n<p class=\"has-text-color has-link-color wp-elements-ca98e290a56eca669881154e79f234a3\" style=\"color:#000000\">Per qualsevol aclariment, estem a la vostra disposici\u00f3.<\/p>\n\n\n\n<p class=\"has-text-color has-link-color wp-elements-941c899b691ba701c0698c88c328a60f\" style=\"color:#000000\">\ud83d\udcaa <strong>La for\u00e7a del sindicat sou vosaltres!<\/strong><\/p>\n\n\n\n<p class=\"has-text-color has-link-color wp-elements-ae7bf9b56ad3b0bed176b42c093f3694\" style=\"color:#000000\">CCOO \u2013 Ajuntament de Sant Boi de Llobregat<\/p>\n<\/div>\n<\/div>\n\n\n\n<p><\/p>\n","protected":false},"excerpt":{"rendered":"<p>Data: 30 de Setembre del 2025 Benvolgudes companyes i companys, La Secci\u00f3 Sindical de CCOO ha obtingut una nova sent\u00e8ncia favorable en el Tribunal Superior de Just\u00edcia de Catalunya (TSJC). &#8230; <a title=\"Butllet\u00ed Informatiu Setembre n\u00fam. 10\" class=\"read-more\" href=\"https:\/\/ccoo.app\/ajuntament-sant-boi-de-llobregat\/butlleti-informatiu-setembre-num-10\/\" aria-label=\"Leer m\u00e1s sobre Butllet\u00ed Informatiu Setembre n\u00fam. 10\">Leer m\u00e1s<\/a><\/p>\n","protected":false},"author":97111,"featured_media":0,"parent":0,"menu_order":0,"comment_status":"closed","ping_status":"closed","template":"","meta":{"footnotes":""},"class_list":["post-3690","page","type-page","status-publish"],"_links":{"self":[{"href":"https:\/\/ccoo.app\/ajuntament-sant-boi-de-llobregat\/wp-json\/wp\/v2\/pages\/3690","targetHints":{"allow":["GET"]}}],"collection":[{"href":"https:\/\/ccoo.app\/ajuntament-sant-boi-de-llobregat\/wp-json\/wp\/v2\/pages"}],"about":[{"href":"https:\/\/ccoo.app\/ajuntament-sant-boi-de-llobregat\/wp-json\/wp\/v2\/types\/page"}],"author":[{"embeddable":true,"href":"https:\/\/ccoo.app\/ajuntament-sant-boi-de-llobregat\/wp-json\/wp\/v2\/users\/97111"}],"replies":[{"embeddable":true,"href":"https:\/\/ccoo.app\/ajuntament-sant-boi-de-llobregat\/wp-json\/wp\/v2\/comments?post=3690"}],"version-history":[{"count":4,"href":"https:\/\/ccoo.app\/ajuntament-sant-boi-de-llobregat\/wp-json\/wp\/v2\/pages\/3690\/revisions"}],"predecessor-version":[{"id":3819,"href":"https:\/\/ccoo.app\/ajuntament-sant-boi-de-llobregat\/wp-json\/wp\/v2\/pages\/3690\/revisions\/3819"}],"wp:attachment":[{"href":"https:\/\/ccoo.app\/ajuntament-sant-boi-de-llobregat\/wp-json\/wp\/v2\/media?parent=3690"}],"curies":[{"name":"wp","href":"https:\/\/api.w.org\/{rel}","templated":true}]}}