{"id":3605,"date":"2025-09-23T08:18:30","date_gmt":"2025-09-23T06:18:30","guid":{"rendered":"https:\/\/ccoo.app\/ajuntament-sant-boi-de-llobregat\/?page_id=3605"},"modified":"2026-01-19T09:21:35","modified_gmt":"2026-01-19T08:21:35","slug":"butlleti-informatiu-juliol-num-9","status":"publish","type":"page","link":"https:\/\/ccoo.app\/ajuntament-sant-boi-de-llobregat\/butlleti-informatiu-juliol-num-9\/","title":{"rendered":"Butllet\u00ed Informatiu Juliol n\u00fam. 9"},"content":{"rendered":"\n<p class=\"has-text-color has-link-color wp-elements-e115a043a9369159a47a2d2ac260df3b\" style=\"color:#000000\"><strong>Data:<\/strong> 28 de Juliol del 2025<\/p>\n\n\n\n<div class=\"wp-block-columns is-layout-flex wp-container-core-columns-is-layout-9d6595d7 wp-block-columns-is-layout-flex\">\n<div class=\"wp-block-column is-layout-flow wp-block-column-is-layout-flow\">\n<figure class=\"gb-block-image gb-block-image-4c92e38b\"><img loading=\"lazy\" decoding=\"async\" width=\"1241\" height=\"1755\" class=\"gb-image gb-image-4c92e38b\" src=\"https:\/\/ccoo.app\/ajuntament-sant-boi-de-llobregat\/wp-content\/blogs.dir\/6\/files\/sites\/246\/2025\/09\/Full-Informatiu-9-25_page-0001.jpg\" alt=\"\" title=\"Full Informatiu 9-25_page-0001\" srcset=\"https:\/\/ccoo.app\/ajuntament-sant-boi-de-llobregat\/wp-content\/blogs.dir\/6\/files\/sites\/246\/2025\/09\/Full-Informatiu-9-25_page-0001.jpg 1241w, https:\/\/ccoo.app\/ajuntament-sant-boi-de-llobregat\/wp-content\/blogs.dir\/6\/files\/sites\/246\/2025\/09\/Full-Informatiu-9-25_page-0001-212x300.jpg 212w, https:\/\/ccoo.app\/ajuntament-sant-boi-de-llobregat\/wp-content\/blogs.dir\/6\/files\/sites\/246\/2025\/09\/Full-Informatiu-9-25_page-0001-724x1024.jpg 724w, https:\/\/ccoo.app\/ajuntament-sant-boi-de-llobregat\/wp-content\/blogs.dir\/6\/files\/sites\/246\/2025\/09\/Full-Informatiu-9-25_page-0001-768x1086.jpg 768w, https:\/\/ccoo.app\/ajuntament-sant-boi-de-llobregat\/wp-content\/blogs.dir\/6\/files\/sites\/246\/2025\/09\/Full-Informatiu-9-25_page-0001-1086x1536.jpg 1086w\" sizes=\"auto, (max-width: 1241px) 100vw, 1241px\" \/><\/figure>\n<\/div>\n\n\n\n<div class=\"wp-block-column is-layout-flow wp-block-column-is-layout-flow\">\n<p class=\"has-text-color has-link-color wp-elements-97c1d6fe5c5d001cc11b1d733510f827\" style=\"color:#000000\">Benvolgudes companyes i companys,<\/p>\n\n\n\n<p>El Ple Municipal ha aprovat el <strong>Reglament de la Segona Activitat a la Policia Local de Sant Boi de Llobregat<\/strong>. Es tracta d\u2019una fita molt important fruit de m\u00e9s de deu anys de reivindicacions i d\u2019un llarg proc\u00e9s de negociaci\u00f3 col\u00b7lectiva.<\/p>\n\n\n\n<h2 class=\"wp-block-heading\">\ud83d\udcf0 El Ple Municipal aprova el Reglament de la Segona Activitat a Policia Local<br><\/h2>\n\n\n\n<p>Despr\u00e9s de m\u00e9s de <strong>10 anys de reivindicacions<\/strong> i un llarg proc\u00e9s de negociaci\u00f3 col\u00b7lectiva iniciada el 2019, el passat <strong>24 de juliol<\/strong> el Ple Municipal va aprovar el <strong>Reglament de la Segona Activitat de la Policia Local de Sant Boi de Llobregat<\/strong>.<\/p>\n\n\n\n<p>Aquesta fita hist\u00f2rica ha estat possible gr\u00e0cies a la insist\u00e8ncia de companyes i companys de CCOO de la Policia Local i al suport imprescindible del President de l\u2019associaci\u00f3 <strong>AIL-POLD, Vicen\u00e7 Flores<\/strong>.<\/p>\n\n\n\n<hr class=\"wp-block-separator has-alpha-channel-opacity\" \/>\n\n\n\n<h2 class=\"wp-block-heading\">\ud83d\ude94 Una fita pionera a Catalunya<\/h2>\n\n\n\n<p><br>Amb aquest Reglament, la <strong>Policia Local de Sant Boi<\/strong> es converteix en una de les poques policies locals del territori que disposa d\u2019una normativa pr\u00f2pia de <strong>Segona Activitat<\/strong>, adaptada a la realitat actual i pionera a nivell de Catalunya.<\/p>\n\n\n\n<p>Aquest pas <strong>dona compliment a la Llei 16\/1991 de Policies Locals de Catalunya<\/strong>, articles 43 i 44, garantint llocs de treball adequats per a agents afectats per edat, malaltia o incapacitat singular, i assegurant aix\u00ed la continu\u00eftat laboral i un millor servei a la ciutadania.<\/p>\n\n\n\n<hr class=\"wp-block-separator has-alpha-channel-opacity\" \/>\n\n\n\n<h2 class=\"wp-block-heading\">\ud83d\udcc8 Primer pas assolit, per\u00f2 cal seguir avan\u00e7ant<\/h2>\n\n\n\n<p><br>L\u2019aprovaci\u00f3 del Reglament \u00e9s una <strong>primera fita molt important<\/strong>, per\u00f2 ara cal desenvolupar-lo amb claredat, establint protocols transparents que garanteixin una major protecci\u00f3 a les persones treballadores que desenvolupen aquesta tasca professional, sovint complexa i arriscada.<\/p>\n\n\n\n<p>Des de CCOO continuarem <strong>escoltant el col\u00b7lectiu<\/strong> i treballant cada dia per incorporar millores necess\u00e0ries que facin d\u2019aquest Reglament una eina realment \u00fatil i efectiva.<\/p>\n\n\n\n<hr class=\"wp-block-separator has-alpha-channel-opacity\" \/>\n\n\n\n<h3 class=\"wp-block-heading has-text-color has-link-color wp-elements-f01612833359083db12c6e71dcf1204d\" style=\"color:#000000\"><strong>\u00abAMB LES COSES DE MENJAR, NO S\u2019HI JUGA\u00bb<\/strong><\/h3>\n\n\n\n<p class=\"has-text-color has-link-color wp-elements-86ca19e20894f9f1b7f86dfb1c084d61\" style=\"color:#000000\">Aprofitem tamb\u00e9 per recordar-vos que <strong>CCOO est\u00e0 lluitant per garantir unes condicions laborals dignes<\/strong> i perqu\u00e8 les mesures que es prenen dins l\u2019Ajuntament siguin <strong>justes i transparents<\/strong> per a tothom. Seguirem informant-vos i defensant els vostres drets!<\/p>\n\n\n\n<p class=\"has-text-color has-link-color wp-elements-ca98e290a56eca669881154e79f234a3\" style=\"color:#000000\">Per qualsevol aclariment, estem a la vostra disposici\u00f3.<\/p>\n\n\n\n<p class=\"has-text-color has-link-color wp-elements-941c899b691ba701c0698c88c328a60f\" style=\"color:#000000\">\ud83d\udcaa <strong>La for\u00e7a del sindicat sou vosaltres!<\/strong><\/p>\n\n\n\n<p class=\"has-text-color has-link-color wp-elements-ae7bf9b56ad3b0bed176b42c093f3694\" style=\"color:#000000\">CCOO \u2013 Ajuntament de Sant Boi de Llobregat<\/p>\n<\/div>\n<\/div>\n\n\n\n<p><\/p>\n","protected":false},"excerpt":{"rendered":"<p>Data: 28 de Juliol del 2025 Benvolgudes companyes i companys, El Ple Municipal ha aprovat el Reglament de la Segona Activitat a la Policia Local de Sant Boi de Llobregat. &#8230; <a title=\"Butllet\u00ed Informatiu Juliol n\u00fam. 9\" class=\"read-more\" href=\"https:\/\/ccoo.app\/ajuntament-sant-boi-de-llobregat\/butlleti-informatiu-juliol-num-9\/\" aria-label=\"Leer m\u00e1s sobre Butllet\u00ed Informatiu Juliol n\u00fam. 9\">Leer m\u00e1s<\/a><\/p>\n","protected":false},"author":97111,"featured_media":0,"parent":0,"menu_order":0,"comment_status":"closed","ping_status":"closed","template":"","meta":{"footnotes":""},"class_list":["post-3605","page","type-page","status-publish"],"_links":{"self":[{"href":"https:\/\/ccoo.app\/ajuntament-sant-boi-de-llobregat\/wp-json\/wp\/v2\/pages\/3605","targetHints":{"allow":["GET"]}}],"collection":[{"href":"https:\/\/ccoo.app\/ajuntament-sant-boi-de-llobregat\/wp-json\/wp\/v2\/pages"}],"about":[{"href":"https:\/\/ccoo.app\/ajuntament-sant-boi-de-llobregat\/wp-json\/wp\/v2\/types\/page"}],"author":[{"embeddable":true,"href":"https:\/\/ccoo.app\/ajuntament-sant-boi-de-llobregat\/wp-json\/wp\/v2\/users\/97111"}],"replies":[{"embeddable":true,"href":"https:\/\/ccoo.app\/ajuntament-sant-boi-de-llobregat\/wp-json\/wp\/v2\/comments?post=3605"}],"version-history":[{"count":3,"href":"https:\/\/ccoo.app\/ajuntament-sant-boi-de-llobregat\/wp-json\/wp\/v2\/pages\/3605\/revisions"}],"predecessor-version":[{"id":7479,"href":"https:\/\/ccoo.app\/ajuntament-sant-boi-de-llobregat\/wp-json\/wp\/v2\/pages\/3605\/revisions\/7479"}],"wp:attachment":[{"href":"https:\/\/ccoo.app\/ajuntament-sant-boi-de-llobregat\/wp-json\/wp\/v2\/media?parent=3605"}],"curies":[{"name":"wp","href":"https:\/\/api.w.org\/{rel}","templated":true}]}}