{"id":3338,"date":"2025-06-25T08:31:16","date_gmt":"2025-06-25T06:31:16","guid":{"rendered":"https:\/\/ccoo.app\/ajuntament-sant-boi-de-llobregat\/?page_id=3338"},"modified":"2025-10-27T08:51:10","modified_gmt":"2025-10-27T07:51:10","slug":"butlleti-informatiu-juny-num-7","status":"publish","type":"page","link":"https:\/\/ccoo.app\/ajuntament-sant-boi-de-llobregat\/butlleti-informatiu-juny-num-7\/","title":{"rendered":"Butllet\u00ed Informatiu Juny n\u00fam. 7"},"content":{"rendered":"\n<p class=\"has-text-color has-link-color wp-elements-e88e342dd71a1f7ca36f9cb94f090153\" style=\"color:#000000\"><strong>Data:<\/strong> 11 de Juny del 2025<\/p>\n\n\n\n<div class=\"wp-block-columns is-layout-flex wp-container-core-columns-is-layout-9d6595d7 wp-block-columns-is-layout-flex\">\n<div class=\"wp-block-column is-layout-flow wp-block-column-is-layout-flow\">\n<figure class=\"wp-block-image size-large\"><img loading=\"lazy\" decoding=\"async\" width=\"748\" height=\"1024\" src=\"http:\/\/ccoo.app\/ajuntament-sant-boi-de-llobregat\/wp-content\/blogs.dir\/6\/files\/sites\/246\/2025\/06\/7-1-748x1024.png\" alt=\"\" class=\"wp-image-3341\" srcset=\"https:\/\/ccoo.app\/ajuntament-sant-boi-de-llobregat\/wp-content\/blogs.dir\/6\/files\/sites\/246\/2025\/06\/7-1-748x1024.png 748w, https:\/\/ccoo.app\/ajuntament-sant-boi-de-llobregat\/wp-content\/blogs.dir\/6\/files\/sites\/246\/2025\/06\/7-1-219x300.png 219w, https:\/\/ccoo.app\/ajuntament-sant-boi-de-llobregat\/wp-content\/blogs.dir\/6\/files\/sites\/246\/2025\/06\/7-1-768x1052.png 768w, https:\/\/ccoo.app\/ajuntament-sant-boi-de-llobregat\/wp-content\/blogs.dir\/6\/files\/sites\/246\/2025\/06\/7-1-1122x1536.png 1122w, https:\/\/ccoo.app\/ajuntament-sant-boi-de-llobregat\/wp-content\/blogs.dir\/6\/files\/sites\/246\/2025\/06\/7-1.png 1468w\" sizes=\"auto, (max-width: 748px) 100vw, 748px\" \/><\/figure>\n<\/div>\n\n\n\n<div class=\"wp-block-column is-layout-flow wp-block-column-is-layout-flow\">\n<p>Benvolgudes companyes i companys,<\/p>\n\n\n\n<p>Amb l\u2019arribada de les altes temperatures, volem posar el focus en <strong>la calor com a risc laboral<\/strong> i recordar-vos els protocols i recomanacions per protegir-nos durant l\u2019estiu.<\/p>\n\n\n\n<hr class=\"wp-block-separator has-alpha-channel-opacity\" \/>\n\n\n\n<h3 class=\"wp-block-heading\">\ud83d\udd25 <strong>LA CALOR: UN RISC QUE CAL PREVENIR<\/strong><\/h3>\n\n\n\n<p>Les condicions ambientals extremes poden provocar <strong>incomoditat, p\u00e8rdua de concentraci\u00f3 i, fins i tot, riscos greus per a la salut<\/strong>. \u00c9s per aix\u00f2 que:<\/p>\n\n\n\n<ul class=\"wp-block-list\">\n<li>Cal evitar <strong>temperatures excessives, humitat molt elevada, corrents d\u2019aire molestos i irradiaci\u00f3 solar directa<\/strong>.<\/li>\n\n\n\n<li>Disposem d\u2019un <strong>Protocol d\u2019Actuaci\u00f3<\/strong> aprovat; hi podeu accedir directament des de l\u2019enlla\u00e7 del butllet\u00ed per con\u00e8ixer totes les mesures preventives.<\/li>\n<\/ul>\n\n\n\n<hr class=\"wp-block-separator has-alpha-channel-opacity\" \/>\n\n\n\n<h3 class=\"wp-block-heading\">\ud83c\udf21 <strong>TEMPERATURES RECOMANADES SEGONS EL TIPUS DE FEINA<\/strong><\/h3>\n\n\n\n<figure class=\"wp-block-table\"><table class=\"has-fixed-layout\"><thead><tr><th>Tipus de tasca<\/th><th>Rang \u00f2ptim<\/th><\/tr><\/thead><tbody><tr><td>\ud83d\udcc4 Feina administrativa<\/td><td><strong>17 \u00b0C \u2013 27 \u00b0C<\/strong><\/td><\/tr><tr><td>\ud83d\udee0 Feina lleugera \/ manual<\/td><td><strong>14 \u00b0C \u2013 25 \u00b0C<\/strong><\/td><\/tr><\/tbody><\/table><\/figure>\n\n\n\n<p>Si notes que la <strong>percepci\u00f3 t\u00e8rmica<\/strong> al teu lloc de treball \u00e9s molt diferent de la temperatura real, posa\u2019t en contacte amb el <strong>Departament de Prevenci\u00f3 de Riscos Laborals<\/strong> i <strong>sol\u00b7licita una visita del Servei de Vigil\u00e0ncia i Salut<\/strong>. Ells valoraran, amb criteri m\u00e8dic, possibles adaptacions.<\/p>\n\n\n\n<hr class=\"wp-block-separator has-alpha-channel-opacity\" \/>\n\n\n\n<h3 class=\"wp-block-heading\">\ud83d\udea8 <strong>TEL\u00c8FONS D\u2019EMERG\u00c8NCIES I SUPORT<\/strong><\/h3>\n\n\n\n<p>Recorda que tens a la teva disposici\u00f3 els tel\u00e8fons interns d\u2019emerg\u00e8ncia i l\u2019enlla\u00e7 al protocol complet en cas que necessitis actuaci\u00f3 immediata. Guarda\u2019ls en un lloc visible i comparteix-los amb el teu equip.<\/p>\n\n\n\n<h3 class=\"wp-block-heading has-text-color has-link-color wp-elements-f01612833359083db12c6e71dcf1204d\" style=\"color:#000000\"><strong>\u00abAMB LES COSES DE MENJAR, NO S\u2019HI JUGA\u00bb<\/strong><\/h3>\n\n\n\n<p class=\"has-text-color has-link-color wp-elements-86ca19e20894f9f1b7f86dfb1c084d61\" style=\"color:#000000\">Aprofitem tamb\u00e9 per recordar-vos que <strong>CCOO est\u00e0 lluitant per garantir unes condicions laborals dignes<\/strong> i perqu\u00e8 les mesures que es prenen dins l\u2019Ajuntament siguin <strong>justes i transparents<\/strong> per a tothom. Seguirem informant-vos i defensant els vostres drets!<\/p>\n\n\n\n<p class=\"has-text-color has-link-color wp-elements-ca98e290a56eca669881154e79f234a3\" style=\"color:#000000\">Per qualsevol aclariment, estem a la vostra disposici\u00f3.<\/p>\n\n\n\n<p class=\"has-text-color has-link-color wp-elements-941c899b691ba701c0698c88c328a60f\" style=\"color:#000000\">\ud83d\udcaa <strong>La for\u00e7a del sindicat sou vosaltres!<\/strong><\/p>\n\n\n\n<p class=\"has-text-color has-link-color wp-elements-ae7bf9b56ad3b0bed176b42c093f3694\" style=\"color:#000000\">CCOO \u2013 Ajuntament de Sant Boi de Llobregat<\/p>\n<\/div>\n<\/div>\n\n\n\n<p><\/p>\n","protected":false},"excerpt":{"rendered":"<p>Data: 11 de Juny del 2025 Benvolgudes companyes i companys, Amb l\u2019arribada de les altes temperatures, volem posar el focus en la calor com a risc laboral i recordar-vos els &#8230; <a title=\"Butllet\u00ed Informatiu Juny n\u00fam. 7\" class=\"read-more\" href=\"https:\/\/ccoo.app\/ajuntament-sant-boi-de-llobregat\/butlleti-informatiu-juny-num-7\/\" aria-label=\"Leer m\u00e1s sobre Butllet\u00ed Informatiu Juny n\u00fam. 7\">Leer m\u00e1s<\/a><\/p>\n","protected":false},"author":97111,"featured_media":0,"parent":0,"menu_order":0,"comment_status":"closed","ping_status":"closed","template":"","meta":{"footnotes":""},"class_list":["post-3338","page","type-page","status-publish"],"_links":{"self":[{"href":"https:\/\/ccoo.app\/ajuntament-sant-boi-de-llobregat\/wp-json\/wp\/v2\/pages\/3338","targetHints":{"allow":["GET"]}}],"collection":[{"href":"https:\/\/ccoo.app\/ajuntament-sant-boi-de-llobregat\/wp-json\/wp\/v2\/pages"}],"about":[{"href":"https:\/\/ccoo.app\/ajuntament-sant-boi-de-llobregat\/wp-json\/wp\/v2\/types\/page"}],"author":[{"embeddable":true,"href":"https:\/\/ccoo.app\/ajuntament-sant-boi-de-llobregat\/wp-json\/wp\/v2\/users\/97111"}],"replies":[{"embeddable":true,"href":"https:\/\/ccoo.app\/ajuntament-sant-boi-de-llobregat\/wp-json\/wp\/v2\/comments?post=3338"}],"version-history":[{"count":3,"href":"https:\/\/ccoo.app\/ajuntament-sant-boi-de-llobregat\/wp-json\/wp\/v2\/pages\/3338\/revisions"}],"predecessor-version":[{"id":3824,"href":"https:\/\/ccoo.app\/ajuntament-sant-boi-de-llobregat\/wp-json\/wp\/v2\/pages\/3338\/revisions\/3824"}],"wp:attachment":[{"href":"https:\/\/ccoo.app\/ajuntament-sant-boi-de-llobregat\/wp-json\/wp\/v2\/media?parent=3338"}],"curies":[{"name":"wp","href":"https:\/\/api.w.org\/{rel}","templated":true}]}}