{"id":3140,"date":"2025-06-04T09:16:19","date_gmt":"2025-06-04T07:16:19","guid":{"rendered":"https:\/\/ccoo.app\/ajuntament-sant-boi-de-llobregat\/?page_id=3140"},"modified":"2025-10-27T08:52:27","modified_gmt":"2025-10-27T07:52:27","slug":"butlleti-informatiu-abril-num-5","status":"publish","type":"page","link":"https:\/\/ccoo.app\/ajuntament-sant-boi-de-llobregat\/butlleti-informatiu-abril-num-5\/","title":{"rendered":"Butllet\u00ed Informatiu Abril n\u00fam. 5"},"content":{"rendered":"\n<p class=\"has-text-color has-link-color wp-elements-45237989ea19ea341693e4d1b18441ad\" style=\"color:#000000\"><strong>Data:<\/strong> 28 d&#8217;Abril del 2025<\/p>\n\n\n\n<div class=\"wp-block-columns is-layout-flex wp-container-core-columns-is-layout-9d6595d7 wp-block-columns-is-layout-flex\">\n<div class=\"wp-block-column is-layout-flow wp-block-column-is-layout-flow\">\n<figure class=\"gb-block-image gb-block-image-34ddd7b5\"><img loading=\"lazy\" decoding=\"async\" width=\"1241\" height=\"1755\" class=\"gb-image gb-image-34ddd7b5\" src=\"https:\/\/ccoo.app\/ajuntament-sant-boi-de-llobregat\/wp-content\/blogs.dir\/6\/files\/sites\/246\/2025\/06\/Full-Informatiu-5_page-0001.jpg\" alt=\"\" title=\"Full Informatiu 5_page-0001\" srcset=\"https:\/\/ccoo.app\/ajuntament-sant-boi-de-llobregat\/wp-content\/blogs.dir\/6\/files\/sites\/246\/2025\/06\/Full-Informatiu-5_page-0001.jpg 1241w, https:\/\/ccoo.app\/ajuntament-sant-boi-de-llobregat\/wp-content\/blogs.dir\/6\/files\/sites\/246\/2025\/06\/Full-Informatiu-5_page-0001-212x300.jpg 212w, https:\/\/ccoo.app\/ajuntament-sant-boi-de-llobregat\/wp-content\/blogs.dir\/6\/files\/sites\/246\/2025\/06\/Full-Informatiu-5_page-0001-724x1024.jpg 724w, https:\/\/ccoo.app\/ajuntament-sant-boi-de-llobregat\/wp-content\/blogs.dir\/6\/files\/sites\/246\/2025\/06\/Full-Informatiu-5_page-0001-768x1086.jpg 768w, https:\/\/ccoo.app\/ajuntament-sant-boi-de-llobregat\/wp-content\/blogs.dir\/6\/files\/sites\/246\/2025\/06\/Full-Informatiu-5_page-0001-1086x1536.jpg 1086w\" sizes=\"auto, (max-width: 1241px) 100vw, 1241px\" \/><\/figure>\n<\/div>\n\n\n\n<div class=\"wp-block-column is-layout-flow wp-block-column-is-layout-flow\">\n<p class=\"has-text-color has-link-color wp-elements-97c1d6fe5c5d001cc11b1d733510f827\" style=\"color:#000000\">Benvolgudes companyes i companys,<\/p>\n\n\n\n<p class=\"has-text-color has-link-color wp-elements-6dce954714812af766510288ef7024d0\" style=\"color:#000000\">A CCOO tornem a posar el focus en un dret fonamental: <strong>tenir un entorn de treball segur i saludable<\/strong>. La prevenci\u00f3 no pot ser una formalitat. Apostem per una cultura real de seguretat amb protocols actius, formaci\u00f3 i vigil\u00e0ncia de les condicions laborals.<br><br>\ud83d\udce2 <strong>Cap feina val una vida.<\/strong><\/p>\n\n\n\n<p class=\"has-text-color has-link-color wp-elements-19cb4306013683e2c2d019b2c8a3740f\" style=\"color:#000000\">\ud83d\udce9 Si detectes cap situaci\u00f3 de risc, contacta\u2019ns a:<br><strong><a>ccoo@santboi.cat<\/a><\/strong> o amb el delegat de prevenci\u00f3: <strong><a>javidal@santboi.cat<\/a><\/strong><\/p>\n\n\n\n<p class=\"has-text-color has-link-color wp-elements-ee08d640231146321e8931783c7e801c\" style=\"color:#000000\">\u270a <strong>1 DE MAIG \u2013 DEFENSEM LES CONQUESTES, GUANYEM EL FUTUR<\/strong><br><br>El <strong>Primer de Maig<\/strong> no \u00e9s nom\u00e9s una data al calendari: \u00e9s un <strong>recordatori de la lluita pels drets laborals<\/strong>.<br><br>Des de CCOO Sant Boi seguim al peu del can\u00f3 defensant unes <strong>condicions dignes<\/strong>, la <strong>igualtat real<\/strong> i el <strong>reconeixement del treball p\u00fablic<\/strong>.<\/p>\n\n\n\n<p class=\"has-text-color has-link-color wp-elements-a89e4847357a29e19853ee4f1d9a409a\" style=\"color:#000000\">\ud83d\udce3 <strong>INTERVENCI\u00d3 DE CCOO AL PLE MUNICIPAL<\/strong><br>El 24 d\u2019abril, vam ser presents al Ple de l\u2019Ajuntament amb motiu de l\u2019<strong>aprovaci\u00f3 del nou Acord i Conveni 2025-2028<\/strong>.<br><br>Seguim fent sentir la nostra veu i la de tota la plantilla municipal.<\/p>\n\n\n\n<p class=\"has-text-color has-link-color wp-elements-e6a7fa6043f2950d7fe798e0a6346a86\" style=\"color:#000000\">\ud83c\udf34 <strong>NOU AVEN\u00c7! M\u00c9S VACANCES I REDUCCI\u00d3 DE JORNADA D\u2019ESTIU<\/strong><br><br>Gr\u00e0cies a la negociaci\u00f3 impulsada per CCOO:<\/p>\n\n\n\n<p class=\"has-text-color has-link-color wp-elements-6339a2c59cb2652db20854f2f5101b0a\" style=\"color:#000000\">\u2705 <strong>1 dia m\u00e9s de vacances<\/strong> (fins a 23 laborables a l\u2019any)<br>\u2705 <strong>23 hores de reducci\u00f3 de jornada<\/strong>, a mitja hora per dia, entre el 10 de juny i el 17 de setembre<br>\u2705 Si no pots aplicar la reducci\u00f3 di\u00e0ria, <strong>3 dies de festa + 2 hores de bossa<\/strong><\/p>\n\n\n\n<p class=\"has-text-color has-link-color wp-elements-c46358f821b17523c15d234a414239a0\" style=\"color:#000000\">\ud83d\udca1 <strong>Conciliaci\u00f3 i benestar real per a tota la plantilla.<\/strong><\/p>\n\n\n\n<h3 class=\"wp-block-heading has-text-color has-link-color wp-elements-f01612833359083db12c6e71dcf1204d\" style=\"color:#000000\"><strong>\u00abAMB LES COSES DE MENJAR, NO S\u2019HI JUGA\u00bb<\/strong><\/h3>\n\n\n\n<p class=\"has-text-color has-link-color wp-elements-86ca19e20894f9f1b7f86dfb1c084d61\" style=\"color:#000000\">Aprofitem tamb\u00e9 per recordar-vos que <strong>CCOO est\u00e0 lluitant per garantir unes condicions laborals dignes<\/strong> i perqu\u00e8 les mesures que es prenen dins l\u2019Ajuntament siguin <strong>justes i transparents<\/strong> per a tothom. Seguirem informant-vos i defensant els vostres drets!<\/p>\n\n\n\n<p class=\"has-text-color has-link-color wp-elements-ca98e290a56eca669881154e79f234a3\" style=\"color:#000000\">Per qualsevol aclariment, estem a la vostra disposici\u00f3.<\/p>\n\n\n\n<p class=\"has-text-color has-link-color wp-elements-941c899b691ba701c0698c88c328a60f\" style=\"color:#000000\">\ud83d\udcaa <strong>La for\u00e7a del sindicat sou vosaltres!<\/strong><\/p>\n\n\n\n<p class=\"has-text-color has-link-color wp-elements-ae7bf9b56ad3b0bed176b42c093f3694\" style=\"color:#000000\">CCOO \u2013 Ajuntament de Sant Boi de Llobregat<\/p>\n<\/div>\n<\/div>\n\n\n\n<p><\/p>\n","protected":false},"excerpt":{"rendered":"<p>Data: 28 d&#8217;Abril del 2025 Benvolgudes companyes i companys, A CCOO tornem a posar el focus en un dret fonamental: tenir un entorn de treball segur i saludable. La prevenci\u00f3 &#8230; <a title=\"Butllet\u00ed Informatiu Abril n\u00fam. 5\" class=\"read-more\" href=\"https:\/\/ccoo.app\/ajuntament-sant-boi-de-llobregat\/butlleti-informatiu-abril-num-5\/\" aria-label=\"Leer m\u00e1s sobre Butllet\u00ed Informatiu Abril n\u00fam. 5\">Leer m\u00e1s<\/a><\/p>\n","protected":false},"author":97111,"featured_media":0,"parent":0,"menu_order":0,"comment_status":"closed","ping_status":"closed","template":"","meta":{"footnotes":""},"class_list":["post-3140","page","type-page","status-publish"],"_links":{"self":[{"href":"https:\/\/ccoo.app\/ajuntament-sant-boi-de-llobregat\/wp-json\/wp\/v2\/pages\/3140","targetHints":{"allow":["GET"]}}],"collection":[{"href":"https:\/\/ccoo.app\/ajuntament-sant-boi-de-llobregat\/wp-json\/wp\/v2\/pages"}],"about":[{"href":"https:\/\/ccoo.app\/ajuntament-sant-boi-de-llobregat\/wp-json\/wp\/v2\/types\/page"}],"author":[{"embeddable":true,"href":"https:\/\/ccoo.app\/ajuntament-sant-boi-de-llobregat\/wp-json\/wp\/v2\/users\/97111"}],"replies":[{"embeddable":true,"href":"https:\/\/ccoo.app\/ajuntament-sant-boi-de-llobregat\/wp-json\/wp\/v2\/comments?post=3140"}],"version-history":[{"count":4,"href":"https:\/\/ccoo.app\/ajuntament-sant-boi-de-llobregat\/wp-json\/wp\/v2\/pages\/3140\/revisions"}],"predecessor-version":[{"id":3828,"href":"https:\/\/ccoo.app\/ajuntament-sant-boi-de-llobregat\/wp-json\/wp\/v2\/pages\/3140\/revisions\/3828"}],"wp:attachment":[{"href":"https:\/\/ccoo.app\/ajuntament-sant-boi-de-llobregat\/wp-json\/wp\/v2\/media?parent=3140"}],"curies":[{"name":"wp","href":"https:\/\/api.w.org\/{rel}","templated":true}]}}