{"id":3012,"date":"2024-04-30T17:05:54","date_gmt":"2024-04-30T15:05:54","guid":{"rendered":"https:\/\/ccoo.app\/ajuntament-de-granollers\/?page_id=3012"},"modified":"2026-03-05T14:27:14","modified_gmt":"2026-03-05T13:27:14","slug":"igualtat","status":"publish","type":"page","link":"https:\/\/ccoo.app\/ajuntament-de-granollers\/igualtat\/","title":{"rendered":"Igualtat"},"content":{"rendered":"<div class=\"wp-block-image\">\n<figure class=\"aligncenter size-full\"><img loading=\"lazy\" decoding=\"async\" width=\"597\" height=\"336\" src=\"http:\/\/ccoo.app\/ajuntament-de-granollers\/wp-content\/blogs.dir\/6\/files\/sites\/209\/2024\/04\/delacroix.png\" alt=\"\" class=\"wp-image-3014\" srcset=\"https:\/\/ccoo.app\/ajuntament-de-granollers\/wp-content\/blogs.dir\/6\/files\/sites\/209\/2024\/04\/delacroix.png 597w, https:\/\/ccoo.app\/ajuntament-de-granollers\/wp-content\/blogs.dir\/6\/files\/sites\/209\/2024\/04\/delacroix-300x169.png 300w\" sizes=\"auto, (max-width: 597px) 100vw, 597px\" \/><\/figure>\n<\/div>\n\n\n<p>Al 12\u00e8 Congr\u00e8s de CCOO de Catalunya ens vam declarar <strong>sindicat feminista<\/strong>, de dones i homes. Comissions Obreres volem fer del feminisme el motor necessari per la construcci\u00f3 d\u2019un m\u00f3n m\u00e9s just, igualitari i lliure de viol\u00e8ncies, a la feina i a tot arreu. El sindicat es compromet a defensar la igualtat d\u2019oportunitats entre dones i homes, a treballar per eliminar qualsevol tipus de discriminaci\u00f3, directa o indirecta, per ra\u00f3 de g\u00e8nere en l\u2019\u00e0mbit laboral i a avan\u00e7ar cap a la paritat en els \u00f2rgans de direcci\u00f3.<\/p>\n\n\n\n<div class=\"wp-block-columns is-layout-flex wp-container-core-columns-is-layout-9d6595d7 wp-block-columns-is-layout-flex\">\n<div class=\"wp-block-column is-layout-flow wp-block-column-is-layout-flow\">\n<h2 class=\"wp-block-heading\"><strong>Guies<\/strong><\/h2>\n\n\n\n<div style=\"height:25px\" aria-hidden=\"true\" class=\"wp-block-spacer\"><\/div>\n\n\n\n<ul class=\"wp-block-list\">\n<li class=\"has-medium-font-size\" style=\"text-decoration:underline\"><a href=\"https:\/\/www.ccoo.cat\/noticies\/portes-violetes\/\" class=\"ek-link\"><strong>Portes violetes<\/strong><\/a><\/li>\n\n\n\n<li class=\"has-medium-font-size\" style=\"text-decoration:underline\"><a href=\"https:\/\/www.ccoo.cat\/noticies\/plans-digualtat-a-les-empreses\/\" class=\"ek-link\"><strong>Guia sobre plans d\u2019igualtat a les empreses<\/strong><\/a><\/li>\n\n\n\n<li class=\"has-medium-font-size\" style=\"text-decoration:underline\"><a href=\"http:\/\/ccoo.app\/ajuntament-de-granollers\/wp-content\/blogs.dir\/6\/files\/sites\/209\/2026\/03\/triptic-permisos-conciliacio.pdf\" data-type=\"link\" data-id=\"http:\/\/ccoo.app\/ajuntament-de-granollers\/wp-content\/blogs.dir\/6\/files\/sites\/209\/2026\/03\/triptic-permisos-conciliacio.pdf\"><strong>Tr\u00edptic sobre permisos de conciliaci\u00f3 familiar, personal i laboral<\/strong><\/a><\/li>\n\n\n\n<li class=\"has-medium-font-size\" style=\"text-decoration:underline\"><strong><a href=\"http:\/\/ccoo.app\/ajuntament-de-granollers\/wp-content\/blogs.dir\/6\/files\/sites\/209\/2026\/03\/guia-drets-laborals-victimes-de-violencia-de-genere.pdf\" data-type=\"link\" data-id=\"http:\/\/ccoo.app\/ajuntament-de-granollers\/wp-content\/blogs.dir\/6\/files\/sites\/209\/2026\/03\/guia-drets-laborals-victimes-de-violencia-de-genere.pdf\">Guia de drets laborals per a dones victimes de viol\u00e8ncia de g\u00e8nere<\/a><\/strong><\/li>\n<\/ul>\n\n\n\n<div style=\"height:25px\" aria-hidden=\"true\" class=\"wp-block-spacer\"><\/div>\n\n\n\n<h2 class=\"wp-block-heading\"><strong>Revistes violetes<\/strong><\/h2>\n\n\n\n<div style=\"height:22px\" aria-hidden=\"true\" class=\"wp-block-spacer\"><\/div>\n<\/div>\n<\/div>\n\n\n<div class=\"gb-container gb-container-274aca60\">\n\n<div class=\"wp-block-columns is-layout-flex wp-container-core-columns-is-layout-9d6595d7 wp-block-columns-is-layout-flex\">\n<div class=\"wp-block-column is-vertically-aligned-center is-layout-flow wp-block-column-is-layout-flow\"><div class=\"gb-container gb-container-1641aeeb\">\n\n<h2 class=\"wp-block-heading has-text-align-center\"><a href=\"https:\/\/www.ccoo.cat\/publicacions\/?_sft_collection=treballadora\" target=\"_blank\" aria-label=\" (opens in a new tab)\" rel=\"noreferrer noopener\" class=\"ek-link\">Revista Treballadora<\/a><\/h2>\n\n<\/div><\/div>\n\n\n\n<div class=\"wp-block-column is-layout-flow wp-block-column-is-layout-flow\"><div class=\"gb-container gb-container-749f61f6\">\n\n<h2 class=\"wp-block-heading has-text-align-center\"><a aria-label=\" (opens in a new tab)\" href=\"https:\/\/www.ccoo.es\/Publicaciones%C2%B7y_documentos\/Publicaciones_de_las_secretar%C3%ADas\/Mujeres_e_Igualdad\/Revista_Trabajadora\" target=\"_blank\" rel=\"noreferrer noopener\" class=\"ek-link\">Revista Trabajadora<\/a><\/h2>\n\n<\/div><\/div>\n<\/div>\n\n<\/div>\n\n\n<div style=\"height:41px\" aria-hidden=\"true\" class=\"wp-block-spacer\"><\/div>\n\n\n\n<h2 class=\"wp-block-heading\"><strong>\u00daltimes not\u00edcies <\/strong><\/h2>\n\n\n\n<div style=\"height:41px\" aria-hidden=\"true\" class=\"wp-block-spacer\"><\/div>\n\n\n<ul class=\"wp-block-latest-posts__list is-grid columns-2 aligncenter wp-block-latest-posts\"><li><div class=\"wp-block-latest-posts__featured-image\"><a href=\"https:\/\/ccoo.app\/ajuntament-de-granollers\/8-de-marc-corresponsabilitat-i-igualtat-laboral\/\" aria-label=\"Dia Internacional de les Dones Treballadores 2026\"><img loading=\"lazy\" decoding=\"async\" width=\"150\" height=\"150\" src=\"https:\/\/ccoo.app\/ajuntament-de-granollers\/wp-content\/blogs.dir\/6\/files\/sites\/209\/2026\/03\/cartell-dia-dona-treballadora-2026-150x150.png\" class=\"attachment-thumbnail size-thumbnail wp-post-image\" alt=\"\" style=\"\" \/><\/a><\/div><a class=\"wp-block-latest-posts__post-title\" href=\"https:\/\/ccoo.app\/ajuntament-de-granollers\/8-de-marc-corresponsabilitat-i-igualtat-laboral\/\">Dia Internacional de les Dones Treballadores 2026<\/a><div class=\"wp-block-latest-posts__post-excerpt\">Ni p\u00fabliques ni privades: dones lliures d\u2019opressi\u00f3 Davant l\u2019embat reaccionari actual, que fa emergir l\u2019ombra d\u2019un retroc\u00e9s de drets, hem de llan\u00e7ar una mirada retrospectiva als or\u00edgens d\u2019aquestes posicions. Saber d\u2019on venim ajuda a no repetir els errors passats i a albirar que el que ara es vesteix de tend\u00e8ncia o tradici\u00f3, i de lliure &#8230; <a title=\"Dia Internacional de les Dones Treballadores 2026\" class=\"read-more\" href=\"https:\/\/ccoo.app\/ajuntament-de-granollers\/8-de-marc-corresponsabilitat-i-igualtat-laboral\/\" aria-label=\"Leer m\u00e1s sobre Dia Internacional de les Dones Treballadores 2026\">Llegir m\u00e9s<\/a><\/div><\/li>\n<\/ul>","protected":false},"excerpt":{"rendered":"<p>Al 12\u00e8 Congr\u00e8s de CCOO de Catalunya ens vam declarar sindicat feminista, de dones i homes. Comissions Obreres volem fer del feminisme el motor necessari per la construcci\u00f3 d\u2019un m\u00f3n &#8230; <a title=\"Igualtat\" class=\"read-more\" href=\"https:\/\/ccoo.app\/ajuntament-de-granollers\/igualtat\/\" aria-label=\"Leer m\u00e1s sobre Igualtat\">Llegir m\u00e9s<\/a><\/p>\n","protected":false},"author":4519,"featured_media":0,"parent":0,"menu_order":0,"comment_status":"closed","ping_status":"closed","template":"","meta":{"footnotes":""},"class_list":["post-3012","page","type-page","status-publish"],"_links":{"self":[{"href":"https:\/\/ccoo.app\/ajuntament-de-granollers\/wp-json\/wp\/v2\/pages\/3012","targetHints":{"allow":["GET"]}}],"collection":[{"href":"https:\/\/ccoo.app\/ajuntament-de-granollers\/wp-json\/wp\/v2\/pages"}],"about":[{"href":"https:\/\/ccoo.app\/ajuntament-de-granollers\/wp-json\/wp\/v2\/types\/page"}],"author":[{"embeddable":true,"href":"https:\/\/ccoo.app\/ajuntament-de-granollers\/wp-json\/wp\/v2\/users\/4519"}],"replies":[{"embeddable":true,"href":"https:\/\/ccoo.app\/ajuntament-de-granollers\/wp-json\/wp\/v2\/comments?post=3012"}],"version-history":[{"count":5,"href":"https:\/\/ccoo.app\/ajuntament-de-granollers\/wp-json\/wp\/v2\/pages\/3012\/revisions"}],"predecessor-version":[{"id":6179,"href":"https:\/\/ccoo.app\/ajuntament-de-granollers\/wp-json\/wp\/v2\/pages\/3012\/revisions\/6179"}],"wp:attachment":[{"href":"https:\/\/ccoo.app\/ajuntament-de-granollers\/wp-json\/wp\/v2\/media?parent=3012"}],"curies":[{"name":"wp","href":"https:\/\/api.w.org\/{rel}","templated":true}]}}