{"id":2992,"date":"2024-04-24T10:22:14","date_gmt":"2024-04-24T08:22:14","guid":{"rendered":"https:\/\/ccoo.app\/ajuntament-de-granollers\/?page_id=2992"},"modified":"2024-04-30T10:46:41","modified_gmt":"2024-04-30T08:46:41","slug":"les-nostres-propostes-2022-26","status":"publish","type":"page","link":"https:\/\/ccoo.app\/ajuntament-de-granollers\/les-nostres-propostes-2022-26\/","title":{"rendered":"Les nostres propostes 2022-2026"},"content":{"rendered":"\n<div style=\"height:46px\" aria-hidden=\"true\" class=\"wp-block-spacer\"><\/div>\n\n\n\n<h2 class=\"wp-block-heading\"><strong>Recuperar el poder adquisitiu i millorar condicions de treball<\/strong><\/h2>\n\n\n\n<div style=\"height:58px\" aria-hidden=\"true\" class=\"wp-block-spacer\"><\/div>\n\n\n\n<div class=\"wp-block-columns are-vertically-aligned-center is-layout-flex wp-container-core-columns-is-layout-9d6595d7 wp-block-columns-is-layout-flex\">\n<div class=\"wp-block-column is-vertically-aligned-center is-layout-flow wp-block-column-is-layout-flow\" style=\"flex-basis:33.33%\">\n<figure class=\"wp-block-image alignwide size-full\"><img loading=\"lazy\" decoding=\"async\" width=\"1000\" height=\"1000\" src=\"https:\/\/ccoo.app\/ajuntament-de-granollers\/wp-content\/blogs.dir\/6\/files\/sites\/209\/2024\/04\/104049.jpg\" alt=\"\" class=\"wp-image-3006\" srcset=\"https:\/\/ccoo.app\/ajuntament-de-granollers\/wp-content\/blogs.dir\/6\/files\/sites\/209\/2024\/04\/104049.jpg 1000w, https:\/\/ccoo.app\/ajuntament-de-granollers\/wp-content\/blogs.dir\/6\/files\/sites\/209\/2024\/04\/104049-300x300.jpg 300w, https:\/\/ccoo.app\/ajuntament-de-granollers\/wp-content\/blogs.dir\/6\/files\/sites\/209\/2024\/04\/104049-150x150.jpg 150w, https:\/\/ccoo.app\/ajuntament-de-granollers\/wp-content\/blogs.dir\/6\/files\/sites\/209\/2024\/04\/104049-768x768.jpg 768w\" sizes=\"auto, (max-width: 1000px) 100vw, 1000px\" \/><\/figure>\n<\/div>\n\n\n\n<div class=\"wp-block-column is-vertically-aligned-center is-layout-flow wp-block-column-is-layout-flow\" style=\"flex-basis:66.66%\">\n<ul class=\"wp-block-list\">\n<li><strong>Implantaci\u00f3 i aplicaci\u00f3 de la carrera professional horitzontal i millora de la productivitat<\/strong><\/li>\n<\/ul>\n\n\n\n<ol class=\"wp-block-list\">\n<li>Treballarem per tancar un acord econ\u00f2mic que superi la millora de&nbsp; poder adquisitiu acordat a nivell estatal per als pr\u00f2xims 2 anys.<\/li>\n\n\n\n<li>Implantar un sistema de carrera professional, que valori l\u2019expertesa adquirida en els nostres llocs de treball gr\u00e0cies a la implicaci\u00f3, formaci\u00f3 i comprom\u00eds amb la ciutadania i l\u2019organitzaci\u00f3.<\/li>\n\n\n\n<li>Lluitarem per ampliar els col\u00b7lectius i llocs de treball de categoria B, i ho farem tan a dins l\u2019Ajuntament com a escala nacional.<\/li>\n\n\n\n<li>Tamb\u00e9 millorarem la paga de productivitat en la negociaci\u00f3 del nou conveni.<\/li>\n<\/ol>\n<\/div>\n<\/div>\n\n\n\n<div class=\"wp-block-columns is-layout-flex wp-container-core-columns-is-layout-9d6595d7 wp-block-columns-is-layout-flex\">\n<div class=\"wp-block-column is-layout-flow wp-block-column-is-layout-flow\" style=\"flex-basis:66.66%\">\n<ul class=\"wp-block-list\">\n<li><strong>Regulaci\u00f3 del teletreball i flexibilitat hor\u00e0ria<\/strong><\/li>\n<\/ul>\n\n\n\n<p>Les condicions socials i tecnol\u00f2giques estan canviant, cada cop els treballadors i treballadores tenim m\u00e9s c\u00e0rregues familiars (gent gran, dependents, fills,..) i necessitem flexibilitat per poder-hi respondre, per\u00f2 cal restringir el m\u00e0xim els horaris de plena disponibilitat laboral.&nbsp;<\/p>\n\n\n\n<ol class=\"wp-block-list\">\n<li>Modernitzarem i actualitzarem els horaris laborals.<\/li>\n\n\n\n<li>Negociarem la regulaci\u00f3 del teletreball a l\u2019Ajuntament&nbsp; per acollir-s\u2019hi volunt\u00e0riament i garantint la desconnexi\u00f3 digital.<\/li>\n<\/ol>\n<\/div>\n\n\n\n<div class=\"wp-block-column is-layout-flow wp-block-column-is-layout-flow\" style=\"flex-basis:33.33%\">\n<figure class=\"wp-block-image size-full is-resized\"><img loading=\"lazy\" decoding=\"async\" width=\"1000\" height=\"667\" src=\"https:\/\/ccoo.app\/ajuntament-de-granollers\/wp-content\/blogs.dir\/6\/files\/sites\/209\/2024\/04\/2150533069.jpg\" alt=\"\" class=\"wp-image-3008\" style=\"aspect-ratio:1;object-fit:cover;width:316px;height:auto\" srcset=\"https:\/\/ccoo.app\/ajuntament-de-granollers\/wp-content\/blogs.dir\/6\/files\/sites\/209\/2024\/04\/2150533069.jpg 1000w, https:\/\/ccoo.app\/ajuntament-de-granollers\/wp-content\/blogs.dir\/6\/files\/sites\/209\/2024\/04\/2150533069-300x200.jpg 300w, https:\/\/ccoo.app\/ajuntament-de-granollers\/wp-content\/blogs.dir\/6\/files\/sites\/209\/2024\/04\/2150533069-768x512.jpg 768w\" sizes=\"auto, (max-width: 1000px) 100vw, 1000px\" \/><\/figure>\n<\/div>\n<\/div>\n\n\n\n<ul class=\"wp-block-list\">\n<li><strong>Assegurar la implantaci\u00f3 dels plans d\u2019igualtat i mobilitat.<\/strong><\/li>\n<\/ul>\n\n\n\n<p>Incorporar al conveni les mesures que es proposen en els diversos plans de mobilitat, igualtat i assetjament per asegurar que no queden en el document i prou. Impulsar la convocatoria de reunions de seguiment de cada pla.<\/p>\n\n\n\n<ul class=\"wp-block-list\">\n<li><strong>Millor regulaci\u00f3 i potenciaci\u00f3 de les promocions internes<\/strong>.<\/li>\n<\/ul>\n\n\n\n<p>Cal disposar d\u2019un sistema de promoci\u00f3 interna que tinguin en compte a tots les treballadores i els treballadors i establir bases clares, objectives i que siguin iguals per a totes les promocions.<strong> Tamb\u00e9 proposarem la creaci\u00f3 d\u2019una borsa interna per a promocions a c\u00e0rrecs intermitjos.<\/strong><\/p>\n\n\n\n<ul class=\"wp-block-list\">\n<li><strong>Jornades de 4 dies i horaris de menys de 35 hores<\/strong>.<\/li>\n<\/ul>\n\n\n\n<p>Ens comprometem a comen\u00e7ar a treballar, tan a dins l\u2019ajuntament com a nivell nacional, les propostes i la lluita per aconseguir jornades de 4 dies i horaris de menys de 35h, reclamarem proves&nbsp; pilot i estudis.<\/p>\n\n\n\n<ul class=\"wp-block-list\">\n<li><strong>Defensa de tots els col\u00b7lectius <\/strong><\/li>\n<\/ul>\n\n\n\n<p>La secci\u00f3 sindical i els delegats de CCOO treballem per a tots els treballadors p\u00fablics de l\u2019Ajuntament, siguin del servei que siguin, i lluitem tan a dins de l\u2019ajuntament com a fora. Per aix\u00f2 volem refor\u00e7ar la secci\u00f3 sindical i poder visitar un cop l\u2019any a tots els col\u00b7lectius i centres de treball per recollir les necessitats que ens comuniqueu.<\/p>\n\n\n\n<h2 class=\"wp-block-heading\"><strong>Transpar\u00e8ncia i comunicaci\u00f3<\/strong><\/h2>\n\n\n\n<div style=\"height:51px\" aria-hidden=\"true\" class=\"wp-block-spacer\"><\/div>\n\n\n\n<div class=\"wp-block-columns is-layout-flex wp-container-core-columns-is-layout-9d6595d7 wp-block-columns-is-layout-flex\">\n<div class=\"wp-block-column is-layout-flow wp-block-column-is-layout-flow\" style=\"flex-basis:33.33%\">\n<figure class=\"wp-block-image size-full\"><img loading=\"lazy\" decoding=\"async\" width=\"1000\" height=\"1000\" src=\"https:\/\/ccoo.app\/ajuntament-de-granollers\/wp-content\/blogs.dir\/6\/files\/sites\/209\/2024\/04\/2148568141.jpg\" alt=\"\" class=\"wp-image-3009\" style=\"aspect-ratio:1;object-fit:cover\" srcset=\"https:\/\/ccoo.app\/ajuntament-de-granollers\/wp-content\/blogs.dir\/6\/files\/sites\/209\/2024\/04\/2148568141.jpg 1000w, https:\/\/ccoo.app\/ajuntament-de-granollers\/wp-content\/blogs.dir\/6\/files\/sites\/209\/2024\/04\/2148568141-300x300.jpg 300w, https:\/\/ccoo.app\/ajuntament-de-granollers\/wp-content\/blogs.dir\/6\/files\/sites\/209\/2024\/04\/2148568141-150x150.jpg 150w, https:\/\/ccoo.app\/ajuntament-de-granollers\/wp-content\/blogs.dir\/6\/files\/sites\/209\/2024\/04\/2148568141-768x768.jpg 768w\" sizes=\"auto, (max-width: 1000px) 100vw, 1000px\" \/><\/figure>\n<\/div>\n\n\n\n<div class=\"wp-block-column is-layout-flow wp-block-column-is-layout-flow\" style=\"flex-basis:66.66%\">\n<p><\/p>\n\n\n\n<ol class=\"wp-block-list\">\n<li>Pensem que el millor exercici de transpar\u00e8ncia d&#8217;una organitzaci\u00f3 \u00e9s mantenir a la plantilla sempre informada de tot all\u00f2 que els hi afecta laboralment. Per aix\u00f2 en aquesta web podr\u00e0s estar informat de totes les novetats.<\/li>\n\n\n\n<li>La secci\u00f3 sindical de CCOO crear\u00e0 un butllet\u00ed mensual per informar de les reunions i estat de cadascun dels temes rellevants per la plantilla de l\u2019ajuntament.<\/li>\n<\/ol>\n<\/div>\n<\/div>\n","protected":false},"excerpt":{"rendered":"<p>Recuperar el poder adquisitiu i millorar condicions de treball Les condicions socials i tecnol\u00f2giques estan canviant, cada cop els treballadors i treballadores tenim m\u00e9s c\u00e0rregues familiars (gent gran, dependents, fills,..) &#8230; <a title=\"Les nostres propostes 2022-2026\" class=\"read-more\" href=\"https:\/\/ccoo.app\/ajuntament-de-granollers\/les-nostres-propostes-2022-26\/\" aria-label=\"Leer m\u00e1s sobre Les nostres propostes 2022-2026\">Llegir m\u00e9s<\/a><\/p>\n","protected":false},"author":4519,"featured_media":0,"parent":0,"menu_order":0,"comment_status":"closed","ping_status":"closed","template":"","meta":{"footnotes":""},"class_list":["post-2992","page","type-page","status-publish"],"_links":{"self":[{"href":"https:\/\/ccoo.app\/ajuntament-de-granollers\/wp-json\/wp\/v2\/pages\/2992","targetHints":{"allow":["GET"]}}],"collection":[{"href":"https:\/\/ccoo.app\/ajuntament-de-granollers\/wp-json\/wp\/v2\/pages"}],"about":[{"href":"https:\/\/ccoo.app\/ajuntament-de-granollers\/wp-json\/wp\/v2\/types\/page"}],"author":[{"embeddable":true,"href":"https:\/\/ccoo.app\/ajuntament-de-granollers\/wp-json\/wp\/v2\/users\/4519"}],"replies":[{"embeddable":true,"href":"https:\/\/ccoo.app\/ajuntament-de-granollers\/wp-json\/wp\/v2\/comments?post=2992"}],"version-history":[{"count":3,"href":"https:\/\/ccoo.app\/ajuntament-de-granollers\/wp-json\/wp\/v2\/pages\/2992\/revisions"}],"predecessor-version":[{"id":3011,"href":"https:\/\/ccoo.app\/ajuntament-de-granollers\/wp-json\/wp\/v2\/pages\/2992\/revisions\/3011"}],"wp:attachment":[{"href":"https:\/\/ccoo.app\/ajuntament-de-granollers\/wp-json\/wp\/v2\/media?parent=2992"}],"curies":[{"name":"wp","href":"https:\/\/api.w.org\/{rel}","templated":true}]}}

<div style="height:46px" aria-hidden="true" class="wp-block-spacer"></div>



<h2 class="wp-block-heading"><strong>Recuperar el poder adquisitiu i millorar condicions de treball</strong></h2>



<div style="height:58px" aria-hidden="true" class="wp-block-spacer"></div>



<div class="wp-block-columns are-vertically-aligned-center is-layout-flex wp-container-core-columns-is-layout-9d6595d7 wp-block-columns-is-layout-flex">
<div class="wp-block-column is-vertically-aligned-center is-layout-flow wp-block-column-is-layout-flow" style="flex-basis:33.33%">
<figure class="wp-block-image alignwide size-full"><img loading="lazy" decoding="async" width="1000" height="1000" src="https://ccoo.app/ajuntament-de-granollers/wp-content/blogs.dir/6/files/sites/209/2024/04/104049.jpg" alt="" class="wp-image-3006" srcset="https://ccoo.app/ajuntament-de-granollers/wp-content/blogs.dir/6/files/sites/209/2024/04/104049.jpg 1000w, https://ccoo.app/ajuntament-de-granollers/wp-content/blogs.dir/6/files/sites/209/2024/04/104049-300x300.jpg 300w, https://ccoo.app/ajuntament-de-granollers/wp-content/blogs.dir/6/files/sites/209/2024/04/104049-150x150.jpg 150w, https://ccoo.app/ajuntament-de-granollers/wp-content/blogs.dir/6/files/sites/209/2024/04/104049-768x768.jpg 768w" sizes="auto, (max-width: 1000px) 100vw, 1000px" /></figure>
</div>



<div class="wp-block-column is-vertically-aligned-center is-layout-flow wp-block-column-is-layout-flow" style="flex-basis:66.66%">
<ul class="wp-block-list">
<li><strong>Implantació i aplicació de la carrera professional horitzontal i millora de la productivitat</strong></li>
</ul>



<ol class="wp-block-list">
<li>Treballarem per tancar un acord econòmic que superi la millora de&nbsp; poder adquisitiu acordat a nivell estatal per als pròxims 2 anys.</li>



<li>Implantar un sistema de carrera professional, que valori l’expertesa adquirida en els nostres llocs de treball gràcies a la implicació, formació i compromís amb la ciutadania i l’organització.</li>



<li>Lluitarem per ampliar els col·lectius i llocs de treball de categoria B, i ho farem tan a dins l’Ajuntament com a escala nacional.</li>



<li>També millorarem la paga de productivitat en la negociació del nou conveni.</li>
</ol>
</div>
</div>



<div class="wp-block-columns is-layout-flex wp-container-core-columns-is-layout-9d6595d7 wp-block-columns-is-layout-flex">
<div class="wp-block-column is-layout-flow wp-block-column-is-layout-flow" style="flex-basis:66.66%">
<ul class="wp-block-list">
<li><strong>Regulació del teletreball i flexibilitat horària</strong></li>
</ul>



<p>Les condicions socials i tecnològiques estan canviant, cada cop els treballadors i treballadores tenim més càrregues familiars (gent gran, dependents, fills,..) i necessitem flexibilitat per poder-hi respondre, però cal restringir el màxim els horaris de plena disponibilitat laboral.&nbsp;</p>



<ol class="wp-block-list">
<li>Modernitzarem i actualitzarem els horaris laborals.</li>



<li>Negociarem la regulació del teletreball a l’Ajuntament&nbsp; per acollir-s’hi voluntàriament i garantint la desconnexió digital.</li>
</ol>
</div>



<div class="wp-block-column is-layout-flow wp-block-column-is-layout-flow" style="flex-basis:33.33%">
<figure class="wp-block-image size-full is-resized"><img loading="lazy" decoding="async" width="1000" height="667" src="https://ccoo.app/ajuntament-de-granollers/wp-content/blogs.dir/6/files/sites/209/2024/04/2150533069.jpg" alt="" class="wp-image-3008" style="aspect-ratio:1;object-fit:cover;width:316px;height:auto" srcset="https://ccoo.app/ajuntament-de-granollers/wp-content/blogs.dir/6/files/sites/209/2024/04/2150533069.jpg 1000w, https://ccoo.app/ajuntament-de-granollers/wp-content/blogs.dir/6/files/sites/209/2024/04/2150533069-300x200.jpg 300w, https://ccoo.app/ajuntament-de-granollers/wp-content/blogs.dir/6/files/sites/209/2024/04/2150533069-768x512.jpg 768w" sizes="auto, (max-width: 1000px) 100vw, 1000px" /></figure>
</div>
</div>



<ul class="wp-block-list">
<li><strong>Assegurar la implantació dels plans d’igualtat i mobilitat.</strong></li>
</ul>



<p>Incorporar al conveni les mesures que es proposen en els diversos plans de mobilitat, igualtat i assetjament per asegurar que no queden en el document i prou. Impulsar la convocatoria de reunions de seguiment de cada pla.</p>



<ul class="wp-block-list">
<li><strong>Millor regulació i potenciació de les promocions internes</strong>.</li>
</ul>



<p>Cal disposar d’un sistema de promoció interna que tinguin en compte a tots les treballadores i els treballadors i establir bases clares, objectives i que siguin iguals per a totes les promocions.<strong> També proposarem la creació d’una borsa interna per a promocions a càrrecs intermitjos.</strong></p>



<ul class="wp-block-list">
<li><strong>Jornades de 4 dies i horaris de menys de 35 hores</strong>.</li>
</ul>



<p>Ens comprometem a començar a treballar, tan a dins l’ajuntament com a nivell nacional, les propostes i la lluita per aconseguir jornades de 4 dies i horaris de menys de 35h, reclamarem proves&nbsp; pilot i estudis.</p>



<ul class="wp-block-list">
<li><strong>Defensa de tots els col·lectius </strong></li>
</ul>



<p>La secció sindical i els delegats de CCOO treballem per a tots els treballadors públics de l’Ajuntament, siguin del servei que siguin, i lluitem tan a dins de l’ajuntament com a fora. Per això volem reforçar la secció sindical i poder visitar un cop l’any a tots els col·lectius i centres de treball per recollir les necessitats que ens comuniqueu.</p>



<h2 class="wp-block-heading"><strong>Transparència i comunicació</strong></h2>



<div style="height:51px" aria-hidden="true" class="wp-block-spacer"></div>



<div class="wp-block-columns is-layout-flex wp-container-core-columns-is-layout-9d6595d7 wp-block-columns-is-layout-flex">
<div class="wp-block-column is-layout-flow wp-block-column-is-layout-flow" style="flex-basis:33.33%">
<figure class="wp-block-image size-full"><img loading="lazy" decoding="async" width="1000" height="1000" src="https://ccoo.app/ajuntament-de-granollers/wp-content/blogs.dir/6/files/sites/209/2024/04/2148568141.jpg" alt="" class="wp-image-3009" style="aspect-ratio:1;object-fit:cover" srcset="https://ccoo.app/ajuntament-de-granollers/wp-content/blogs.dir/6/files/sites/209/2024/04/2148568141.jpg 1000w, https://ccoo.app/ajuntament-de-granollers/wp-content/blogs.dir/6/files/sites/209/2024/04/2148568141-300x300.jpg 300w, https://ccoo.app/ajuntament-de-granollers/wp-content/blogs.dir/6/files/sites/209/2024/04/2148568141-150x150.jpg 150w, https://ccoo.app/ajuntament-de-granollers/wp-content/blogs.dir/6/files/sites/209/2024/04/2148568141-768x768.jpg 768w" sizes="auto, (max-width: 1000px) 100vw, 1000px" /></figure>
</div>



<div class="wp-block-column is-layout-flow wp-block-column-is-layout-flow" style="flex-basis:66.66%">
<p></p>



<ol class="wp-block-list">
<li>Pensem que el millor exercici de transparència d&#8217;una organització és mantenir a la plantilla sempre informada de tot allò que els hi afecta laboralment. Per això en aquesta web podràs estar informat de totes les novetats.</li>



<li>La secció sindical de CCOO crearà un butlletí mensual per informar de les reunions i estat de cadascun dels temes rellevants per la plantilla de l’ajuntament.</li>
</ol>
</div>
</div>

<p>Recuperar el poder adquisitiu i millorar condicions de treball Les condicions socials i tecnològiques estan canviant, cada cop els treballadors i treballadores tenim més càrregues familiars (gent gran, dependents, fills,..) &#8230; <a title="Les nostres propostes 2022-2026" class="read-more" href="https://ccoo.app/ajuntament-de-granollers/les-nostres-propostes-2022-26/" aria-label="Leer más sobre Les nostres propostes 2022-2026">Llegir més</a></p>
