{"id":2828,"date":"2023-05-24T11:29:32","date_gmt":"2023-05-24T09:29:32","guid":{"rendered":"https:\/\/ccoo.app\/ajuntament-de-granollers\/?page_id=2828"},"modified":"2024-05-02T11:31:33","modified_gmt":"2024-05-02T09:31:33","slug":"delegats-des-de-prevencio","status":"publish","type":"page","link":"https:\/\/ccoo.app\/ajuntament-de-granollers\/delegats-des-de-prevencio\/","title":{"rendered":"Delegats\/des de Prevenci\u00f3"},"content":{"rendered":"\n<div class=\"wp-block-columns is-layout-flex wp-container-core-columns-is-layout-9d6595d7 wp-block-columns-is-layout-flex\">\n<div class=\"wp-block-column is-layout-flow wp-block-column-is-layout-flow\" style=\"flex-basis:33.33%\">\n<figure class=\"wp-block-image size-full is-resized is-style-rounded\"><img loading=\"lazy\" decoding=\"async\" width=\"866\" height=\"813\" src=\"http:\/\/ccoo.app\/ajuntament-de-granollers\/wp-content\/blogs.dir\/6\/files\/sites\/209\/2024\/04\/Rafa-rotated-e1713882651541.jpg\" alt=\"\" class=\"wp-image-2952\" style=\"aspect-ratio:1;object-fit:cover;width:232px\" srcset=\"https:\/\/ccoo.app\/ajuntament-de-granollers\/wp-content\/blogs.dir\/6\/files\/sites\/209\/2024\/04\/Rafa-rotated-e1713882651541.jpg 866w, https:\/\/ccoo.app\/ajuntament-de-granollers\/wp-content\/blogs.dir\/6\/files\/sites\/209\/2024\/04\/Rafa-rotated-e1713882651541-300x282.jpg 300w, https:\/\/ccoo.app\/ajuntament-de-granollers\/wp-content\/blogs.dir\/6\/files\/sites\/209\/2024\/04\/Rafa-rotated-e1713882651541-768x721.jpg 768w\" sizes=\"auto, (max-width: 866px) 100vw, 866px\" \/><\/figure>\n<\/div>\n\n\n\n<div class=\"wp-block-column is-layout-flow wp-block-column-is-layout-flow\" style=\"flex-basis:66.66%\">\n<h2 class=\"wp-block-heading\">Delegat<\/h2>\n\n\n<div class=\"gb-container gb-container-1348cbe8\">\n\n<p><strong>Rafael Mart\u00edn <\/strong><\/p>\n\n<\/div>\n\n\n<p>Treballa com a X\u00f2fer de cami\u00f3 a transports de la (UOS) i \u00e9s nova incorporaci\u00f3 com a delegat de la secci\u00f3 sindical CCOO (de la que porta molts anys afiliat), Personal (funcionari) de l\u2019ajuntament de Granollers.<\/p>\n\n\n\n<p><em>Forma part de la Comissi\u00f3 de Valoraci\u00f3 de Llocs de Treballs i la Comissi\u00f3 de Prevenci\u00f3 de riscos laborals.<\/em><\/p>\n<\/div>\n<\/div>\n\n\n\n<p><\/p>\n","protected":false},"excerpt":{"rendered":"<p>Delegat Rafael Mart\u00edn Treballa com a X\u00f2fer de cami\u00f3 a transports de la (UOS) i \u00e9s nova incorporaci\u00f3 com a delegat de la secci\u00f3 sindical CCOO (de la que porta &#8230; <a title=\"Delegats\/des de Prevenci\u00f3\" class=\"read-more\" href=\"https:\/\/ccoo.app\/ajuntament-de-granollers\/delegats-des-de-prevencio\/\" aria-label=\"Leer m\u00e1s sobre Delegats\/des de Prevenci\u00f3\">Llegir m\u00e9s<\/a><\/p>\n","protected":false},"author":4886,"featured_media":0,"parent":0,"menu_order":0,"comment_status":"closed","ping_status":"closed","template":"","meta":{"footnotes":""},"class_list":["post-2828","page","type-page","status-publish"],"_links":{"self":[{"href":"https:\/\/ccoo.app\/ajuntament-de-granollers\/wp-json\/wp\/v2\/pages\/2828","targetHints":{"allow":["GET"]}}],"collection":[{"href":"https:\/\/ccoo.app\/ajuntament-de-granollers\/wp-json\/wp\/v2\/pages"}],"about":[{"href":"https:\/\/ccoo.app\/ajuntament-de-granollers\/wp-json\/wp\/v2\/types\/page"}],"author":[{"embeddable":true,"href":"https:\/\/ccoo.app\/ajuntament-de-granollers\/wp-json\/wp\/v2\/users\/4886"}],"replies":[{"embeddable":true,"href":"https:\/\/ccoo.app\/ajuntament-de-granollers\/wp-json\/wp\/v2\/comments?post=2828"}],"version-history":[{"count":4,"href":"https:\/\/ccoo.app\/ajuntament-de-granollers\/wp-json\/wp\/v2\/pages\/2828\/revisions"}],"predecessor-version":[{"id":3051,"href":"https:\/\/ccoo.app\/ajuntament-de-granollers\/wp-json\/wp\/v2\/pages\/2828\/revisions\/3051"}],"wp:attachment":[{"href":"https:\/\/ccoo.app\/ajuntament-de-granollers\/wp-json\/wp\/v2\/media?parent=2828"}],"curies":[{"name":"wp","href":"https:\/\/api.w.org\/{rel}","templated":true}]}}

Delegats/des de Prevenció

<div class="wp-block-columns is-layout-flex wp-container-core-columns-is-layout-9d6595d7 wp-block-columns-is-layout-flex">
<div class="wp-block-column is-layout-flow wp-block-column-is-layout-flow" style="flex-basis:33.33%">
<figure class="wp-block-image size-full is-resized is-style-rounded"><img loading="lazy" decoding="async" width="866" height="813" src="http://ccoo.app/ajuntament-de-granollers/wp-content/blogs.dir/6/files/sites/209/2024/04/Rafa-rotated-e1713882651541.jpg" alt="" class="wp-image-2952" style="aspect-ratio:1;object-fit:cover;width:232px" srcset="https://ccoo.app/ajuntament-de-granollers/wp-content/blogs.dir/6/files/sites/209/2024/04/Rafa-rotated-e1713882651541.jpg 866w, https://ccoo.app/ajuntament-de-granollers/wp-content/blogs.dir/6/files/sites/209/2024/04/Rafa-rotated-e1713882651541-300x282.jpg 300w, https://ccoo.app/ajuntament-de-granollers/wp-content/blogs.dir/6/files/sites/209/2024/04/Rafa-rotated-e1713882651541-768x721.jpg 768w" sizes="auto, (max-width: 866px) 100vw, 866px" /></figure>
</div>



<div class="wp-block-column is-layout-flow wp-block-column-is-layout-flow" style="flex-basis:66.66%">
<h2 class="wp-block-heading">Delegat</h2>


<div class="gb-container gb-container-1348cbe8">

<p><strong>Rafael Martín </strong></p>

</div>


<p>Treballa com a Xòfer de camió a transports de la (UOS) i és nova incorporació com a delegat de la secció sindical CCOO (de la que porta molts anys afiliat), Personal (funcionari) de l’ajuntament de Granollers.</p>



<p><em>Forma part de la Comissió de Valoració de Llocs de Treballs i la Comissió de Prevenció de riscos laborals.</em></p>
</div>
</div>



<p></p>

<p>Delegat Rafael Martín Treballa com a Xòfer de camió a transports de la (UOS) i és nova incorporació com a delegat de la secció sindical CCOO (de la que porta &#8230; <a title="Delegats/des de Prevenció" class="read-more" href="https://ccoo.app/ajuntament-de-granollers/delegats-des-de-prevencio/" aria-label="Leer más sobre Delegats/des de Prevenció">Llegir més</a></p>
