{"id":9942,"date":"2023-02-27T11:44:45","date_gmt":"2023-02-27T10:44:45","guid":{"rendered":"https:\/\/ccoo.app\/aj-sabadell\/?page_id=9942"},"modified":"2023-02-28T14:52:19","modified_gmt":"2023-02-28T13:52:19","slug":"ccoo-surt-a-la-premsa","status":"publish","type":"page","link":"https:\/\/ccoo.app\/aj-sabadell\/sabies-que-2023\/ccoo-surt-a-la-premsa\/","title":{"rendered":"CCOO surt a la premsa:"},"content":{"rendered":"<div class=\"gb-grid-wrapper gb-grid-wrapper-0c6da4d1\">\n<div class=\"gb-grid-column gb-grid-column-b1aef0ff\"><div class=\"gb-container gb-container-b1aef0ff\">\n\n<figure class=\"wp-block-image size-large\"><a href=\"\u2018Menys fotos i m\u00e9s conveni\u2019, per \u00c0ngels N\u00fa\u00f1ez (CC.OO)\"><img decoding=\"async\" src=\"https:\/\/www.isabadell.cat\/wp-content\/uploads\/2023\/02\/230207-Seccio-sindical-CC.OO_.jpg\" alt=\"\" \/><\/a><\/figure>\n\n<\/div><\/div>\n\n<div class=\"gb-grid-column gb-grid-column-10efdfb6\"><div class=\"gb-container gb-container-10efdfb6\">\n\n<figure class=\"wp-block-image size-large\"><a href=\"https:\/\/www.isabadell.cat\/opinio\/carta-oberta-al-sr-lluis-matas-portaveu-del-grup-municipal-de-junts-per-sabadell-per-angels-nunez-cc-oo\/\"><img decoding=\"async\" src=\"https:\/\/www.isabadell.cat\/wp-content\/uploads\/2022\/11\/221110-Centre-civic-Gracia.jpg\" alt=\"\" \/><\/a><\/figure>\n\n\n\n<p><\/p>\n\n<\/div><\/div>\n\n<div class=\"gb-grid-column gb-grid-column-d9ff08b8\"><div class=\"gb-container gb-container-d9ff08b8\">\n\n<p><strong><a aria-label=\"\u2018Menys fotos i m\u00e9s conveni\u2019, per \u00c0ngels N\u00fa\u00f1ez (CC.OO), per \u00c0ngels N\u00fa\u00f1ez (CC.OO) (opens in a new tab)\" href=\"https:\/\/www.isabadell.cat\/opinio\/menys-fotos-i-mes-conveni-per-angels-nunez-cc-oo\/\" target=\"_blank\" rel=\"noreferrer noopener\" class=\"ek-link\">\u2018Menys fotos i m\u00e9s conveni\u2019, per \u00c0ngels N\u00fa\u00f1ez (CC.OO)<\/a><\/strong><a aria-label=\"\u2018Menys fotos i m\u00e9s conveni\u2019, per \u00c0ngels N\u00fa\u00f1ez (CC.OO), per \u00c0ngels N\u00fa\u00f1ez (CC.OO) (opens in a new tab)\" href=\"https:\/\/www.isabadell.cat\/opinio\/menys-fotos-i-mes-conveni-per-angels-nunez-cc-oo\/\" target=\"_blank\" rel=\"noreferrer noopener\" class=\"ek-link\">, per \u00c0ngels N\u00fa\u00f1ez (CC.OO)<\/a><br><strong>ISabadell.cat |<\/strong> 8 de febrer de 2023<\/p>\n\n<\/div><\/div>\n\n<div class=\"gb-grid-column gb-grid-column-6b70a587\"><div class=\"gb-container gb-container-6b70a587\">\n\n<p><a href=\"https:\/\/www.isabadell.cat\/opinio\/carta-oberta-al-sr-lluis-matas-portaveu-del-grup-municipal-de-junts-per-sabadell-per-angels-nunez-cc-oo\/\" target=\"_blank\" aria-label=\" (opens in a new tab)\" rel=\"noreferrer noopener\" class=\"ek-link\"><strong>\u2018Carta oberta al Sr. Llu\u00eds Matas, portaveu del grup municipal de Junts per Sabadell\u2019<\/strong>, per \u00c0ngels N\u00fa\u00f1ez (CC.OO)<\/a><br><strong>ISabadell.cat |<\/strong> 11 de novembre de 2022<\/p>\n\n<\/div><\/div>\n\n<div class=\"gb-grid-column gb-grid-column-974b1783\"><div class=\"gb-container gb-container-974b1783\">\n\n<div style=\"height:15px\" aria-hidden=\"true\" class=\"wp-block-spacer\"><\/div>\n\n\n\n<figure class=\"wp-block-image size-large\"><a href=\"https:\/\/www.isabadell.cat\/opinio\/el-perill-de-banalitzar-la-corrupcio-politica-per-angels-nunez-ccoo\/\" target=\"_blank\" rel=\"noreferrer noopener\"><img decoding=\"async\" src=\"https:\/\/www.isabadell.cat\/wp-content\/uploads\/2018\/11\/DSC_9977a.jpg\" alt=\"\" \/><\/a><\/figure>\n\n<\/div><\/div>\n\n<div class=\"gb-grid-column gb-grid-column-2b6f0bb7\"><div class=\"gb-container gb-container-2b6f0bb7\">\n\n<div style=\"height:15px\" aria-hidden=\"true\" class=\"wp-block-spacer\"><\/div>\n\n\n\n<figure class=\"wp-block-image size-large\"><a href=\"https:\/\/www.isabadell.cat\/opinio\/de-situacions-limits-i-oportunitats-perdudes-per-angels-nunez-cc-oo\/\" target=\"_blank\" rel=\"noreferrer noopener\"><img decoding=\"async\" src=\"https:\/\/www.isabadell.cat\/wp-content\/uploads\/2021\/08\/210804-Ajuntament.jpg\" alt=\"\" \/><\/a><\/figure>\n\n<\/div><\/div>\n\n<div class=\"gb-grid-column gb-grid-column-3a8adcc7\"><div class=\"gb-container gb-container-3a8adcc7\">\n\n<p><a href=\"https:\/\/www.isabadell.cat\/opinio\/el-perill-de-banalitzar-la-corrupcio-politica-per-angels-nunez-ccoo\/\" target=\"_blank\" aria-label=\"\u2018El perill de banalitzar la corrupci\u00f3 pol\u00edtica\u2019, per \u00c0ngels N\u00fa\u00f1ez (CC.OO) (opens in a new tab)\" rel=\"noreferrer noopener\" class=\"ek-link\"><strong>\u2018El perill de banalitzar la corrupci\u00f3 pol\u00edtica\u2019, <\/strong>per \u00c0ngels N\u00fa\u00f1ez (CC.OO)<\/a><br><strong>ISabadell.cat |<\/strong> 11 de gener de 2022<\/p>\n\n<\/div><\/div>\n\n<div class=\"gb-grid-column gb-grid-column-201a605a\"><div class=\"gb-container gb-container-201a605a\">\n\n<p><a aria-label=\"\u2018De situacions l\u00edmits i oportunitats perdudes\u2019, per \u00c0ngels N\u00fa\u00f1ez (CC.OO) (opens in a new tab)\" href=\"https:\/\/www.isabadell.cat\/opinio\/de-situacions-limits-i-oportunitats-perdudes-per-angels-nunez-cc-oo\/\" target=\"_blank\" rel=\"noreferrer noopener\" class=\"ek-link\"><strong>\u2018De situacions l\u00edmits i oportunitats perdudes\u2019<\/strong>, per \u00c0ngels N\u00fa\u00f1ez (CC.OO)<\/a><br><strong>ISabadell.cat |<\/strong> 14 de novembre de 2021<\/p>\n\n<\/div><\/div>\n<\/div>","protected":false},"excerpt":{"rendered":"","protected":false},"author":5259,"featured_media":0,"parent":9577,"menu_order":14,"comment_status":"closed","ping_status":"closed","template":"","meta":{"footnotes":""},"class_list":["post-9942","page","type-page","status-publish"],"_links":{"self":[{"href":"https:\/\/ccoo.app\/aj-sabadell\/wp-json\/wp\/v2\/pages\/9942","targetHints":{"allow":["GET"]}}],"collection":[{"href":"https:\/\/ccoo.app\/aj-sabadell\/wp-json\/wp\/v2\/pages"}],"about":[{"href":"https:\/\/ccoo.app\/aj-sabadell\/wp-json\/wp\/v2\/types\/page"}],"author":[{"embeddable":true,"href":"https:\/\/ccoo.app\/aj-sabadell\/wp-json\/wp\/v2\/users\/5259"}],"replies":[{"embeddable":true,"href":"https:\/\/ccoo.app\/aj-sabadell\/wp-json\/wp\/v2\/comments?post=9942"}],"version-history":[{"count":5,"href":"https:\/\/ccoo.app\/aj-sabadell\/wp-json\/wp\/v2\/pages\/9942\/revisions"}],"predecessor-version":[{"id":10026,"href":"https:\/\/ccoo.app\/aj-sabadell\/wp-json\/wp\/v2\/pages\/9942\/revisions\/10026"}],"up":[{"embeddable":true,"href":"https:\/\/ccoo.app\/aj-sabadell\/wp-json\/wp\/v2\/pages\/9577"}],"wp:attachment":[{"href":"https:\/\/ccoo.app\/aj-sabadell\/wp-json\/wp\/v2\/media?parent=9942"}],"curies":[{"name":"wp","href":"https:\/\/api.w.org\/{rel}","templated":true}]}}