{"id":9866,"date":"2023-02-24T14:45:20","date_gmt":"2023-02-24T13:45:20","guid":{"rendered":"https:\/\/ccoo.app\/aj-sabadell\/?page_id=9866"},"modified":"2023-02-27T14:47:22","modified_gmt":"2023-02-27T13:47:22","slug":"ccoo-i-els-plans-destabilitzacio-a-lajuntament","status":"publish","type":"page","link":"https:\/\/ccoo.app\/aj-sabadell\/sabies-que-2023\/ccoo-i-els-plans-destabilitzacio-a-lajuntament\/","title":{"rendered":"CCOO i els Plans d&#8217;estabilitzaci\u00f3 a l&#8217;Ajuntament:"},"content":{"rendered":"<div class=\"gb-grid-wrapper gb-grid-wrapper-7cab9c54\">\n<div class=\"gb-grid-column gb-grid-column-312dc757\"><div class=\"gb-container gb-container-312dc757\"><div class=\"gb-inside-container\">\n\n<p>Els Plans d&#8217;estabilitzaci\u00f3 del personal inter\u00ed ha estat un dels temes principals i importants dintre d&#8217;aquest per\u00edode d&#8217;activitat sindical que resumim:<\/p>\n<ol>\n<li>Es va iniciar al 3 de juny de 2020 amb l&#8217;esperada sent\u00e8ncia del Tribunal de Just\u00edcia de la Uni\u00f3 Europea (TJUE) on es reconeixeria que les administracions p\u00fabliques espanyoles havien fet ab\u00fas de la temporalitat amb la \ufb01gura dels interins<\/li>\n<li>Es concreta el 2 de desembre de 2021 quan el Ple de Congr\u00e9s aprova el Projecte de Llei de mesures urgents per reduir la temporalitat a l&#8217;ocupaci\u00f3 p\u00fablica. La norma prov\u00e9 del Reial decret llei 14\/2021 aprovat en el mes de juliol del mateix any i el text havia estat negociat en la Mesa General de Negociaci\u00f3 amb els sindicats CCOO, UGT i CSIF.<\/li>\n<\/ol>\n<p>Des de la secci\u00f3 sindical, i durant tot aquest per\u00edode, no hem deixat de publicar notes informatives, comunicats i \ufb01txes sindicals, ni de respondre a tots els mails i les consultes que les treballadores i treballadors ens heu anat fent. I podem assegurar que han estat moltes.<\/p>\n<p>Tamb\u00e9 hem fet assemblees generals de treballadors i treballadores com tamb\u00e9 sectorials.<\/p>\n<p>Com sabeu ara comencem el per\u00edode d&#8217;activaci\u00f3 de tots els processos d\u2019estabilitzaci\u00f3 i que es tancaran el 2024. Des d&#8217;aquesta secci\u00f3 sindical de CCOO no deixarem de comunicar i informar a la plantilla municipal de les novetats que es vagin produint aix\u00ed com vetllar pel desenvolupament de tot el proc\u00e9s.<\/p>\n\n<\/div><\/div><\/div>\n\n<div class=\"gb-grid-column gb-grid-column-23b71727\"><div class=\"gb-container gb-container-23b71727\"><div class=\"gb-inside-container\">\n\n<figure class=\"wp-block-image size-large\"><img loading=\"lazy\" decoding=\"async\" width=\"753\" height=\"1024\" src=\"https:\/\/ccoo.app\/aj-sabadell\/wp-content\/blogs.dir\/6\/files\/sites\/144\/2023\/02\/assembleaoberta-753x1024.png\" alt=\"Assembleaoberta\" class=\"wp-image-9869\" srcset=\"https:\/\/ccoo.app\/aj-sabadell\/wp-content\/blogs.dir\/6\/files\/sites\/144\/2023\/02\/assembleaoberta-753x1024.png 753w, https:\/\/ccoo.app\/aj-sabadell\/wp-content\/blogs.dir\/6\/files\/sites\/144\/2023\/02\/assembleaoberta-221x300.png 221w, https:\/\/ccoo.app\/aj-sabadell\/wp-content\/blogs.dir\/6\/files\/sites\/144\/2023\/02\/assembleaoberta-768x1044.png 768w, https:\/\/ccoo.app\/aj-sabadell\/wp-content\/blogs.dir\/6\/files\/sites\/144\/2023\/02\/assembleaoberta-1130x1536.png 1130w, https:\/\/ccoo.app\/aj-sabadell\/wp-content\/blogs.dir\/6\/files\/sites\/144\/2023\/02\/assembleaoberta-1506x2048.png 1506w, https:\/\/ccoo.app\/aj-sabadell\/wp-content\/blogs.dir\/6\/files\/sites\/144\/2023\/02\/assembleaoberta.png 1733w\" sizes=\"auto, (max-width: 753px) 100vw, 753px\" \/><\/figure>\n\n<\/div><\/div><\/div>\n<\/div>\n\n\n<p><\/p>\n","protected":false},"excerpt":{"rendered":"","protected":false},"author":5259,"featured_media":0,"parent":9577,"menu_order":7,"comment_status":"closed","ping_status":"closed","template":"","meta":{"footnotes":""},"class_list":["post-9866","page","type-page","status-publish"],"_links":{"self":[{"href":"https:\/\/ccoo.app\/aj-sabadell\/wp-json\/wp\/v2\/pages\/9866","targetHints":{"allow":["GET"]}}],"collection":[{"href":"https:\/\/ccoo.app\/aj-sabadell\/wp-json\/wp\/v2\/pages"}],"about":[{"href":"https:\/\/ccoo.app\/aj-sabadell\/wp-json\/wp\/v2\/types\/page"}],"author":[{"embeddable":true,"href":"https:\/\/ccoo.app\/aj-sabadell\/wp-json\/wp\/v2\/users\/5259"}],"replies":[{"embeddable":true,"href":"https:\/\/ccoo.app\/aj-sabadell\/wp-json\/wp\/v2\/comments?post=9866"}],"version-history":[{"count":4,"href":"https:\/\/ccoo.app\/aj-sabadell\/wp-json\/wp\/v2\/pages\/9866\/revisions"}],"predecessor-version":[{"id":9966,"href":"https:\/\/ccoo.app\/aj-sabadell\/wp-json\/wp\/v2\/pages\/9866\/revisions\/9966"}],"up":[{"embeddable":true,"href":"https:\/\/ccoo.app\/aj-sabadell\/wp-json\/wp\/v2\/pages\/9577"}],"wp:attachment":[{"href":"https:\/\/ccoo.app\/aj-sabadell\/wp-json\/wp\/v2\/media?parent=9866"}],"curies":[{"name":"wp","href":"https:\/\/api.w.org\/{rel}","templated":true}]}}