{"id":9743,"date":"2023-02-24T09:37:26","date_gmt":"2023-02-24T08:37:26","guid":{"rendered":"https:\/\/ccoo.app\/aj-sabadell\/?page_id=9743"},"modified":"2023-02-24T14:15:40","modified_gmt":"2023-02-24T13:15:40","slug":"ccoo-hem-estat-sempre-vigilants","status":"publish","type":"page","link":"https:\/\/ccoo.app\/aj-sabadell\/sabies-que-2023\/ccoo-hem-estat-sempre-vigilants\/","title":{"rendered":"CCOO hem estat sempre vigilants:"},"content":{"rendered":"<div class=\"gb-grid-wrapper gb-grid-wrapper-89690b15\">\n<div class=\"gb-grid-column gb-grid-column-8332196c\"><div class=\"gb-container gb-container-8332196c\"><div class=\"gb-inside-container\">\n\n<h3><span style=\"color: #800000\">Sempre vigilants:<\/span><\/h3>\n<ul>\n<li><strong>Per la correcta aplicaci\u00f3 dels augments salarials <\/strong>tant dels derivats dels pressupostos generals de l&#8217;Estat, com de la paga d&#8217;assist\u00e8ncia. Hem fet la nostra funci\u00f3 de control informant amb una desena d&#8217;articles de quan es cobraven i de les quantitats. Fent en alguna ocasi\u00f3 una aplicaci\u00f3 interactiva on cada treballadora i treballadora podia consultar de manera individual les seves<\/li>\n<li><strong>Seguiment acurat en temes de plantilla, processos selectius i relaci\u00f3 de llocs de treball<\/strong>, proposant canvis i millores aix\u00ed com al\u00b7legacions a propostes municipals<\/li>\n<li><strong>Seguiment actiu de l&#8217;oferta p\u00fablica d&#8217;ocupaci\u00f3<\/strong>, fent tamb\u00e9 propostes i al\u00b7legacions quan ha estat necessari<\/li>\n<li><strong>Administraci\u00f3 electr\u00f2nica i bretxa digital. <\/strong>Ho diem aqu\u00ed i ho v\u00e0rem dir en una nota sindical, a l&#8217;Ajuntament de Sabadell al segle XXI encara hi ha personal municipal discriminat per la bretxa digital perqu\u00e8 no disposen ni dels equips necessaris, ni dels accessos t\u00e8cnics i tampoc, moltes vegades, de les compet\u00e8ncies digitals<\/li>\n<li><strong>Sobre l&#8217;\u00fas del correu electr\u00f2nic particular per temes laborals. <\/strong>Una altra iniciativa generada pels responsables de Recursos humans i que el Tribunal Suprem ha deixat clar que no existeix obligaci\u00f3 de la persona treballadora a facilitar a l&#8217;empresa el correu electr\u00f2nic personal ni tampoc el n\u00famero de seu m\u00f2bil, per ser un tema abusiu i contrari a la Llei Org\u00e0nica de protecci\u00f3 de dades de car\u00e0cter personal<\/li>\n<li><strong>Per l&#8217;aplicaci\u00f3 del Reial decret llei 6\/2019 <\/strong>de mesures urgents per a la garantia de la igualtat de tracte i d&#8217;oportunitats entre homes i dones en l&#8217;ocupaci\u00f3. Juny\/juliol de 2019.<\/li>\n<\/ul>\n\n<\/div><\/div><\/div>\n\n<div class=\"gb-grid-column gb-grid-column-9540efec\"><div class=\"gb-container gb-container-9540efec\"><div class=\"gb-inside-container\">\n\n<p class=\"has-text-color has-medium-font-size\" style=\"color:#c70909\"><strong>CCOO hem estat sempre vigilants, atents i reivindicant perqu\u00e8 l&#8217;Ajuntament compleixi les condicions laborals.<\/strong><\/p>\n\n\n\n<p class=\"has-text-color has-medium-font-size\" style=\"color:#c70909\"><strong>Negociant millores per la defensa de tothom<\/strong><\/p>\n\n\n\n<figure class=\"wp-block-image size-large\"><img loading=\"lazy\" decoding=\"async\" width=\"467\" height=\"1024\" src=\"https:\/\/ccoo.app\/aj-sabadell\/wp-content\/blogs.dir\/6\/files\/sites\/144\/2023\/02\/page02-800-467x1024.jpg\" alt=\"Page02 800\" class=\"wp-image-9728\" srcset=\"https:\/\/ccoo.app\/aj-sabadell\/wp-content\/blogs.dir\/6\/files\/sites\/144\/2023\/02\/page02-800-467x1024.jpg 467w, https:\/\/ccoo.app\/aj-sabadell\/wp-content\/blogs.dir\/6\/files\/sites\/144\/2023\/02\/page02-800-137x300.jpg 137w, https:\/\/ccoo.app\/aj-sabadell\/wp-content\/blogs.dir\/6\/files\/sites\/144\/2023\/02\/page02-800-768x1684.jpg 768w, https:\/\/ccoo.app\/aj-sabadell\/wp-content\/blogs.dir\/6\/files\/sites\/144\/2023\/02\/page02-800-701x1536.jpg 701w, https:\/\/ccoo.app\/aj-sabadell\/wp-content\/blogs.dir\/6\/files\/sites\/144\/2023\/02\/page02-800.jpg 800w\" sizes=\"auto, (max-width: 467px) 100vw, 467px\" \/><\/figure>\n\n<\/div><\/div><\/div>\n<\/div>","protected":false},"excerpt":{"rendered":"","protected":false},"author":5259,"featured_media":0,"parent":9577,"menu_order":1,"comment_status":"closed","ping_status":"closed","template":"","meta":{"footnotes":""},"class_list":["post-9743","page","type-page","status-publish"],"_links":{"self":[{"href":"https:\/\/ccoo.app\/aj-sabadell\/wp-json\/wp\/v2\/pages\/9743","targetHints":{"allow":["GET"]}}],"collection":[{"href":"https:\/\/ccoo.app\/aj-sabadell\/wp-json\/wp\/v2\/pages"}],"about":[{"href":"https:\/\/ccoo.app\/aj-sabadell\/wp-json\/wp\/v2\/types\/page"}],"author":[{"embeddable":true,"href":"https:\/\/ccoo.app\/aj-sabadell\/wp-json\/wp\/v2\/users\/5259"}],"replies":[{"embeddable":true,"href":"https:\/\/ccoo.app\/aj-sabadell\/wp-json\/wp\/v2\/comments?post=9743"}],"version-history":[{"count":5,"href":"https:\/\/ccoo.app\/aj-sabadell\/wp-json\/wp\/v2\/pages\/9743\/revisions"}],"predecessor-version":[{"id":9819,"href":"https:\/\/ccoo.app\/aj-sabadell\/wp-json\/wp\/v2\/pages\/9743\/revisions\/9819"}],"up":[{"embeddable":true,"href":"https:\/\/ccoo.app\/aj-sabadell\/wp-json\/wp\/v2\/pages\/9577"}],"wp:attachment":[{"href":"https:\/\/ccoo.app\/aj-sabadell\/wp-json\/wp\/v2\/media?parent=9743"}],"curies":[{"name":"wp","href":"https:\/\/api.w.org\/{rel}","templated":true}]}}