{"id":25,"date":"2020-02-13T13:17:50","date_gmt":"2020-02-13T18:17:50","guid":{"rendered":"https:\/\/gpsites.co\/read\/?page_id=25"},"modified":"2026-04-23T19:30:18","modified_gmt":"2026-04-23T17:30:18","slug":"home","status":"publish","type":"page","link":"https:\/\/ccoo.app\/agrupacio-policialocal\/","title":{"rendered":"Inicio"},"content":{"rendered":"\n<div class=\"wp-block-cover alignfull is-light\" style=\"min-height:400px;aspect-ratio:unset;\"><img loading=\"lazy\" decoding=\"async\" width=\"1024\" height=\"768\" class=\"wp-block-cover__image-background wp-image-6684 size-large\" alt=\"\" src=\"https:\/\/ccoo.app\/agrupacio-policialocal\/wp-content\/blogs.dir\/6\/files\/sites\/152\/2026\/04\/IMG_4741-1024x768.jpeg\" data-object-fit=\"cover\" srcset=\"https:\/\/ccoo.app\/agrupacio-policialocal\/wp-content\/blogs.dir\/6\/files\/sites\/152\/2026\/04\/IMG_4741-1024x768.jpeg 1024w, https:\/\/ccoo.app\/agrupacio-policialocal\/wp-content\/blogs.dir\/6\/files\/sites\/152\/2026\/04\/IMG_4741-300x225.jpeg 300w, https:\/\/ccoo.app\/agrupacio-policialocal\/wp-content\/blogs.dir\/6\/files\/sites\/152\/2026\/04\/IMG_4741-768x576.jpeg 768w, https:\/\/ccoo.app\/agrupacio-policialocal\/wp-content\/blogs.dir\/6\/files\/sites\/152\/2026\/04\/IMG_4741-1536x1152.jpeg 1536w, https:\/\/ccoo.app\/agrupacio-policialocal\/wp-content\/blogs.dir\/6\/files\/sites\/152\/2026\/04\/IMG_4741-2048x1536.jpeg 2048w\" sizes=\"auto, (max-width: 1024px) 100vw, 1024px\" \/><span aria-hidden=\"true\" class=\"wp-block-cover__background has-background-dim-0 has-background-dim\" style=\"background-color:#887c7a\"><\/span><div class=\"wp-block-cover__inner-container is-layout-flow wp-block-cover-is-layout-flow\">\n<div class=\"wp-block-cover\" style=\"min-height:300px;aspect-ratio:unset;\"><img decoding=\"async\" class=\"wp-block-cover__image-background wp-image-2343\" alt=\"\" src=\"http:\/\/ccoo.app\/wp-content\/blogs.dir\/6\/files\/2021\/01\/Elementos-CCOO-cabecera.png\" data-object-fit=\"cover\" \/><span aria-hidden=\"true\" class=\"wp-block-cover__background has-background-dim-0 has-background-dim\"><\/span><div class=\"wp-block-cover__inner-container is-layout-flow wp-block-cover-is-layout-flow\">\n<div class=\"wp-block-group\"><div class=\"wp-block-group__inner-container is-layout-flow wp-block-group-is-layout-flow\">\n<h1 class=\"wp-block-heading has-text-align-center has-base-3-color has-text-color\" id=\"seccion-sindical\" style=\"font-size:44px\">Agrupaci\u00f3 Policia  Local<\/h1>\n\n\n\n<div class=\"wp-block-columns is-layout-flex wp-container-core-columns-is-layout-9d6595d7 wp-block-columns-is-layout-flex\">\n<div class=\"wp-block-column is-layout-flow wp-block-column-is-layout-flow\" style=\"flex-basis:15%\"><\/div>\n\n\n\n<div class=\"wp-block-column is-layout-flow wp-block-column-is-layout-flow\" style=\"flex-basis:70%\"><div class=\"gb-container gb-container-654892ad\">\n\n<p class=\"has-base-3-color has-text-color has-link-color has-medium-font-size wp-elements-010e5fd358d17deffea42bd24f1e2706\">L&#8217;agrupaci\u00f3 de Policies Locals de Catalunya, com a part integrant de CCOO, un sindicat de classe amb una clara identificaci\u00f3 socio-po\u00edtica, volem defensar els drets col\u00b7lectius, fomentar la participaci\u00f3 de les nostres afiliades i afiliats i ens comprometem a ser transparents, \u00e8tics i a traslladar tota la informaci\u00f3 a totes i a tots els nostres integrants.<\/p>\n\n<\/div><\/div>\n\n\n\n<div class=\"wp-block-column is-layout-flow wp-block-column-is-layout-flow\" style=\"flex-basis:15%\"><\/div>\n<\/div>\n<\/div><\/div>\n\n\n\n<p class=\"has-text-align-center has-large-font-size\"><\/p>\n<\/div><\/div>\n<\/div><\/div>\n\n\n\n<div style=\"height:42px\" aria-hidden=\"true\" class=\"wp-block-spacer\"><\/div>\n\n\n\n<div class=\"wp-block-columns is-layout-flex wp-container-core-columns-is-layout-9d6595d7 wp-block-columns-is-layout-flex\">\n<div class=\"wp-block-column is-layout-flow wp-block-column-is-layout-flow\"><div class=\"wp-block-image\">\n<figure class=\"aligncenter size-large\"><a href=\"https:\/\/www.ccoo.cat\/convenis\"><img decoding=\"async\" src=\"https:\/\/ccoo.app\/wp-content\/blogs.dir\/6\/files\/2021\/01\/ACUERDOS-Y-CONVENIOS.svg\" alt=\"\" class=\"wp-image-2351\" \/><\/a><\/figure>\n<\/div>\n\n\n<div style=\"height:25px\" aria-hidden=\"true\" class=\"wp-block-spacer\"><\/div>\n\n\n\n<h2 class=\"wp-block-heading has-text-align-center\" id=\"acuerdos-y-convenios\">Acords i Convenis<\/h2>\n\n\n\n<p><\/p>\n<\/div>\n\n\n\n<div class=\"wp-block-column is-layout-flow wp-block-column-is-layout-flow\"><div class=\"wp-block-image\">\n<figure class=\"aligncenter size-large\"><a href=\"https:\/\/cido.diba.cat\/\"><img decoding=\"async\" src=\"https:\/\/ccoo.app\/wp-content\/blogs.dir\/6\/files\/2021\/01\/PERMISOS.svg\" alt=\"\" class=\"wp-image-2352\" \/><\/a><\/figure>\n<\/div>\n\n\n<div style=\"height:25px\" aria-hidden=\"true\" class=\"wp-block-spacer\"><\/div>\n\n\n\n<h2 class=\"wp-block-heading has-text-align-center\" id=\"permisos\">Oposicions<\/h2>\n\n\n\n<p><\/p>\n<\/div>\n\n\n\n<div class=\"wp-block-column is-layout-flow wp-block-column-is-layout-flow\"><div class=\"wp-block-image\">\n<figure class=\"aligncenter size-large\"><a href=\"https:\/\/www.ccoo.cat\/fsc\/formacio-fsc\/\"><img decoding=\"async\" src=\"https:\/\/ccoo.app\/wp-content\/blogs.dir\/6\/files\/2021\/01\/AYUDAS-SOCIALES.svg\" alt=\"\" class=\"wp-image-2353\" \/><\/a><\/figure>\n<\/div>\n\n\n<div style=\"height:25px\" aria-hidden=\"true\" class=\"wp-block-spacer\"><\/div>\n\n\n\n<h2 class=\"wp-block-heading has-text-align-center\" id=\"ayudas-sociales\">Formaci\u00f3<\/h2>\n\n\n\n<p><\/p>\n<\/div>\n<\/div>\n\n\n\n<div style=\"height:53px\" aria-hidden=\"true\" class=\"wp-block-spacer\"><\/div>\n\n\n\n<div class=\"wp-block-columns is-layout-flex wp-container-core-columns-is-layout-9d6595d7 wp-block-columns-is-layout-flex\">\n<div class=\"wp-block-column is-layout-flow wp-block-column-is-layout-flow\"><\/div>\n\n\n\n<div class=\"wp-block-column is-layout-flow wp-block-column-is-layout-flow\">\n<h2 class=\"wp-block-heading\">     Darreres not\u00edcies<\/h2>\n\n\n\n<figure class=\"wp-block-image size-large barra-decoracion\"><img decoding=\"async\" src=\"https:\/\/ccoo.app\/wp-content\/blogs.dir\/6\/files\/2021\/01\/Rectangle-126.svg\" alt=\"\" class=\"wp-image-2357\" \/><\/figure>\n<\/div>\n\n\n\n<div class=\"wp-block-column is-layout-flow wp-block-column-is-layout-flow\"><\/div>\n<\/div>\n\n\n\n<div style=\"height:34px\" aria-hidden=\"true\" class=\"wp-block-spacer\"><\/div>\n\n\n<ul class=\"wp-block-latest-posts__list wp-block-latest-posts\"><li><a class=\"wp-block-latest-posts__post-title\" href=\"https:\/\/ccoo.app\/agrupacio-policialocal\/el-proper-20-de-marc-es-fara-la-conferencia-de-lapl-2025\/\">EL PROPER 20 DE MAR\u00c7 ES FAR\u00c0 LA CONFERENCIA DE L\u2019APL 2025<\/a><div class=\"wp-block-latest-posts__post-excerpt\">El proper dijous, dia 20 de mar\u00e7, es celebrar\u00e0, a la sala 45 de la Seu de CCOO de Via Laietana, la confer\u00e8ncia de l\u2019Agrupaci\u00f3 de Policies Locals de Catalunya (APL), que culminar\u00e0 el proc\u00e9s d\u2019elecci\u00f3 del nou coordinador o coordinadora de l\u2019agrupaci\u00f3 i&nbsp; de l\u2019\u00f2rgan de coordinaci\u00f3 que governaran l\u2019APL des del 2025 al &#8230; <a title=\"EL PROPER 20 DE MAR\u00c7 ES FAR\u00c0 LA CONFERENCIA DE L\u2019APL 2025\" class=\"read-more\" href=\"https:\/\/ccoo.app\/agrupacio-policialocal\/el-proper-20-de-marc-es-fara-la-conferencia-de-lapl-2025\/\" aria-label=\"Leer m\u00e1s sobre EL PROPER 20 DE MAR\u00c7 ES FAR\u00c0 LA CONFERENCIA DE L\u2019APL 2025\">Leer m\u00e1s<\/a><\/div><\/li>\n<li><div class=\"wp-block-latest-posts__featured-image alignleft\"><img loading=\"lazy\" decoding=\"async\" width=\"150\" height=\"150\" src=\"https:\/\/ccoo.app\/agrupacio-policialocal\/wp-content\/blogs.dir\/6\/files\/sites\/152\/2025\/01\/unnamed-1-150x150.jpg\" class=\"attachment-thumbnail size-thumbnail wp-post-image\" alt=\"\" style=\"\" srcset=\"https:\/\/ccoo.app\/agrupacio-policialocal\/wp-content\/blogs.dir\/6\/files\/sites\/152\/2025\/01\/unnamed-1-150x150.jpg 150w, https:\/\/ccoo.app\/agrupacio-policialocal\/wp-content\/blogs.dir\/6\/files\/sites\/152\/2025\/01\/unnamed-1-300x300.jpg 300w, https:\/\/ccoo.app\/agrupacio-policialocal\/wp-content\/blogs.dir\/6\/files\/sites\/152\/2025\/01\/unnamed-1-400x400.jpg 400w, https:\/\/ccoo.app\/agrupacio-policialocal\/wp-content\/blogs.dir\/6\/files\/sites\/152\/2025\/01\/unnamed-1-600x600.jpg 600w\" sizes=\"auto, (max-width: 150px) 100vw, 150px\" \/><\/div><a class=\"wp-block-latest-posts__post-title\" href=\"https:\/\/ccoo.app\/agrupacio-policialocal\/el-coordinador-de-lapl-de-ccoo-de-catalunya-es-reuneix-amb-el-director-de-les-policies-locals-de-catalunya-en-daniel-limones\/\">EL COORDINADOR DE L\u2019APL DE CCOO DE CATALUNYA ES REUNEIX AMB EL DIRECTOR DE LES POLICIES LOCALS DE CATALUNYA EN DANIEL LIMONES<\/a><div class=\"wp-block-latest-posts__post-excerpt\">Reuni\u00f3 del Coordinador i l&#8217;\u00f2rgan de coordinaci\u00f3 de l&#8217;APL amb el Director de les Policies Locals de Catalunya en Daniel Limones.<\/div><\/li>\n<li><div class=\"wp-block-latest-posts__featured-image alignleft\"><img loading=\"lazy\" decoding=\"async\" width=\"150\" height=\"150\" src=\"https:\/\/ccoo.app\/agrupacio-policialocal\/wp-content\/blogs.dir\/6\/files\/sites\/152\/2022\/03\/portada-jurisprodencia-150x150.png\" class=\"attachment-thumbnail size-thumbnail wp-post-image\" alt=\"Portada Jurisprod\u00e8ncia\" style=\"\" \/><\/div><a class=\"wp-block-latest-posts__post-title\" href=\"https:\/\/ccoo.app\/agrupacio-policialocal\/sentencia-estimatoria-per-cobrar-els-festius-en-el-periode-de-vacances\/\">Sent\u00e8ncia\u00a0estimat\u00f2ria\u00a0per cobrar els festius en el\u00a0per\u00edode\u00a0de vacances.<\/a><div class=\"wp-block-latest-posts__post-excerpt\">Sent\u00e8ncia\u00a0estimat\u00f2ria\u00a0per cobrar els festius en el\u00a0per\u00edode\u00a0de vacances.<\/div><\/li>\n<li><div class=\"wp-block-latest-posts__featured-image alignleft\"><img loading=\"lazy\" decoding=\"async\" width=\"150\" height=\"150\" src=\"https:\/\/ccoo.app\/agrupacio-policialocal\/wp-content\/blogs.dir\/6\/files\/sites\/152\/2022\/03\/portada-jurisprodencia-150x150.png\" class=\"attachment-thumbnail size-thumbnail wp-post-image\" alt=\"Portada Jurisprod\u00e8ncia\" style=\"\" \/><\/div><a class=\"wp-block-latest-posts__post-title\" href=\"https:\/\/ccoo.app\/agrupacio-policialocal\/nota-reconeixement-temps-cotitzat-com-interins\/\">Nota reconeixement temps cotitzat com interins<\/a><div class=\"wp-block-latest-posts__post-excerpt\">Aquesta nota,&nbsp;es&nbsp;fa arran d&#8217;una consulta sobre aquest tema i fa unes&nbsp;consideracions&nbsp;jur\u00eddiques importants per&nbsp;recon\u00e8ixer&nbsp;el temps cotitzat com inter\u00ed, que CCOO ja ha esposat en les taules de&nbsp;negociaci\u00f3&nbsp;dels criteris d&#8217;aplicaci\u00f3 de la Seguretat Social. Hem de tenir en compte que, tot i existir alguna sent\u00e8ncia favorable, actualment, el criteri d&#8217;aplicaci\u00f3 del Decret de la Seguretat Social, no &#8230; <a title=\"Nota reconeixement temps cotitzat com interins\" class=\"read-more\" href=\"https:\/\/ccoo.app\/agrupacio-policialocal\/nota-reconeixement-temps-cotitzat-com-interins\/\" aria-label=\"Leer m\u00e1s sobre Nota reconeixement temps cotitzat com interins\">Leer m\u00e1s<\/a><\/div><\/li>\n<li><div class=\"wp-block-latest-posts__featured-image alignleft\"><img loading=\"lazy\" decoding=\"async\" width=\"150\" height=\"150\" src=\"https:\/\/ccoo.app\/agrupacio-policialocal\/wp-content\/blogs.dir\/6\/files\/sites\/152\/2024\/05\/Invitacio-Plenari-150x150.jpg\" class=\"attachment-thumbnail size-thumbnail wp-post-image\" alt=\"\" style=\"\" \/><\/div><a class=\"wp-block-latest-posts__post-title\" href=\"https:\/\/ccoo.app\/agrupacio-policialocal\/plenari-de-lapl\/\">Plenari de l&#8217;APL<\/a><div class=\"wp-block-latest-posts__post-excerpt\">El passat dia 26 d&#8217;abril l&#8217;Agrupaci\u00f3 de Policies Locals de Catalunya va celebrar un plenari de tots els delegats i delegades de l&#8217;agrupaci\u00f3 en la Sala 11 de la seu de CCOO en Via Laietana. Durant aquest plenari, el seu coordinador Alberto Rubio, va exposar tots els temes que s&#8217;han portat a terme durant aquesta &#8230; <a title=\"Plenari de l&#8217;APL\" class=\"read-more\" href=\"https:\/\/ccoo.app\/agrupacio-policialocal\/plenari-de-lapl\/\" aria-label=\"Leer m\u00e1s sobre Plenari de l&#8217;APL\">Leer m\u00e1s<\/a><\/div><\/li>\n<\/ul>\n\n\n<div class=\"wp-block-buttons is-content-justification-center is-layout-flex wp-container-core-buttons-is-layout-16018d1d wp-block-buttons-is-layout-flex\">\n<div class=\"wp-block-button\"><a class=\"wp-block-button__link wp-element-button\" href=\"https:\/\/ccoo.app\/agrupacio-policialocal\/category\/general\/noticias\/\">M\u00e9s not\u00edcies<\/a><\/div>\n<\/div>\n\n\n\n<div class=\"wp-block-cover alignfull is-light\" style=\"min-height:380px;aspect-ratio:unset;\"><img decoding=\"async\" class=\"wp-block-cover__image-background wp-image-2356\" alt=\"\" src=\"https:\/\/ccoo.app\/wp-content\/blogs.dir\/6\/files\/2021\/01\/fond-hero.svg\" data-object-fit=\"cover\" \/><span aria-hidden=\"true\" class=\"wp-block-cover__background has-background-dim-0 has-background-dim\"><\/span><div class=\"wp-block-cover__inner-container is-layout-flow wp-block-cover-is-layout-flow\">\n<div class=\"wp-block-group\"><div class=\"wp-block-group__inner-container is-layout-flow wp-block-group-is-layout-flow\">\n<div class=\"wp-block-columns is-layout-flex wp-container-core-columns-is-layout-9d6595d7 wp-block-columns-is-layout-flex\">\n<div class=\"wp-block-column is-layout-flow wp-block-column-is-layout-flow\"><div class=\"wp-block-image\">\n<figure class=\"aligncenter size-large is-resized\"><img decoding=\"async\" src=\"https:\/\/ccoo.app\/wp-content\/blogs.dir\/6\/files\/2021\/01\/noticias-ccoo.jpg\" alt=\"\" class=\"wp-image-2358\" style=\"width:397px;height:313px\" \/><\/figure>\n<\/div><\/div>\n\n\n\n<div class=\"wp-block-column is-layout-flow wp-block-column-is-layout-flow\">\n<h2 class=\"wp-block-heading titulo-noticias has-black-color has-text-color\" id=\"descubre-nuestrasultimas-noticias\">Actualitat <\/h2>\n\n\n\n<h2 class=\"wp-block-heading titulo-noticias has-black-color has-text-color\" id=\"descubre-nuestrasultimas-noticias\">administraci\u00f3 local<\/h2>\n\n\n\n<figure class=\"wp-block-image size-large is-resized barra-decoracion\"><img decoding=\"async\" src=\"https:\/\/ccoo.app\/wp-content\/blogs.dir\/6\/files\/2021\/01\/Rectangle-126.svg\" alt=\"\" class=\"wp-image-2357\" style=\"width:281px;height:6px\" \/><\/figure>\n\n\n\n<p class=\"has-black-color has-text-color\">Consulta les darreres noticies del m\u00f3n local a Catalunya<\/p>\n\n\n\n<div class=\"wp-block-buttons is-layout-flex wp-block-buttons-is-layout-flex\">\n<div class=\"wp-block-button\"><a class=\"wp-block-button__link has-white-color has-black-background-color has-text-color has-background no-border-radius wp-element-button\" href=\"https:\/\/fsc-local.ccoo.cat\/\" target=\"_blank\" rel=\"noreferrer noopener\">ACTUALITAT<\/a><\/div>\n<\/div>\n\n\n\n<p class=\"has-black-color has-text-color\"><br><\/p>\n<\/div>\n<\/div>\n<\/div><\/div>\n<\/div><\/div>\n\n\n\n<div style=\"height:40px\" aria-hidden=\"true\" class=\"wp-block-spacer\"><\/div>\n\n\n\n<div class=\"wp-block-columns is-layout-flex wp-container-core-columns-is-layout-9d6595d7 wp-block-columns-is-layout-flex\">\n<div class=\"wp-block-column is-layout-flow wp-block-column-is-layout-flow\">\n<div class=\"wp-block-media-text is-stacked-on-mobile  has-media-on-the-top\"><figure class=\"wp-block-media-text__media\"><img loading=\"lazy\" decoding=\"async\" width=\"296\" height=\"97\" src=\"https:\/\/ccoo.app\/agrupacio-policialocal\/wp-content\/blogs.dir\/6\/files\/sites\/152\/2022\/04\/assegurances_.png\" alt=\"Assegurances \" class=\"wp-image-3125 size-full\" \/><\/figure><div class=\"wp-block-media-text__content\">\n<h2 class=\"wp-block-heading has-text-align-center\">Assegurances<\/h2>\n<\/div><\/div>\n<\/div>\n\n\n\n<div class=\"wp-block-column is-layout-flow wp-block-column-is-layout-flow\">\n<div class=\"wp-block-media-text is-stacked-on-mobile  has-media-on-the-top\"><figure class=\"wp-block-media-text__media\"><img loading=\"lazy\" decoding=\"async\" width=\"296\" height=\"97\" src=\"https:\/\/ccoo.app\/agrupacio-policialocal\/wp-content\/blogs.dir\/6\/files\/sites\/152\/2022\/04\/afiliat.png\" alt=\"Afiliat\" class=\"wp-image-3155 size-full\" \/><\/figure><div class=\"wp-block-media-text__content\">\n<h2 class=\"wp-block-heading has-text-align-center\">Afilia&#8217;t<\/h2>\n<\/div><\/div>\n<\/div>\n<\/div>\n","protected":false},"excerpt":{"rendered":"<p>Acords i Convenis Oposicions Formaci\u00f3 Darreres not\u00edcies Assegurances Afilia&#8217;t<\/p>\n","protected":false},"author":6,"featured_media":0,"parent":0,"menu_order":0,"comment_status":"closed","ping_status":"closed","template":"","meta":{"footnotes":""},"class_list":["post-25","page","type-page","status-publish"],"_links":{"self":[{"href":"https:\/\/ccoo.app\/agrupacio-policialocal\/wp-json\/wp\/v2\/pages\/25","targetHints":{"allow":["GET"]}}],"collection":[{"href":"https:\/\/ccoo.app\/agrupacio-policialocal\/wp-json\/wp\/v2\/pages"}],"about":[{"href":"https:\/\/ccoo.app\/agrupacio-policialocal\/wp-json\/wp\/v2\/types\/page"}],"author":[{"embeddable":true,"href":"https:\/\/ccoo.app\/agrupacio-policialocal\/wp-json\/wp\/v2\/users\/6"}],"replies":[{"embeddable":true,"href":"https:\/\/ccoo.app\/agrupacio-policialocal\/wp-json\/wp\/v2\/comments?post=25"}],"version-history":[{"count":5,"href":"https:\/\/ccoo.app\/agrupacio-policialocal\/wp-json\/wp\/v2\/pages\/25\/revisions"}],"predecessor-version":[{"id":6688,"href":"https:\/\/ccoo.app\/agrupacio-policialocal\/wp-json\/wp\/v2\/pages\/25\/revisions\/6688"}],"wp:attachment":[{"href":"https:\/\/ccoo.app\/agrupacio-policialocal\/wp-json\/wp\/v2\/media?parent=25"}],"curies":[{"name":"wp","href":"https:\/\/api.w.org\/{rel}","templated":true}]}}